000
CDUS43 KGLD 080050
CLIGLD

CLIMATE REPORT
NATIONAL WEATHER SERVICE GOODLAND
648 PM MDT TUE APR 7 2015

...................................

...THE GOODLAND KS CLIMATE SUMMARY FOR APRIL 7 2015...
VALID TODAY AS OF 0600 PM LOCAL TIME.

CLIMATE NORMAL PERIOD 1981 TO 2010
CLIMATE RECORD PERIOD 1895 TO 2015

WEATHER ITEM   OBSERVED TIME   RECORD YEAR NORMAL DEPARTURE LAST
                VALUE   (LST)  VALUE       VALUE  FROM      YEAR
                                                  NORMAL
..................................................................
TEMPERATURE (F)
 TODAY
  MAXIMUM         65    340 PM  87    1978  61      4       56
  MINIMUM         44    719 AM  12    1997  32     12       26
  AVERAGE         55                        46      9       41

PRECIPITATION (IN)
  TODAY            0.00          1.53 1915   0.05  -0.05     0.01
  MONTH TO DATE    0.57                      0.30   0.27     0.16
  SINCE MAR 1      0.68                      1.37  -0.69     0.58
  SINCE JAN 1      1.76                      2.24  -0.48     1.52

SNOWFALL (IN)
  TODAY            0.0                       0.2   -0.2       T
  MONTH TO DATE    2.0                       1.5    0.5       T
  SINCE MAR 1      2.6                       8.3   -5.7      3.5
  SINCE JUL 1     24.7                      32.3   -7.6     28.7
  SNOW DEPTH       0

DEGREE DAYS
 HEATING
  TODAY           10                        19     -9       24
  MONTH TO DATE   84                       136    -52      161
  SINCE MAR 1    649                       894   -245      929
  SINCE JUL 1   4864                      5311   -447     5473

 COOLING
  TODAY            0                         0      0        0
  MONTH TO DATE    0                         0      0        0
  SINCE MAR 1      0                         0      0        0
  SINCE JAN 1      0                         0      0        0
..................................................................

WIND (MPH)
  HIGHEST WIND SPEED    18   HIGHEST WIND DIRECTION     E (80)
  HIGHEST GUST SPEED    23   HIGHEST GUST DIRECTION     N (10)
  AVERAGE WIND SPEED    10.4


SKY COVER
  AVERAGE SKY COVER 0.7


WEATHER CONDITIONS
 THE FOLLOWING WEATHER WAS RECORDED TODAY.
  FOG
  FOG W/VISIBILITY <= 1/4 MILE


RELATIVE HUMIDITY (PERCENT)
 HIGHEST   100          1200 AM
 LOWEST     48           200 PM
 AVERAGE    74

..........................................................


THE GOODLAND KS CLIMATE NORMALS FOR TOMORROW
                         NORMAL    RECORD    YEAR
 MAXIMUM TEMPERATURE (F)   61        82      2011
                                             1930
 MINIMUM TEMPERATURE (F)   32        12      1973
                                             1957
                                             1914


SUNRISE AND SUNSET
APRIL  7 2015.........SUNRISE   622 AM MDT   SUNSET   716 PM MDT
APRIL  8 2015.........SUNRISE   621 AM MDT   SUNSET   717 PM MDT


-  INDICATES NEGATIVE NUMBERS.
R  INDICATES RECORD WAS SET OR TIED.
MM INDICATES DATA IS MISSING.
T  INDICATES TRACE AMOUNT.

&&

THE AVERAGE SOIL TEMPERATURE AT THE FOUR INCH DEPTH... 52

$$
