000
CDUS43 KGLD 250752
CLIGLD

CLIMATE REPORT
NATIONAL WEATHER SERVICE GOODLAND
148 AM MDT SAT APR 25 2015

...................................

...THE GOODLAND KS CLIMATE SUMMARY FOR APRIL 24 2015...

CLIMATE NORMAL PERIOD 1981 TO 2010
CLIMATE RECORD PERIOD 1895 TO 2015

WEATHER ITEM   OBSERVED TIME   RECORD YEAR NORMAL DEPARTURE LAST
                VALUE   (LST)  VALUE       VALUE  FROM      YEAR
                                                  NORMAL
..................................................................
TEMPERATURE (F)
 YESTERDAY
  MAXIMUM         72   1231 PM  93    2012  66      6       68
  MINIMUM         49   1141 PM  19    2013  38     11       44
  AVERAGE         61                        52      9       56

PRECIPITATION (IN)
  YESTERDAY        T             1.92 1932   0.07  -0.07     0.00
  MONTH TO DATE    4.77                      1.22   3.55     0.20
  SINCE MAR 1      4.88                      2.29   2.59     0.62
  SINCE JAN 1      5.96                      3.16   2.80     1.56

SNOWFALL (IN)
  YESTERDAY        0.0                       0.1   -0.1      0.0
  MONTH TO DATE    2.0                       3.8   -1.8      0.4
  SINCE MAR 1      2.6                      10.6   -8.0      3.9
  SINCE JUL 1     24.7                      34.6   -9.9     29.1
  SNOW DEPTH       0

DEGREE DAYS
 HEATING
  YESTERDAY        4                        13     -9        9
  MONTH TO DATE  327                       406    -79      353
  SINCE MAR 1    892                      1164   -272     1121
  SINCE JUL 1   5107                      5581   -474     5665

 COOLING
  YESTERDAY        0                         0      0        0
  MONTH TO DATE    0                         0      0        4
  SINCE MAR 1      0                         0      0        4
  SINCE JAN 1      0                         0      0        4
..................................................................

WIND (MPH)
  HIGHEST WIND SPEED    36   HIGHEST WIND DIRECTION    SW (240)
  HIGHEST GUST SPEED    45   HIGHEST GUST DIRECTION     W (260)
  AVERAGE WIND SPEED    10.5


SKY COVER
  AVERAGE SKY COVER 0.4


WEATHER CONDITIONS
 THE FOLLOWING WEATHER WAS RECORDED YESTERDAY.
  THUNDERSTORM
  LIGHT RAIN
  FOG


RELATIVE HUMIDITY (PERCENT)
 HIGHEST   100
 LOWEST     22
 AVERAGE    61

..........................................................


THE GOODLAND KS CLIMATE NORMALS FOR TODAY
                         NORMAL    RECORD    YEAR
 MAXIMUM TEMPERATURE (F)   67        88      1981
 MINIMUM TEMPERATURE (F)   38        22      2002


SUNRISE AND SUNSET
APRIL 25 2015.........SUNRISE   556 AM MDT   SUNSET   734 PM MDT
APRIL 26 2015.........SUNRISE   555 AM MDT   SUNSET   735 PM MDT


-  INDICATES NEGATIVE NUMBERS.
R  INDICATES RECORD WAS SET OR TIED.
MM INDICATES DATA IS MISSING.
T  INDICATES TRACE AMOUNT.

&&

THE AVERAGE SOIL TEMPERATURE AT THE FOUR INCH DEPTH... 53

$$
