000
CDUS43 KGLD 230745
CLIGLD

CLIMATE REPORT
NATIONAL WEATHER SERVICE GOODLAND
142 AM MDT THU APR 23 2015

...................................

...THE GOODLAND KS CLIMATE SUMMARY FOR APRIL 22 2015...

CLIMATE NORMAL PERIOD 1981 TO 2010
CLIMATE RECORD PERIOD 1895 TO 2015

WEATHER ITEM   OBSERVED TIME   RECORD YEAR NORMAL DEPARTURE LAST
                VALUE   (LST)  VALUE       VALUE  FROM      YEAR
                                                  NORMAL
..................................................................
TEMPERATURE (F)
 YESTERDAY
  MAXIMUM         62    409 PM  96    1989  66     -4       82
  MINIMUM         32    324 AM  22    1982  37     -5       42
  AVERAGE         47                        51     -4       62

PRECIPITATION (IN)
  YESTERDAY        0.00          1.23 1944   0.07  -0.07     0.00
  MONTH TO DATE    4.77                      1.09   3.68     0.20
  SINCE MAR 1      4.88                      2.16   2.72     0.62
  SINCE JAN 1      5.96                      3.03   2.93     1.56

SNOWFALL (IN)
  YESTERDAY        0.0                       0.1   -0.1      0.0
  MONTH TO DATE    2.0                       3.6   -1.6      0.4
  SINCE MAR 1      2.6                      10.4   -7.8      3.9
  SINCE JUL 1     24.7                      34.4   -9.7     29.1
  SNOW DEPTH       0

DEGREE DAYS
 HEATING
  YESTERDAY       18                        14      4        3
  MONTH TO DATE  313                       379    -66      344
  SINCE MAR 1    878                      1137   -259     1112
  SINCE JUL 1   5093                      5554   -461     5656

 COOLING
  YESTERDAY        0                         0      0        0
  MONTH TO DATE    0                         0      0        1
  SINCE MAR 1      0                         0      0        1
  SINCE JAN 1      0                         0      0        1
..................................................................

WIND (MPH)
  HIGHEST WIND SPEED    25   HIGHEST WIND DIRECTION     S (160)
  HIGHEST GUST SPEED    34   HIGHEST GUST DIRECTION    SE (150)
  AVERAGE WIND SPEED    12.2


SKY COVER
  AVERAGE SKY COVER 0.0


WEATHER CONDITIONS
 THE FOLLOWING WEATHER WAS RECORDED YESTERDAY.
  NO SIGNIFICANT WEATHER WAS OBSERVED.


RELATIVE HUMIDITY (PERCENT)
 HIGHEST    92
 LOWEST     32
 AVERAGE    62

..........................................................


THE GOODLAND KS CLIMATE NORMALS FOR TODAY
                         NORMAL    RECORD    YEAR
 MAXIMUM TEMPERATURE (F)   66        90      1989
                                             1939
 MINIMUM TEMPERATURE (F)   37        21      2013


SUNRISE AND SUNSET
APRIL 23 2015.........SUNRISE   559 AM MDT   SUNSET   732 PM MDT
APRIL 24 2015.........SUNRISE   557 AM MDT   SUNSET   733 PM MDT


-  INDICATES NEGATIVE NUMBERS.
R  INDICATES RECORD WAS SET OR TIED.
MM INDICATES DATA IS MISSING.
T  INDICATES TRACE AMOUNT.

&&

THE AVERAGE SOIL TEMPERATURE AT THE FOUR INCH DEPTH... 50

$$
