000
CDUS43 KGLD 090753
CLIGLD

CLIMATE REPORT
NATIONAL WEATHER SERVICE GOODLAND
148 AM MDT THU APR 9 2015

...................................

...THE GOODLAND KS CLIMATE SUMMARY FOR APRIL 8 2015...

CLIMATE NORMAL PERIOD 1981 TO 2010
CLIMATE RECORD PERIOD 1895 TO 2015

WEATHER ITEM   OBSERVED TIME   RECORD YEAR NORMAL DEPARTURE LAST
                VALUE   (LST)  VALUE       VALUE  FROM      YEAR
                                                  NORMAL
..................................................................
TEMPERATURE (F)
 YESTERDAY
  MAXIMUM         65    352 PM  82    2011  61      4       70
                                      1930
  MINIMUM         40    650 AM  12    1973  32      8       27
                                      1957
                                      1914
  AVERAGE         53                        47      6       49

PRECIPITATION (IN)
  YESTERDAY        T             0.74 1943   0.04  -0.04     0.00
  MONTH TO DATE    0.57                      0.34   0.23     0.16
  SINCE MAR 1      0.68                      1.41  -0.73     0.58
  SINCE JAN 1      1.76                      2.28  -0.52     1.52

SNOWFALL (IN)
  YESTERDAY        0.0                       0.2   -0.2      0.0
  MONTH TO DATE    2.0                       1.7    0.3       T
  SINCE MAR 1      2.6                       8.5   -5.9      3.5
  SINCE JUL 1     24.7                      32.5   -7.8     28.7
  SNOW DEPTH       0

DEGREE DAYS
 HEATING
  YESTERDAY       12                        18     -6       16
  MONTH TO DATE   96                       154    -58      177
  SINCE MAR 1    661                       912   -251      945
  SINCE JUL 1   4876                      5329   -453     5489

 COOLING
  YESTERDAY        0                         0      0        0
  MONTH TO DATE    0                         0      0        0
  SINCE MAR 1      0                         0      0        0
  SINCE JAN 1      0                         0      0        0
..................................................................

WIND (MPH)
  HIGHEST WIND SPEED    26   HIGHEST WIND DIRECTION     N (10)
  HIGHEST GUST SPEED    34   HIGHEST GUST DIRECTION     N (20)
  AVERAGE WIND SPEED    14.2


SKY COVER
  AVERAGE SKY COVER 0.7


WEATHER CONDITIONS
 THE FOLLOWING WEATHER WAS RECORDED YESTERDAY.
  LIGHT RAIN
  FOG
  FOG W/VISIBILITY <= 1/4 MILE


RELATIVE HUMIDITY (PERCENT)
 HIGHEST   100
 LOWEST     44
 AVERAGE    72

..........................................................


THE GOODLAND KS CLIMATE NORMALS FOR TODAY
                         NORMAL    RECORD    YEAR
 MAXIMUM TEMPERATURE (F)   62        90      1930
 MINIMUM TEMPERATURE (F)   32         8      1989


SUNRISE AND SUNSET
APRIL  9 2015.........SUNRISE   619 AM MDT   SUNSET   718 PM MDT
APRIL 10 2015.........SUNRISE   618 AM MDT   SUNSET   719 PM MDT


-  INDICATES NEGATIVE NUMBERS.
R  INDICATES RECORD WAS SET OR TIED.
MM INDICATES DATA IS MISSING.
T  INDICATES TRACE AMOUNT.

&&

THE AVERAGE SOIL TEMPERATURE AT THE FOUR INCH DEPTH... 54

$$
