000
CDUS43 KGLD 310750
CLIGLD

CLIMATE REPORT
NATIONAL WEATHER SERVICE GOODLAND
144 AM MDT TUE MAR 31 2015

...................................

...THE GOODLAND KS CLIMATE SUMMARY FOR MARCH 30 2015...

CLIMATE NORMAL PERIOD 1981 TO 2010
CLIMATE RECORD PERIOD 1895 TO 2015

WEATHER ITEM   OBSERVED TIME   RECORD YEAR NORMAL DEPARTURE LAST
                VALUE   (LST)  VALUE       VALUE  FROM      YEAR
                                                  NORMAL
..................................................................
TEMPERATURE (F)
 YESTERDAY
  MAXIMUM         78    351 PM  88    2010  59     19       69
  MINIMUM         38   1134 PM   2    1987  30      8       42
  AVERAGE         58                        44     14       56

PRECIPITATION (IN)
  YESTERDAY        0.00          0.66 1949   0.04  -0.04     0.00
  MONTH TO DATE    0.11                      1.02  -0.91     0.42
  SINCE MAR 1      0.11                      1.02  -0.91     0.42
  SINCE JAN 1      1.19                      1.89  -0.70     1.36

SNOWFALL (IN)
  YESTERDAY        0.0                       0.2   -0.2      0.0
  MONTH TO DATE    0.6                       6.5   -5.9      3.5
  SINCE MAR 1      0.6                       6.5   -5.9      3.5
  SINCE JUL 1     22.7                      30.5   -7.8     28.7
  SNOW DEPTH       0

DEGREE DAYS
 HEATING
  YESTERDAY        7                        21    -14        9
  MONTH TO DATE  557                       738   -181      743
  SINCE MAR 1    557                       738   -181      743
  SINCE JUL 1   4772                      5155   -383     5287

 COOLING
  YESTERDAY        0                         0      0        0
  MONTH TO DATE    0                         0      0        0
  SINCE MAR 1      0                         0      0        0
  SINCE JAN 1      0                         0      0        0
..................................................................

WIND (MPH)
  HIGHEST WIND SPEED    24   HIGHEST WIND DIRECTION     N (340)
  HIGHEST GUST SPEED    30   HIGHEST GUST DIRECTION     N (340)
  AVERAGE WIND SPEED    12.3


SKY COVER
  AVERAGE SKY COVER 0.0


WEATHER CONDITIONS
 THE FOLLOWING WEATHER WAS RECORDED YESTERDAY.
  NO SIGNIFICANT WEATHER WAS OBSERVED.


RELATIVE HUMIDITY (PERCENT)
 HIGHEST    45
 LOWEST      9
 AVERAGE    27

..........................................................


THE GOODLAND KS CLIMATE NORMALS FOR TODAY
                         NORMAL    RECORD    YEAR
 MAXIMUM TEMPERATURE (F)   59        86      1946
 MINIMUM TEMPERATURE (F)   30        13      1931


SUNRISE AND SUNSET
MARCH 31 2015.........SUNRISE   633 AM MDT   SUNSET   710 PM MDT
APRIL  1 2015.........SUNRISE   632 AM MDT   SUNSET   710 PM MDT


-  INDICATES NEGATIVE NUMBERS.
R  INDICATES RECORD WAS SET OR TIED.
MM INDICATES DATA IS MISSING.
T  INDICATES TRACE AMOUNT.

&&

THE AVERAGE SOIL TEMPERATURE AT THE FOUR INCH DEPTH... 51
THE CURRENT DEPTH OF FROST... 0 INCHES

$$
