000
CDUS43 KGLD 210747
CLIGLD

CLIMATE REPORT
NATIONAL WEATHER SERVICE GOODLAND
143 AM MDT TUE APR 21 2015

...................................

...THE GOODLAND KS CLIMATE SUMMARY FOR APRIL 20 2015...

CLIMATE NORMAL PERIOD 1981 TO 2010
CLIMATE RECORD PERIOD 1895 TO 2015

WEATHER ITEM   OBSERVED TIME   RECORD YEAR NORMAL DEPARTURE LAST
                VALUE   (LST)  VALUE       VALUE  FROM      YEAR
                                                  NORMAL
..................................................................
TEMPERATURE (F)
 YESTERDAY
  MAXIMUM         59    358 PM  89    1962  65     -6       75
  MINIMUM         29    331 AM  20    1953  36     -7       42
  AVERAGE         44                        50     -6       59

PRECIPITATION (IN)
  YESTERDAY        0.00          1.40 1929   0.06  -0.06     0.00
  MONTH TO DATE    4.77                      0.96   3.81     0.20
  SINCE MAR 1      4.88                      2.03   2.85     0.62
  SINCE JAN 1      5.96                      2.90   3.06     1.56

SNOWFALL (IN)
  YESTERDAY        0.0                       0.1   -0.1      0.0
  MONTH TO DATE    2.0                       3.4   -1.4      0.4
  SINCE MAR 1      2.6                      10.2   -7.6      3.9
  SINCE JUL 1     24.7                      34.2   -9.5     29.1
  SNOW DEPTH       0

DEGREE DAYS
 HEATING
  YESTERDAY       21                        15      6        6
  MONTH TO DATE  283                       351    -68      333
  SINCE MAR 1    848                      1109   -261     1101
  SINCE JUL 1   5063                      5526   -463     5645

 COOLING
  YESTERDAY        0                         0      0        0
  MONTH TO DATE    0                         0      0        1
  SINCE MAR 1      0                         0      0        1
  SINCE JAN 1      0                         0      0        1
..................................................................

WIND (MPH)
  HIGHEST WIND SPEED    20   HIGHEST WIND DIRECTION     W (280)
  HIGHEST GUST SPEED    25   HIGHEST GUST DIRECTION     W (280)
  AVERAGE WIND SPEED     8.5


SKY COVER
  AVERAGE SKY COVER 0.3


WEATHER CONDITIONS
 THE FOLLOWING WEATHER WAS RECORDED YESTERDAY.
  NO SIGNIFICANT WEATHER WAS OBSERVED.


RELATIVE HUMIDITY (PERCENT)
 HIGHEST    85
 LOWEST     33
 AVERAGE    59

..........................................................


THE GOODLAND KS CLIMATE NORMALS FOR TODAY
                         NORMAL    RECORD    YEAR
 MAXIMUM TEMPERATURE (F)   65        93      1989
 MINIMUM TEMPERATURE (F)   36        20      1931
                                             1907


SUNRISE AND SUNSET
APRIL 21 2015.........SUNRISE   601 AM MDT   SUNSET   730 PM MDT
APRIL 22 2015.........SUNRISE   600 AM MDT   SUNSET   731 PM MDT


-  INDICATES NEGATIVE NUMBERS.
R  INDICATES RECORD WAS SET OR TIED.
MM INDICATES DATA IS MISSING.
T  INDICATES TRACE AMOUNT.

&&

THE AVERAGE SOIL TEMPERATURE AT THE FOUR INCH DEPTH... 46

$$
