000
CDUS43 KGLD 150820
CLIGLD

WRKCLIGLD 000
TTAA00 KGLD 150820

CLIMATE REPORT
NATIONAL WEATHER SERVICE GOODLAND
219 AM MDT WED APR 15 2015

...................................

...THE GOODLAND KS CLIMATE SUMMARY FOR APRIL 14 2015...

CLIMATE NORMAL PERIOD 1981 TO 2010
CLIMATE RECORD PERIOD 1895 TO 2015

WEATHER ITEM   OBSERVED TIME   RECORD YEAR NORMAL DEPARTURE LAST
                VALUE   (LST)  VALUE       VALUE  FROM      YEAR
                                                  NORMAL
..................................................................
TEMPERATURE (F)
 YESTERDAY
  MAXIMUM         69    318 PM  88    2003  63      6       42
  MINIMUM         38    423 AM  15    1928  34      4       24
  AVERAGE         54                        48      6       33

PRECIPITATION (IN)
  YESTERDAY        0.00          1.19 1927   0.05  -0.05      T
  MONTH TO DATE    0.62                      0.64  -0.02     0.20
  SINCE MAR 1      0.73                      1.71  -0.98     0.62
  SINCE JAN 1      1.81                      2.58  -0.77     1.56

SNOWFALL (IN)
  YESTERDAY        0.0                       0.1   -0.1       T
  MONTH TO DATE    2.0                       2.6   -0.6      0.4
  SINCE MAR 1      2.6                       9.4   -6.8      3.9
  SINCE JUL 1     24.7                      33.4   -8.7     29.1
  SNOW DEPTH       0

DEGREE DAYS
 HEATING
  YESTERDAY       11                        17     -6       32
  MONTH TO DATE  191                       258    -67      254
  SINCE MAR 1    756                      1016   -260     1022
  SINCE JUL 1   4971                      5433   -462     5566

 COOLING
  YESTERDAY        0                         0      0        0
  MONTH TO DATE    0                         0      0        1
  SINCE MAR 1      0                         0      0        1
  SINCE JAN 1      0                         0      0        1
..................................................................

WIND (MPH)
  HIGHEST WIND SPEED    33   HIGHEST WIND DIRECTION     S (160)
  HIGHEST GUST SPEED    41   HIGHEST GUST DIRECTION     S (160)
  AVERAGE WIND SPEED    20.7


SKY COVER
  AVERAGE SKY COVER 0.0


WEATHER CONDITIONS
 THE FOLLOWING WEATHER WAS RECORDED YESTERDAY.
  NO SIGNIFICANT WEATHER WAS OBSERVED.


RELATIVE HUMIDITY (PERCENT)
 HIGHEST    62
 LOWEST     16
 AVERAGE    39

..........................................................


THE GOODLAND KS CLIMATE NORMALS FOR TODAY
                         NORMAL    RECORD    YEAR
 MAXIMUM TEMPERATURE (F)   63        92      2002
 MINIMUM TEMPERATURE (F)   34        20      1951


SUNRISE AND SUNSET
APRIL 15 2015.........SUNRISE   610 AM MDT   SUNSET   724 PM MDT
APRIL 16 2015.........SUNRISE   609 AM MDT   SUNSET   725 PM MDT


-  INDICATES NEGATIVE NUMBERS.
R  INDICATES RECORD WAS SET OR TIED.
MM INDICATES DATA IS MISSING.
T  INDICATES TRACE AMOUNT.

&&

THE AVERAGE SOIL TEMPERATURE AT THE FOUR INCH DEPTH... 50

$$
