000
CDUS43 KGLD 180745
CLIGLD

CLIMATE REPORT
NATIONAL WEATHER SERVICE GOODLAND
143 AM MDT SAT APR 18 2015

...................................

...THE GOODLAND KS CLIMATE SUMMARY FOR APRIL 17 2015...

CLIMATE NORMAL PERIOD 1981 TO 2010
CLIMATE RECORD PERIOD 1895 TO 2015

WEATHER ITEM   OBSERVED TIME   RECORD YEAR NORMAL DEPARTURE LAST
                VALUE   (LST)  VALUE       VALUE  FROM      YEAR
                                                  NORMAL
..................................................................
TEMPERATURE (F)
 YESTERDAY
  MAXIMUM         66    256 PM  90    2004  64      2       54
  MINIMUM         46   1144 PM  18    1907  35     11       30
  AVERAGE         56                        50      6       42

PRECIPITATION (IN)
  YESTERDAY        0.44          1.28 2009   0.05   0.39     0.00
  MONTH TO DATE    3.69                      0.79   2.90     0.20
  SINCE MAR 1      3.80                      1.86   1.94     0.62
  SINCE JAN 1      4.88                      2.73   2.15     1.56

SNOWFALL (IN)
  YESTERDAY        0.0                       0.1   -0.1      0.0
  MONTH TO DATE    2.0                       3.0   -1.0      0.4
  SINCE MAR 1      2.6                       9.8   -7.2      3.9
  SINCE JUL 1     24.7                      33.8   -9.1     29.1
  SNOW DEPTH       0

DEGREE DAYS
 HEATING
  YESTERDAY        9                        16     -7       23
  MONTH TO DATE  224                       306    -82      312
  SINCE MAR 1    789                      1064   -275     1080
  SINCE JUL 1   5004                      5481   -477     5624

 COOLING
  YESTERDAY        0                         0      0        0
  MONTH TO DATE    0                         0      0        1
  SINCE MAR 1      0                         0      0        1
  SINCE JAN 1      0                         0      0        1
..................................................................

WIND (MPH)
  HIGHEST WIND SPEED    25   HIGHEST WIND DIRECTION    SE (120)
  HIGHEST GUST SPEED    31   HIGHEST GUST DIRECTION    SE (120)
  AVERAGE WIND SPEED    11.7

SKY COVER
  AVERAGE SKY COVER 0.7

WEATHER CONDITIONS
 THE FOLLOWING WEATHER WAS RECORDED YESTERDAY.
  THUNDERSTORM
  RAIN
  LIGHT RAIN
  FOG

RELATIVE HUMIDITY (PERCENT)
 HIGHEST   100
 LOWEST     48
 AVERAGE    74

..........................................................

THE GOODLAND KS CLIMATE NORMALS FOR TODAY
                         NORMAL    RECORD    YEAR
 MAXIMUM TEMPERATURE (F)   64        91      1987
 MINIMUM TEMPERATURE (F)   35        14      1944

SUNRISE AND SUNSET
APRIL 18 2015.........SUNRISE   606 AM MDT   SUNSET   727 PM MDT
APRIL 19 2015.........SUNRISE   604 AM MDT   SUNSET   728 PM MDT

-  INDICATES NEGATIVE NUMBERS.
R  INDICATES RECORD WAS SET OR TIED.
MM INDICATES DATA IS MISSING.
T  INDICATES TRACE AMOUNT.

&&

THE AVERAGE SOIL TEMPERATURE AT THE FOUR INCH DEPTH... 52

$$
