000
CDUS43 KGLD 060802
CLIGLD

CLIMATE REPORT
NATIONAL WEATHER SERVICE GOODLAND
152 AM MDT MON APR 6 2015

...................................

...THE GOODLAND KS CLIMATE SUMMARY FOR APRIL 5 2015...

CLIMATE NORMAL PERIOD 1981 TO 2010
CLIMATE RECORD PERIOD 1895 TO 2015

WEATHER ITEM   OBSERVED TIME   RECORD YEAR NORMAL DEPARTURE LAST
                VALUE   (LST)  VALUE       VALUE  FROM      YEAR
                                                  NORMAL
..................................................................
TEMPERATURE (F)
 YESTERDAY
  MAXIMUM         76    259 PM  86    1932  60     16       62
  MINIMUM         32    509 AM  18    1945  31      1       32
  AVERAGE         54                        46      8       47

PRECIPITATION (IN)
  YESTERDAY        0.00          0.64 1951   0.05  -0.05     0.00
  MONTH TO DATE    0.57                      0.21   0.36     0.15
  SINCE MAR 1      0.68                      1.28  -0.60     0.57
  SINCE JAN 1      1.76                      2.15  -0.39     1.51

SNOWFALL (IN)
  YESTERDAY        0.0                       0.2   -0.2      0.0
  MONTH TO DATE    2.0                       1.1    0.9       T
  SINCE MAR 1      2.6                       7.9   -5.3      3.5
  SINCE JUL 1     24.7                      31.9   -7.2     28.7
  SNOW DEPTH       0

DEGREE DAYS
 HEATING
  YESTERDAY       11                        19     -8       18
  MONTH TO DATE   69                        98    -29      122
  SINCE MAR 1    634                       856   -222      890
  SINCE JUL 1   4849                      5273   -424     5434

 COOLING
  YESTERDAY        0                         0      0        0
  MONTH TO DATE    0                         0      0        0
  SINCE MAR 1      0                         0      0        0
  SINCE JAN 1      0                         0      0        0
..................................................................

WIND (MPH)
  HIGHEST WIND SPEED    16   HIGHEST WIND DIRECTION     S (170)
  HIGHEST GUST SPEED    21   HIGHEST GUST DIRECTION     S (170)
  AVERAGE WIND SPEED    10.4


SKY COVER
  AVERAGE SKY COVER 0.0


WEATHER CONDITIONS
 THE FOLLOWING WEATHER WAS RECORDED YESTERDAY.
  NO SIGNIFICANT WEATHER WAS OBSERVED.


RELATIVE HUMIDITY (PERCENT)
 HIGHEST    82
 LOWEST     16
 AVERAGE    49

..........................................................


THE GOODLAND KS CLIMATE NORMALS FOR TODAY
                         NORMAL    RECORD    YEAR
 MAXIMUM TEMPERATURE (F)   61        88      1991
 MINIMUM TEMPERATURE (F)   32         8      1936


SUNRISE AND SUNSET
APRIL  6 2015.........SUNRISE   624 AM MDT   SUNSET   715 PM MDT
APRIL  7 2015.........SUNRISE   622 AM MDT   SUNSET   716 PM MDT


-  INDICATES NEGATIVE NUMBERS.
R  INDICATES RECORD WAS SET OR TIED.
MM INDICATES DATA IS MISSING.
T  INDICATES TRACE AMOUNT.

&&

THE AVERAGE SOIL TEMPERATURE AT THE FOUR INCH DEPTH... 46

$$
