000
CDUS43 KGLD 010758
CLIGLD

CLIMATE REPORT
NATIONAL WEATHER SERVICE GOODLAND
152 AM MDT WED APR 1 2015

...................................

...THE GOODLAND KS CLIMATE SUMMARY FOR MARCH 31 2015...

CLIMATE NORMAL PERIOD 1981 TO 2010
CLIMATE RECORD PERIOD 1895 TO 2015

WEATHER ITEM   OBSERVED TIME   RECORD YEAR NORMAL DEPARTURE LAST
                VALUE   (LST)  VALUE       VALUE  FROM      YEAR
                                                  NORMAL
..................................................................
TEMPERATURE (F)
 YESTERDAY
  MAXIMUM         82    215 PM  86    1946  59     23       59
  MINIMUM         31    449 AM  13    1931  30      1       21
  AVERAGE         57                        44     13       40

PRECIPITATION (IN)
  YESTERDAY        0.00          0.49 1983   0.05  -0.05     0.00
  MONTH TO DATE    0.11                      1.07  -0.96     0.42
  SINCE MAR 1      0.11                      1.07  -0.96     0.42
  SINCE JAN 1      1.19                      1.94  -0.75     1.36

SNOWFALL (IN)
  YESTERDAY        0.0                       0.3   -0.3      0.0
  MONTH TO DATE    0.6                       6.8   -6.2      3.5
  SINCE MAR 1      0.6                       6.8   -6.2      3.5
  SINCE JUL 1     22.7                      30.8   -8.1     28.7
  SNOW DEPTH       0

DEGREE DAYS
 HEATING
  YESTERDAY        8                        20    -12       25
  MONTH TO DATE  565                       758   -193      768
  SINCE MAR 1    565                       758   -193      768
  SINCE JUL 1   4780                      5175   -395     5312

 COOLING
  YESTERDAY        0                         0      0        0
  MONTH TO DATE    0                         0      0        0
  SINCE MAR 1      0                         0      0        0
  SINCE JAN 1      0                         0      0        0
..................................................................

WIND (MPH)
  HIGHEST WIND SPEED    20   HIGHEST WIND DIRECTION     S (190)
  HIGHEST GUST SPEED    26   HIGHEST GUST DIRECTION     S (180)
  AVERAGE WIND SPEED     9.8


SKY COVER
  AVERAGE SKY COVER 0.0


WEATHER CONDITIONS
 THE FOLLOWING WEATHER WAS RECORDED YESTERDAY.
  NO SIGNIFICANT WEATHER WAS OBSERVED.


RELATIVE HUMIDITY (PERCENT)
 HIGHEST    66
 LOWEST      9
 AVERAGE    38

..........................................................


THE GOODLAND KS CLIMATE NORMALS FOR TODAY
                         NORMAL    RECORD    YEAR
 MAXIMUM TEMPERATURE (F)   59        89      2012
 MINIMUM TEMPERATURE (F)   30        10      1949


SUNRISE AND SUNSET
APRIL  1 2015.........SUNRISE   632 AM MDT   SUNSET   710 PM MDT
APRIL  2 2015.........SUNRISE   630 AM MDT   SUNSET   711 PM MDT


-  INDICATES NEGATIVE NUMBERS.
R  INDICATES RECORD WAS SET OR TIED.
MM INDICATES DATA IS MISSING.
T  INDICATES TRACE AMOUNT.

&&

THE AVERAGE SOIL TEMPERATURE AT THE FOUR INCH DEPTH... 52

$$
