000
CDUS43 KICT 232207
CLIICT


CLIMATE REPORT
NATIONAL WEATHER SERVICE WICHITA KS
507 PM CDT THU APR 23 2015


...................................

...THE WICHITA EISENHOWER NATIONAL CLIMATE SUMMARY FOR APRIL 23 2015...
VALID TODAY AS OF 500 PM LOCAL TIME.

CLIMATE NORMAL PERIOD 1981 TO 2010
CLIMATE RECORD PERIOD 1888 TO 2015


WEATHER ITEM   OBSERVED TIME   RECORD YEAR NORMAL DEPARTURE LAST
                VALUE   (LST)  VALUE       VALUE  FROM      YEAR
                                                  NORMAL
..................................................................
TEMPERATURE (F)
 TODAY
  MAXIMUM         64    316 PM  94    2006  70     -6       87
  MINIMUM         51    636 AM  32    2013  47      4       56
  AVERAGE         58                        59     -1       72

PRECIPITATION (IN)
  TODAY            0.00          1.40 1922   0.10  -0.10     0.00
  MONTH TO DATE    2.61                      1.85   0.76     0.45
  SINCE MAR 1      2.89                      4.54  -1.65     0.94
  SINCE JAN 1      4.66                      6.55  -1.89     1.93

SNOWFALL (IN)
  TODAY            0.0           0.2  2013   0.0    0.0      0.0
  MONTH TO DATE    0.0                       0.2   -0.2      0.3
  SINCE MAR 1      1.1                       2.5   -1.4      3.5
  SINCE JUL 1     18.0                      14.9    3.1     23.0
  SNOW DEPTH       0

DEGREE DAYS
 HEATING
  TODAY            7                         7      0        0
  MONTH TO DATE  134                       246   -112      217
  SINCE MAR 1    608                       823   -215      894
  SINCE JUL 1   4173                      4463   -290     4813

 COOLING
  TODAY            0                         1     -1        7
  MONTH TO DATE   25                        16      9       19
  SINCE MAR 1     25                        18      7       19
  SINCE JAN 1     25                        18      7       19
..................................................................


WIND (MPH)
  HIGHEST WIND SPEED    18   HIGHEST WIND DIRECTION     E (110)
  HIGHEST GUST SPEED    23   HIGHEST GUST DIRECTION    SE (120)
  AVERAGE WIND SPEED    12.4


SKY COVER
  POSSIBLE SUNSHINE  MM
  AVERAGE SKY COVER 0.9


WEATHER CONDITIONS
 THE FOLLOWING WEATHER WAS RECORDED TODAY.
  NO SIGNIFICANT WEATHER WAS OBSERVED.


RELATIVE HUMIDITY (PERCENT)
 HIGHEST    52           300 PM
 LOWEST     36          1000 AM
 AVERAGE    44

..........................................................


THE WICHITA EISENHOWER NATIONAL CLIMATE NORMALS FOR TOMORROW
                         NORMAL    RECORD    YEAR
 MAXIMUM TEMPERATURE (F)   70        90      1989
                                             1893
 MINIMUM TEMPERATURE (F)   48        25      2013


SUNRISE AND SUNSET
APRIL 23 2015.........SUNRISE   644 AM CDT   SUNSET   812 PM CDT
APRIL 24 2015.........SUNRISE   643 AM CDT   SUNSET   813 PM CDT


-  INDICATES NEGATIVE NUMBERS.
R  INDICATES RECORD WAS SET OR TIED.
MM INDICATES DATA IS MISSING.
T  INDICATES TRACE AMOUNT.




$$
