000
CDUS43 KICT 212208
CLIICT


CLIMATE REPORT
NATIONAL WEATHER SERVICE WICHITA KS
508 PM CDT TUE APR 21 2015


...................................

...THE WICHITA EISENHOWER NATIONAL CLIMATE SUMMARY FOR APRIL 21 2015...
VALID TODAY AS OF 500 PM LOCAL TIME.

CLIMATE NORMAL PERIOD 1981 TO 2010
CLIMATE RECORD PERIOD 1888 TO 2015


WEATHER ITEM   OBSERVED TIME   RECORD YEAR NORMAL DEPARTURE LAST
                VALUE   (LST)  VALUE       VALUE  FROM      YEAR
                                                  NORMAL
..................................................................
TEMPERATURE (F)
 TODAY
  MAXIMUM         76    342 PM  92    1963  69      7       81
  MINIMUM         41    541 AM  28    1966  46     -5       52
  AVERAGE         59                        58      1       67

PRECIPITATION (IN)
  TODAY            0.00          1.07 1908   0.09  -0.09      T
  MONTH TO DATE    2.60                      1.65   0.95     0.45
  SINCE MAR 1      2.88                      4.34  -1.46     0.94
  SINCE JAN 1      4.65                      6.35  -1.70     1.93

SNOWFALL (IN)
  TODAY            0.0           T    1931   0.0    0.0      0.0
  MONTH TO DATE    0.0                       0.2   -0.2      0.3
  SINCE MAR 1      1.1                       2.5   -1.4      3.5
  SINCE JUL 1     18.0                      14.9    3.1     23.0
  SNOW DEPTH       0

DEGREE DAYS
 HEATING
  TODAY            6                         8     -2        0
  MONTH TO DATE  117                       231   -114      214
  SINCE MAR 1    591                       808   -217      891
  SINCE JUL 1   4156                      4448   -292     4810

 COOLING
  TODAY            0                         1     -1        2
  MONTH TO DATE   25                        14     11       12
  SINCE MAR 1     25                        16      9       12
  SINCE JAN 1     25                        16      9       12
..................................................................


WIND (MPH)
  HIGHEST WIND SPEED    23   HIGHEST WIND DIRECTION    SW (230)
  HIGHEST GUST SPEED    28   HIGHEST GUST DIRECTION    SW (240)
  AVERAGE WIND SPEED    11.2


SKY COVER
  POSSIBLE SUNSHINE  MM
  AVERAGE SKY COVER 0.4


WEATHER CONDITIONS
 THE FOLLOWING WEATHER WAS RECORDED TODAY.
  NO SIGNIFICANT WEATHER WAS OBSERVED.


RELATIVE HUMIDITY (PERCENT)
 HIGHEST    82           500 AM
 LOWEST     27           300 PM
 AVERAGE    55

..........................................................


THE WICHITA EISENHOWER NATIONAL CLIMATE NORMALS FOR TOMORROW
                         NORMAL    RECORD    YEAR
 MAXIMUM TEMPERATURE (F)   70        91      2006
                                             1955
 MINIMUM TEMPERATURE (F)   47        32      1959


SUNRISE AND SUNSET
APRIL 21 2015.........SUNRISE   647 AM CDT   SUNSET   811 PM CDT
APRIL 22 2015.........SUNRISE   646 AM CDT   SUNSET   811 PM CDT


-  INDICATES NEGATIVE NUMBERS.
R  INDICATES RECORD WAS SET OR TIED.
MM INDICATES DATA IS MISSING.
T  INDICATES TRACE AMOUNT.




$$
