000
CDUS43 KICT 180634
CLIICT


CLIMATE REPORT
NATIONAL WEATHER SERVICE WICHITA KS
134 AM CDT SAT APR 18 2015


...................................

...THE WICHITA EISENHOWER NATIONAL CLIMATE SUMMARY FOR APRIL 17 2015...

CLIMATE NORMAL PERIOD 1981 TO 2010
CLIMATE RECORD PERIOD 1888 TO 2015


WEATHER ITEM   OBSERVED TIME   RECORD YEAR NORMAL DEPARTURE LAST
                VALUE   (LST)  VALUE       VALUE  FROM      YEAR
                                                  NORMAL
..................................................................
TEMPERATURE (F)
 YESTERDAY
  MAXIMUM         74    350 PM  92    2006  68      6       52
  MINIMUM         58    741 AM  25    1907  45     13       35
  AVERAGE         66                        57      9       44

PRECIPITATION (IN)
  YESTERDAY        0.40          1.73 1889   0.09   0.31      T
  MONTH TO DATE    1.84                      1.31   0.53     0.45
  SINCE MAR 1      2.12                      4.00  -1.88     0.94
  SINCE JAN 1      3.89                      6.01  -2.12     1.93

SNOWFALL (IN)
  YESTERDAY        0.0           0.2  1905   0.0    0.0      0.0
  MONTH TO DATE    0.0                       0.2   -0.2      0.3
  SINCE MAR 1      1.1                       2.5   -1.4      3.5
  SINCE JUL 1     18.0                      14.9    3.1     23.0
  SNOW DEPTH       0

DEGREE DAYS
 HEATING
  YESTERDAY        0                         9     -9       21
  MONTH TO DATE   88                       197   -109      200
  SINCE MAR 1    562                       774   -212      877
  SINCE JUL 1   4127                      4414   -287     4796

 COOLING
  YESTERDAY        1                         1      0        0
  MONTH TO DATE   25                        10     15        9
  SINCE MAR 1     25                        12     13        9
  SINCE JAN 1     25                        12     13        9
..................................................................


WIND (MPH)
  HIGHEST WIND SPEED    18   HIGHEST WIND DIRECTION     W (270)
  HIGHEST GUST SPEED    22   HIGHEST GUST DIRECTION     W (270)
  AVERAGE WIND SPEED     6.7


SKY COVER
  POSSIBLE SUNSHINE  MM
  AVERAGE SKY COVER 0.8


WEATHER CONDITIONS
 THE FOLLOWING WEATHER WAS RECORDED YESTERDAY.
  THUNDERSTORM
  HEAVY RAIN
  RAIN
  LIGHT RAIN
  FOG


RELATIVE HUMIDITY (PERCENT)
 HIGHEST    93           600 AM
 LOWEST     53           300 PM
 AVERAGE    73

..........................................................


THE WICHITA EISENHOWER NATIONAL CLIMATE NORMALS FOR TODAY
                         NORMAL    RECORD    YEAR
 MAXIMUM TEMPERATURE (F)   69        91      1987
 MINIMUM TEMPERATURE (F)   45        28      1953


SUNRISE AND SUNSET
APRIL 18 2015.........SUNRISE   651 AM CDT   SUNSET   808 PM CDT
APRIL 19 2015.........SUNRISE   650 AM CDT   SUNSET   809 PM CDT


-  INDICATES NEGATIVE NUMBERS.
R  INDICATES RECORD WAS SET OR TIED.
MM INDICATES DATA IS MISSING.
T  INDICATES TRACE AMOUNT.




$$
