000
CDUS43 KICT 170657
CLIICT


CLIMATE REPORT
NATIONAL WEATHER SERVICE WICHITA KS
156 AM CDT FRI APR 17 2015


...................................

...THE WICHITA EISENHOWER NATIONAL CLIMATE SUMMARY FOR APRIL 16 2015...

CLIMATE NORMAL PERIOD 1981 TO 2010
CLIMATE RECORD PERIOD 1888 TO 2015


WEATHER ITEM   OBSERVED TIME   RECORD YEAR NORMAL DEPARTURE LAST
                VALUE   (LST)  VALUE       VALUE  FROM      YEAR
                                                  NORMAL
..................................................................
TEMPERATURE (F)
 YESTERDAY
  MAXIMUM         80    241 PM  89    2006  68     12       73
                                      1967
  MINIMUM         51    505 AM  29    1953  45      6       46
                                      1907
  AVERAGE         66                        56     10       60

PRECIPITATION (IN)
  YESTERDAY        0.00          1.05 1969   0.08  -0.08     0.00
  MONTH TO DATE    1.44                      1.22   0.22     0.45
  SINCE MAR 1      1.72                      3.91  -2.19     0.94
  SINCE JAN 1      3.49                      5.92  -2.43     1.93

SNOWFALL (IN)
  YESTERDAY        0.0           T    1947   0.0    0.0      0.0
  MONTH TO DATE    0.0                       0.2   -0.2      0.3
  SINCE MAR 1      1.1                       2.5   -1.4      3.5
  SINCE JUL 1     18.0                      14.9    3.1     23.0
  SNOW DEPTH       0

DEGREE DAYS
 HEATING
  YESTERDAY        0                        10    -10        5
  MONTH TO DATE   88                       188   -100      179
  SINCE MAR 1    562                       765   -203      856
  SINCE JUL 1   4127                      4405   -278     4775

 COOLING
  YESTERDAY        1                         1      0        0
  MONTH TO DATE   24                         9     15        9
  SINCE MAR 1     24                        11     13        9
  SINCE JAN 1     24                        11     13        9
..................................................................


WIND (MPH)
  HIGHEST WIND SPEED    22   HIGHEST WIND DIRECTION    SE (130)
  HIGHEST GUST SPEED    28   HIGHEST GUST DIRECTION     S (160)
  AVERAGE WIND SPEED    11.5


SKY COVER
  POSSIBLE SUNSHINE  MM
  AVERAGE SKY COVER 0.7


WEATHER CONDITIONS
 THE FOLLOWING WEATHER WAS RECORDED YESTERDAY.
  NO SIGNIFICANT WEATHER WAS OBSERVED.


RELATIVE HUMIDITY (PERCENT)
 HIGHEST    96           500 AM
 LOWEST     45           400 PM
 AVERAGE    71

..........................................................


THE WICHITA EISENHOWER NATIONAL CLIMATE NORMALS FOR TODAY
                         NORMAL    RECORD    YEAR
 MAXIMUM TEMPERATURE (F)   68        92      2006
 MINIMUM TEMPERATURE (F)   45        25      1907


SUNRISE AND SUNSET
APRIL 17 2015.........SUNRISE   652 AM CDT   SUNSET   807 PM CDT
APRIL 18 2015.........SUNRISE   651 AM CDT   SUNSET   808 PM CDT


-  INDICATES NEGATIVE NUMBERS.
R  INDICATES RECORD WAS SET OR TIED.
MM INDICATES DATA IS MISSING.
T  INDICATES TRACE AMOUNT.




$$
