000
CDUS43 KICT 130639
CLIICT

CLIMATE REPORT
NATIONAL WEATHER SERVICE WICHITA KS
138 AM CDT MON APR 13 2015


...................................

...THE WICHITA EISENHOWER NATIONAL CLIMATE SUMMARY FOR APRIL 12 2015...

CLIMATE NORMAL PERIOD 1981 TO 2010
CLIMATE RECORD PERIOD 1888 TO 2015


WEATHER ITEM   OBSERVED TIME   RECORD YEAR NORMAL DEPARTURE LAST
                VALUE   (LST)  VALUE       VALUE  FROM      YEAR
                                                  NORMAL
..................................................................
TEMPERATURE (F)
 YESTERDAY
  MAXIMUM         79    449 PM  96    1972  67     12       88
  MINIMUM         52   1234 AM  21    1940  43      9       59
  AVERAGE         66                        55     11       74

PRECIPITATION (IN)
  YESTERDAY        1.30          1.36 1896   0.08   1.22     0.00
  MONTH TO DATE    1.44                      0.90   0.54     0.41
  SINCE MAR 1      1.72                      3.59  -1.87     0.90
  SINCE JAN 1      3.49                      5.60  -2.11     1.89

SNOWFALL (IN)
  YESTERDAY        0.0           0.8  1959   0.0    0.0      0.0
  MONTH TO DATE    0.0                       0.2   -0.2      0.0
  SINCE MAR 1      1.1                       2.5   -1.4      3.2
  SINCE JUL 1     18.0                      14.9    3.1     22.7
  SNOW DEPTH       0

DEGREE DAYS
 HEATING
  YESTERDAY        0                        11    -11        0
  MONTH TO DATE   75                       148    -73      123
  SINCE MAR 1    549                       725   -176      800
  SINCE JUL 1   4114                      4365   -251     4719

 COOLING
  YESTERDAY        1                         1      0        9
  MONTH TO DATE   23                         5     18        9
  SINCE MAR 1     23                         7     16        9
  SINCE JAN 1     23                         7     16        9
..................................................................


WIND (MPH)
  HIGHEST WIND SPEED    31   HIGHEST WIND DIRECTION    NW (300)
  HIGHEST GUST SPEED    48   HIGHEST GUST DIRECTION    NW (300)
  AVERAGE WIND SPEED    13.3


SKY COVER
  POSSIBLE SUNSHINE  MM
  AVERAGE SKY COVER 0.8


WEATHER CONDITIONS
 THE FOLLOWING WEATHER WAS RECORDED YESTERDAY.
  THUNDERSTORM
  HEAVY RAIN
  RAIN
  LIGHT RAIN
  FOG


RELATIVE HUMIDITY (PERCENT)
 HIGHEST   100          1100 PM
 LOWEST     52           500 PM
 AVERAGE    76

..........................................................


THE WICHITA EISENHOWER NATIONAL CLIMATE NORMALS FOR TODAY
                         NORMAL    RECORD    YEAR
 MAXIMUM TEMPERATURE (F)   67        96      2006
 MINIMUM TEMPERATURE (F)   44        21      1950


SUNRISE AND SUNSET
APRIL 13 2015.........SUNRISE   658 AM CDT   SUNSET   803 PM CDT
APRIL 14 2015.........SUNRISE   656 AM CDT   SUNSET   804 PM CDT


-  INDICATES NEGATIVE NUMBERS.
R  INDICATES RECORD WAS SET OR TIED.
MM INDICATES DATA IS MISSING.
T  INDICATES TRACE AMOUNT.




$$
