000
CDUS43 KICT 262208
CLIICT


CLIMATE REPORT
NATIONAL WEATHER SERVICE WICHITA KS
508 PM CDT SUN APR 26 2015


...................................

...THE WICHITA EISENHOWER NATIONAL CLIMATE SUMMARY FOR APRIL 26 2015...
VALID TODAY AS OF 0500 PM LOCAL TIME.

CLIMATE NORMAL PERIOD 1981 TO 2010
CLIMATE RECORD PERIOD 1888 TO 2015


WEATHER ITEM   OBSERVED TIME   RECORD YEAR NORMAL DEPARTURE LAST
                VALUE   (LST)  VALUE       VALUE  FROM      YEAR
                                                  NORMAL
..................................................................
TEMPERATURE (F)
 TODAY
  MAXIMUM         60    214 PM  93    1989  71    -11       88
  MINIMUM         50    722 AM  31    1907  48      2       59
  AVERAGE         55                        60     -5       74

PRECIPITATION (IN)
  TODAY            0.00          5.10 2009   0.11  -0.11     0.00
  MONTH TO DATE    2.62                      2.16   0.46     0.48
  SINCE MAR 1      2.90                      4.85  -1.95     0.97
  SINCE JAN 1      4.67                      6.86  -2.19     1.96

SNOWFALL (IN)
  TODAY            0.0           0.0  2007   0.0    0.0      0.0
  MONTH TO DATE    0.0                       0.2   -0.2      0.3
  SINCE MAR 1      1.1                       2.5   -1.4      3.5
  SINCE JUL 1     18.0                      14.9    3.1     23.0
  SNOW DEPTH       0

DEGREE DAYS
 HEATING
  TODAY           10                         7      3        0
  MONTH TO DATE  144                       267   -123      228
  SINCE MAR 1    618                       844   -226      905
  SINCE JUL 1   4183                      4484   -301     4824

 COOLING
  TODAY            0                         1     -1        9
  MONTH TO DATE   28                        19      9       28
  SINCE MAR 1     28                        21      7       28
  SINCE JAN 1     28                        21      7       28
..................................................................


WIND (MPH)
  HIGHEST WIND SPEED    26   HIGHEST WIND DIRECTION    NE (50)
  HIGHEST GUST SPEED    31   HIGHEST GUST DIRECTION    NE (50)
  AVERAGE WIND SPEED    17.6


SKY COVER
  POSSIBLE SUNSHINE  MM
  AVERAGE SKY COVER 1.0


WEATHER CONDITIONS
 THE FOLLOWING WEATHER WAS RECORDED TODAY.
  LIGHT RAIN


RELATIVE HUMIDITY (PERCENT)
 HIGHEST    89          1200 AM
 LOWEST     67           200 PM
 AVERAGE    78

..........................................................


THE WICHITA EISENHOWER NATIONAL CLIMATE NORMALS FOR TOMORROW
                         NORMAL    RECORD    YEAR
 MAXIMUM TEMPERATURE (F)   71        94      1956
 MINIMUM TEMPERATURE (F)   49        31      1995
                                             1967


SUNRISE AND SUNSET
APRIL 26 2015.........SUNRISE   640 AM CDT   SUNSET   815 PM CDT
APRIL 27 2015.........SUNRISE   639 AM CDT   SUNSET   816 PM CDT


-  INDICATES NEGATIVE NUMBERS.
R  INDICATES RECORD WAS SET OR TIED.
MM INDICATES DATA IS MISSING.
T  INDICATES TRACE AMOUNT.




$$
