000
CDUS43 KICT 230655
CLIICT


CLIMATE REPORT
NATIONAL WEATHER SERVICE WICHITA KS
154 AM CDT THU APR 23 2015


...................................

...THE WICHITA EISENHOWER NATIONAL CLIMATE SUMMARY FOR APRIL 22 2015...

CLIMATE NORMAL PERIOD 1981 TO 2010
CLIMATE RECORD PERIOD 1888 TO 2015


WEATHER ITEM   OBSERVED TIME   RECORD YEAR NORMAL DEPARTURE LAST
                VALUE   (LST)  VALUE       VALUE  FROM      YEAR
                                                  NORMAL
..................................................................
TEMPERATURE (F)
 YESTERDAY
  MAXIMUM         64    326 PM  91    2006  70     -6       76
                                      1955
  MINIMUM         46    642 AM  32    1959  47     -1       47
  AVERAGE         55                        58     -3       62

PRECIPITATION (IN)
  YESTERDAY        0.00          6.03 1944   0.10  -0.10     0.00
  MONTH TO DATE    2.61                      1.75   0.86     0.45
  SINCE MAR 1      2.89                      4.44  -1.55     0.94
  SINCE JAN 1      4.66                      6.45  -1.79     1.93

SNOWFALL (IN)
  YESTERDAY       MM             0.0  2007   0.0   MM        0.0
                                      2001
  MONTH TO DATE    0.0                       0.2   -0.2      0.3
  SINCE MAR 1      1.1                       2.5   -1.4      3.5
  SINCE JUL 1     18.0                      14.9    3.1     23.0
  SNOW DEPTH       0

DEGREE DAYS
 HEATING
  YESTERDAY       10                         8      2        3
  MONTH TO DATE  127                       239   -112      217
  SINCE MAR 1    601                       816   -215      894
  SINCE JUL 1   4166                      4456   -290     4813

 COOLING
  YESTERDAY        0                         1     -1        0
  MONTH TO DATE   25                        15     10       12
  SINCE MAR 1     25                        17      8       12
  SINCE JAN 1     25                        17      8       12
..................................................................


WIND (MPH)
  HIGHEST WIND SPEED    32   HIGHEST WIND DIRECTION    NE (40)
  HIGHEST GUST SPEED    38   HIGHEST GUST DIRECTION    NE (30)
  AVERAGE WIND SPEED    12.5


SKY COVER
  POSSIBLE SUNSHINE  MM
  AVERAGE SKY COVER 0.5


WEATHER CONDITIONS
 THE FOLLOWING WEATHER WAS RECORDED YESTERDAY.
  NO SIGNIFICANT WEATHER WAS OBSERVED.


RELATIVE HUMIDITY (PERCENT)
 HIGHEST    83          1200 AM
 LOWEST     27           100 PM
 AVERAGE    55

..........................................................


THE WICHITA EISENHOWER NATIONAL CLIMATE NORMALS FOR TODAY
                         NORMAL    RECORD    YEAR
 MAXIMUM TEMPERATURE (F)   70        94      2006
 MINIMUM TEMPERATURE (F)   47        32      2013


SUNRISE AND SUNSET
APRIL 23 2015.........SUNRISE   644 AM CDT   SUNSET   812 PM CDT
APRIL 24 2015.........SUNRISE   643 AM CDT   SUNSET   813 PM CDT


-  INDICATES NEGATIVE NUMBERS.
R  INDICATES RECORD WAS SET OR TIED.
MM INDICATES DATA IS MISSING.
T  INDICATES TRACE AMOUNT.




$$

JMBW
