000
CDUS43 KICT 120622
CLIICT


CLIMATE REPORT
NATIONAL WEATHER SERVICE WICHITA KS
121 AM CDT SUN APR 12 2015


...................................

...THE WICHITA EISENHOWER NATIONAL CLIMATE SUMMARY FOR APRIL 11 2015...

CLIMATE NORMAL PERIOD 1981 TO 2010
CLIMATE RECORD PERIOD 1888 TO 2015


WEATHER ITEM   OBSERVED TIME   RECORD YEAR NORMAL DEPARTURE LAST
                VALUE   (LST)  VALUE       VALUE  FROM      YEAR
                                                  NORMAL
..................................................................
TEMPERATURE (F)
 YESTERDAY
  MAXIMUM         71    159 PM  87    1996  66      5       80
  MINIMUM         50    623 AM  24    1940  43      7       50
  AVERAGE         61                        55      6       65

PRECIPITATION (IN)
  YESTERDAY        0.06          1.07 1943   0.07  -0.01     0.00
  MONTH TO DATE    0.14                      0.82  -0.68     0.41
  SINCE MAR 1      0.42                      3.51  -3.09     0.90
  SINCE JAN 1      2.19                      5.52  -3.33     1.89

SNOWFALL (IN)
  YESTERDAY        0.0           0.4  1900   0.1   -0.1      0.0
  MONTH TO DATE    0.0                       0.2   -0.2      0.0
  SINCE MAR 1      1.1                       2.5   -1.4      3.2
  SINCE JUL 1     18.0                      14.9    3.1     22.7
  SNOW DEPTH       0

DEGREE DAYS
 HEATING
  YESTERDAY        4                        11     -7        0
  MONTH TO DATE   75                       137    -62      123
  SINCE MAR 1    549                       714   -165      800
  SINCE JUL 1   4114                      4354   -240     4719

 COOLING
  YESTERDAY        0                         1     -1        0
  MONTH TO DATE   22                         4     18        0
  SINCE MAR 1     22                         6     16        0
  SINCE JAN 1     22                         6     16        0
..................................................................


WIND (MPH)
  HIGHEST WIND SPEED    28   HIGHEST WIND DIRECTION     S (190)
  HIGHEST GUST SPEED    36   HIGHEST GUST DIRECTION     S (180)
  AVERAGE WIND SPEED    13.3


SKY COVER
  POSSIBLE SUNSHINE  MM
  AVERAGE SKY COVER 0.8


WEATHER CONDITIONS
 THE FOLLOWING WEATHER WAS RECORDED YESTERDAY.
  THUNDERSTORM
  RAIN
  LIGHT RAIN
  FOG
  HAZE


RELATIVE HUMIDITY (PERCENT)
 HIGHEST    77           400 AM
 LOWEST     37           100 PM
 AVERAGE    57

..........................................................


THE WICHITA EISENHOWER NATIONAL CLIMATE NORMALS FOR TODAY
                         NORMAL    RECORD    YEAR
 MAXIMUM TEMPERATURE (F)   67        96      1972
 MINIMUM TEMPERATURE (F)   43        21      1940


SUNRISE AND SUNSET
APRIL 12 2015.........SUNRISE   659 AM CDT   SUNSET   802 PM CDT
APRIL 13 2015.........SUNRISE   658 AM CDT   SUNSET   803 PM CDT


-  INDICATES NEGATIVE NUMBERS.
R  INDICATES RECORD WAS SET OR TIED.
MM INDICATES DATA IS MISSING.
T  INDICATES TRACE AMOUNT.




$$
