000
CDUS43 KICT 020637
CLIICT


CLIMATE REPORT
NATIONAL WEATHER SERVICE WICHITA KS
136 AM CDT THU APR 2 2015


...................................

...THE WICHITA EISENHOWER NATIONAL CLIMATE SUMMARY FOR APRIL 1 2015...

CLIMATE NORMAL PERIOD 1981 TO 2010
CLIMATE RECORD PERIOD 1888 TO 2015


WEATHER ITEM   OBSERVED TIME   RECORD YEAR NORMAL DEPARTURE LAST
                VALUE   (LST)  VALUE       VALUE  FROM      YEAR
                                                  NORMAL
..................................................................
TEMPERATURE (F)
 YESTERDAY
  MAXIMUM         87    201 PM  89    1903  63     24       58
  MINIMUM         52    637 AM  20    1972  40     12       35
  AVERAGE         70                        51     19       47

PRECIPITATION (IN)
  YESTERDAY        0.00          1.67 1988   0.08  -0.08     0.00
  MONTH TO DATE    0.00                      0.08  -0.08     0.00
  SINCE MAR 1      0.28                      2.77  -2.49     0.49
  SINCE JAN 1      2.05                      4.78  -2.73     1.48

SNOWFALL (IN)
  YESTERDAY        0.0           5.3  1901   0.0    0.0      0.0
  MONTH TO DATE    0.0                       0.0    0.0      0.0
  SINCE MAR 1      1.1                       2.3   -1.2      3.2
  SINCE JUL 1     18.0                      14.7    3.3     22.7
  SNOW DEPTH       0

DEGREE DAYS
 HEATING
  YESTERDAY        0                        14    -14       18
  MONTH TO DATE    0                        14    -14       18
  SINCE MAR 1    474                       591   -117      695
  SINCE JUL 1   4039                      4231   -192     4614

 COOLING
  YESTERDAY        5                         0      5        0
  MONTH TO DATE    5                         0      5        0
  SINCE MAR 1      5                         2      3        0
  SINCE JAN 1      5                         2      3        0
..................................................................


WIND (MPH)
  HIGHEST WIND SPEED    31   HIGHEST WIND DIRECTION     S (180)
  HIGHEST GUST SPEED    37   HIGHEST GUST DIRECTION     S (180)
  AVERAGE WIND SPEED    17.2


SKY COVER
  POSSIBLE SUNSHINE  MM
  AVERAGE SKY COVER 0.5


WEATHER CONDITIONS
 THE FOLLOWING WEATHER WAS RECORDED YESTERDAY.
  FOG
  HAZE


RELATIVE HUMIDITY (PERCENT)
 HIGHEST    83           700 AM
 LOWEST     32           300 PM
 AVERAGE    58

..........................................................


THE WICHITA EISENHOWER NATIONAL CLIMATE NORMALS FOR TODAY
                         NORMAL    RECORD    YEAR
 MAXIMUM TEMPERATURE (F)   64        90      1889
 MINIMUM TEMPERATURE (F)   40        16      1936


SUNRISE AND SUNSET
APRIL  2 2015.........SUNRISE   714 AM CDT   SUNSET   753 PM CDT
APRIL  3 2015.........SUNRISE   712 AM CDT   SUNSET   754 PM CDT


-  INDICATES NEGATIVE NUMBERS.
R  INDICATES RECORD WAS SET OR TIED.
MM INDICATES DATA IS MISSING.
T  INDICATES TRACE AMOUNT.




$$
