000
CDUS43 KICT 252208
CLIICT


CLIMATE REPORT
NATIONAL WEATHER SERVICE WICHITA KS
508 PM CDT SAT APR 25 2015


...................................

...THE WICHITA EISENHOWER NATIONAL CLIMATE SUMMARY FOR APRIL 25 2015...
VALID TODAY AS OF 0500 PM LOCAL TIME.

CLIMATE NORMAL PERIOD 1981 TO 2010
CLIMATE RECORD PERIOD 1888 TO 2015


WEATHER ITEM   OBSERVED TIME   RECORD YEAR NORMAL DEPARTURE LAST
                VALUE   (LST)  VALUE       VALUE  FROM      YEAR
                                                  NORMAL
..................................................................
TEMPERATURE (F)
 TODAY
  MAXIMUM         76    233 PM  95    2012  71      5       82
  MINIMUM         54    509 AM  33    2013  48      6       39
  AVERAGE         65                        59      6       61

PRECIPITATION (IN)
  TODAY            T             1.32 1915   0.10  -0.10     0.00
  MONTH TO DATE    2.62                      2.05   0.57     0.48
  SINCE MAR 1      2.90                      4.74  -1.84     0.97
  SINCE JAN 1      4.67                      6.75  -2.08     1.96

SNOWFALL (IN)
  TODAY            0.0           T    2011   0.0    0.0      0.0
  MONTH TO DATE    0.0                       0.2   -0.2      0.3
  SINCE MAR 1      1.1                       2.5   -1.4      3.5
  SINCE JUL 1     18.0                      14.9    3.1     23.0
  SNOW DEPTH       0

DEGREE DAYS
 HEATING
  TODAY            0                         7     -7        4
  MONTH TO DATE  134                       260   -126      228
  SINCE MAR 1    608                       837   -229      905
  SINCE JUL 1   4173                      4477   -304     4824

 COOLING
  TODAY            0                         1     -1        0
  MONTH TO DATE   28                        18     10       19
  SINCE MAR 1     28                        20      8       19
  SINCE JAN 1     28                        20      8       19
..................................................................


WIND (MPH)
  HIGHEST WIND SPEED    23   HIGHEST WIND DIRECTION    NW (320)
  HIGHEST GUST SPEED    30   HIGHEST GUST DIRECTION     W (290)
  AVERAGE WIND SPEED    15.1


SKY COVER
  POSSIBLE SUNSHINE  MM
  AVERAGE SKY COVER 0.3


WEATHER CONDITIONS
 THE FOLLOWING WEATHER WAS RECORDED TODAY.
  THUNDERSTORM
  LIGHT RAIN


RELATIVE HUMIDITY (PERCENT)
 HIGHEST    93           500 AM
 LOWEST     43           100 PM
 AVERAGE    68

..........................................................


THE WICHITA EISENHOWER NATIONAL CLIMATE NORMALS FOR TOMORROW
                         NORMAL    RECORD    YEAR
 MAXIMUM TEMPERATURE (F)   71        93      1989
 MINIMUM TEMPERATURE (F)   48        31      1907


SUNRISE AND SUNSET
APRIL 25 2015.........SUNRISE   642 AM CDT   SUNSET   814 PM CDT
APRIL 26 2015.........SUNRISE   640 AM CDT   SUNSET   815 PM CDT


-  INDICATES NEGATIVE NUMBERS.
R  INDICATES RECORD WAS SET OR TIED.
MM INDICATES DATA IS MISSING.
T  INDICATES TRACE AMOUNT.




$$
