000
CDUS43 KICT 040657
CLIICT


CLIMATE REPORT
NATIONAL WEATHER SERVICE WICHITA KS
156 AM CDT MON MAY 4 2015


...................................

...THE WICHITA EISENHOWER NATIONAL CLIMATE SUMMARY FOR MAY 3 2015...

CLIMATE NORMAL PERIOD 1981 TO 2010
CLIMATE RECORD PERIOD 1888 TO 2015


WEATHER ITEM   OBSERVED TIME   RECORD YEAR NORMAL DEPARTURE LAST
                VALUE   (LST)  VALUE       VALUE  FROM      YEAR
                                                  NORMAL
..................................................................
TEMPERATURE (F)
 YESTERDAY
  MAXIMUM         84    259 PM  96    1950  73     11       92
  MINIMUM         62    619 AM  30    1907  51     11       42
  AVERAGE         73                        62     11       67

PRECIPITATION (IN)
  YESTERDAY        0.00          1.05 1958   0.14  -0.14     0.00
  MONTH TO DATE    T                         0.39  -0.39     0.00
  SINCE MAR 1      2.90                      5.67  -2.77     1.02
  SINCE JAN 1      4.67                      7.68  -3.01     2.01

SNOWFALL (IN)
  YESTERDAY        0.0           0.0  2007   0.0    0.0      0.0
                                      2001
  MONTH TO DATE    0.0                       0.0    0.0      0.0
  SINCE MAR 1      1.1                       2.5   -1.4      3.5
  SINCE JUL 1     18.0                      14.9    3.1     23.0
  SNOW DEPTH       0

DEGREE DAYS
 HEATING
  YESTERDAY        0                         5     -5        0
  MONTH TO DATE    0                        15    -15       23
  SINCE MAR 1    637                       883   -246      970
  SINCE JUL 1   4202                      4523   -321     4889

 COOLING
  YESTERDAY        8                         2      6        2
  MONTH TO DATE   14                         4     10        2
  SINCE MAR 1     42                        30     12       35
  SINCE JAN 1     42                        30     12       35
..................................................................


WIND (MPH)
  HIGHEST WIND SPEED    29   HIGHEST WIND DIRECTION     S (190)
  HIGHEST GUST SPEED    35   HIGHEST GUST DIRECTION     S (190)
  AVERAGE WIND SPEED    17.3


SKY COVER
  POSSIBLE SUNSHINE  MM
  AVERAGE SKY COVER 0.7


WEATHER CONDITIONS
 THE FOLLOWING WEATHER WAS RECORDED YESTERDAY.
  NO SIGNIFICANT WEATHER WAS OBSERVED.


RELATIVE HUMIDITY (PERCENT)
 HIGHEST    78           400 AM
 LOWEST     37           300 PM
 AVERAGE    58

..........................................................


THE WICHITA EISENHOWER NATIONAL CLIMATE NORMALS FOR TODAY
                         NORMAL    RECORD    YEAR
 MAXIMUM TEMPERATURE (F)   73       102      2014
 MINIMUM TEMPERATURE (F)   51        28      1907


SUNRISE AND SUNSET
MAY  4 2015...........SUNRISE   631 AM CDT   SUNSET   822 PM CDT
MAY  5 2015...........SUNRISE   630 AM CDT   SUNSET   823 PM CDT


-  INDICATES NEGATIVE NUMBERS.
R  INDICATES RECORD WAS SET OR TIED.
MM INDICATES DATA IS MISSING.
T  INDICATES TRACE AMOUNT.




$$

JMBW
