000
CDUS43 KICT 050651
CLIICT


CLIMATE REPORT
NATIONAL WEATHER SERVICE WICHITA KS
150 AM CDT TUE MAY 5 2015


...................................

...THE WICHITA EISENHOWER NATIONAL CLIMATE SUMMARY FOR MAY 4 2015...

CLIMATE NORMAL PERIOD 1981 TO 2010
CLIMATE RECORD PERIOD 1888 TO 2015


WEATHER ITEM   OBSERVED TIME   RECORD YEAR NORMAL DEPARTURE LAST
                VALUE   (LST)  VALUE       VALUE  FROM      YEAR
                                                  NORMAL
..................................................................
TEMPERATURE (F)
 YESTERDAY
  MAXIMUM         85    158 PM 102    2014  73     12      102
  MINIMUM         57    549 AM  28    1907  51      6       58
  AVERAGE         71                        62      9       80

PRECIPITATION (IN)
  YESTERDAY        0.00          2.16 1961   0.13  -0.13     0.00
  MONTH TO DATE    T                         0.52  -0.52     0.00
  SINCE MAR 1      2.90                      5.80  -2.90     1.02
  SINCE JAN 1      4.67                      7.81  -3.14     2.01

SNOWFALL (IN)
  YESTERDAY        0.0           0.0  2007   0.0    0.0      0.0
                                      2001
  MONTH TO DATE    0.0                       0.0    0.0      0.0
  SINCE MAR 1      1.1                       2.5   -1.4      3.5
  SINCE JUL 1     18.0                      14.9    3.1     23.0
  SNOW DEPTH       0

DEGREE DAYS
 HEATING
  YESTERDAY        0                         4     -4        0
  MONTH TO DATE    0                        19    -19       23
  SINCE MAR 1    637                       887   -250      970
  SINCE JUL 1   4202                      4527   -325     4889

 COOLING
  YESTERDAY        6                         2      4       15
  MONTH TO DATE   20                         6     14       17
  SINCE MAR 1     48                        32     16       50
  SINCE JAN 1     48                        32     16       50
..................................................................


WIND (MPH)
  HIGHEST WIND SPEED    28   HIGHEST WIND DIRECTION     S (190)
  HIGHEST GUST SPEED    33   HIGHEST GUST DIRECTION     S (190)
  AVERAGE WIND SPEED    12.8


SKY COVER
  POSSIBLE SUNSHINE  MM
  AVERAGE SKY COVER 0.8


WEATHER CONDITIONS
 THE FOLLOWING WEATHER WAS RECORDED YESTERDAY.
  NO SIGNIFICANT WEATHER WAS OBSERVED.


RELATIVE HUMIDITY (PERCENT)
 HIGHEST    86           600 AM
 LOWEST     44           200 PM
 AVERAGE    65

..........................................................


THE WICHITA EISENHOWER NATIONAL CLIMATE NORMALS FOR TODAY
                         NORMAL    RECORD    YEAR
 MAXIMUM TEMPERATURE (F)   74        96      1940
 MINIMUM TEMPERATURE (F)   52        35      1944
                                             1917


SUNRISE AND SUNSET
MAY  5 2015...........SUNRISE   630 AM CDT   SUNSET   823 PM CDT
MAY  6 2015...........SUNRISE   629 AM CDT   SUNSET   824 PM CDT


-  INDICATES NEGATIVE NUMBERS.
R  INDICATES RECORD WAS SET OR TIED.
MM INDICATES DATA IS MISSING.
T  INDICATES TRACE AMOUNT.




$$

JMBW
