000
CDUS43 KICT 060750
CLIICT


CLIMATE REPORT
NATIONAL WEATHER SERVICE WICHITA KS
249 AM CDT WED MAY 6 2015


...................................

...THE WICHITA EISENHOWER NATIONAL CLIMATE SUMMARY FOR MAY 5 2015...

CLIMATE NORMAL PERIOD 1981 TO 2010
CLIMATE RECORD PERIOD 1888 TO 2015


WEATHER ITEM   OBSERVED TIME   RECORD YEAR NORMAL DEPARTURE LAST
                VALUE   (LST)  VALUE       VALUE  FROM      YEAR
                                                  NORMAL
..................................................................
TEMPERATURE (F)
 YESTERDAY
  MAXIMUM         78    219 PM  96    1940  74      4       92
  MINIMUM         62    617 AM  35    1944  52     10       64
                                      1917
  AVERAGE         70                        62      8       78

PRECIPITATION (IN)
  YESTERDAY        0.69          2.60 1987   0.13   0.56     0.00
  MONTH TO DATE    0.69                      0.65   0.04     0.00
  SINCE MAR 1      3.59                      5.93  -2.34     1.02
  SINCE JAN 1      5.36                      7.94  -2.58     2.01

SNOWFALL (IN)
  YESTERDAY        0.0           0.0  2007   0.0    0.0      0.0
                                      2001
  MONTH TO DATE    0.0                       0.0    0.0      0.0
  SINCE MAR 1      1.1                       2.5   -1.4      3.5
  SINCE JUL 1     18.0                      14.9    3.1     23.0
  SNOW DEPTH       0

DEGREE DAYS
 HEATING
  YESTERDAY        0                         4     -4        0
  MONTH TO DATE    0                        23    -23       23
  SINCE MAR 1    637                       891   -254      970
  SINCE JUL 1   4202                      4531   -329     4889

 COOLING
  YESTERDAY        5                         2      3       13
  MONTH TO DATE   25                         8     17       30
  SINCE MAR 1     53                        34     19       63
  SINCE JAN 1     53                        34     19       63
..................................................................


WIND (MPH)
  HIGHEST WIND SPEED    28   HIGHEST WIND DIRECTION    SE (150)
  HIGHEST GUST SPEED    35   HIGHEST GUST DIRECTION    SE (140)
  AVERAGE WIND SPEED    15.6


SKY COVER
  POSSIBLE SUNSHINE  MM
  AVERAGE SKY COVER 0.9


WEATHER CONDITIONS
 THE FOLLOWING WEATHER WAS RECORDED YESTERDAY.
  HEAVY RAIN
  RAIN
  LIGHT RAIN
  FOG


RELATIVE HUMIDITY (PERCENT)
 HIGHEST    93          1000 PM
 LOWEST     41           400 PM
 AVERAGE    67

..........................................................


THE WICHITA EISENHOWER NATIONAL CLIMATE NORMALS FOR TODAY
                         NORMAL    RECORD    YEAR
 MAXIMUM TEMPERATURE (F)   74        99      2014
 MINIMUM TEMPERATURE (F)   52        33      1944


SUNRISE AND SUNSET
MAY  6 2015...........SUNRISE   629 AM CDT   SUNSET   824 PM CDT
MAY  7 2015...........SUNRISE   628 AM CDT   SUNSET   825 PM CDT


-  INDICATES NEGATIVE NUMBERS.
R  INDICATES RECORD WAS SET OR TIED.
MM INDICATES DATA IS MISSING.
T  INDICATES TRACE AMOUNT.




$$

JMBW
