000
CDUS43 KICT 010627
CLIICT


CLIMATE REPORT
NATIONAL WEATHER SERVICE WICHITA KS
126 AM CDT FRI MAY 1 2015


...................................

...THE WICHITA EISENHOWER NATIONAL CLIMATE SUMMARY FOR APRIL 30 2015...

CLIMATE NORMAL PERIOD 1981 TO 2010
CLIMATE RECORD PERIOD 1888 TO 2015


WEATHER ITEM   OBSERVED TIME   RECORD YEAR NORMAL DEPARTURE LAST
                VALUE   (LST)  VALUE       VALUE  FROM      YEAR
                                                  NORMAL
..................................................................
TEMPERATURE (F)
 YESTERDAY
  MAXIMUM         80    516 PM  91    1959  72      8       61
  MINIMUM         43    507 AM  30    1907  50     -7       39
                                      1903
  AVERAGE         62                        61      1       50

PRECIPITATION (IN)
  YESTERDAY        0.00          2.26 1951   0.11  -0.11     0.00
  MONTH TO DATE    2.62                      2.59   0.03     0.53
  SINCE MAR 1      2.90                      5.28  -2.38     1.02
  SINCE JAN 1      4.67                      7.29  -2.62     2.01

SNOWFALL (IN)
  YESTERDAY        0.0           0.0  2007   0.0    0.0      0.0
  MONTH TO DATE    0.0                       0.2   -0.2      0.3
  SINCE MAR 1      1.1                       2.5   -1.4      3.5
  SINCE JUL 1     18.0                      14.9    3.1     23.0
  SNOW DEPTH       0

DEGREE DAYS
 HEATING
  YESTERDAY        3                         5     -2       15
  MONTH TO DATE  163                       290   -127      270
  SINCE MAR 1    637                       868   -231      947
  SINCE JUL 1   4202                      4508   -306     4866

 COOLING
  YESTERDAY        0                         1     -1        0
  MONTH TO DATE   28                        24      4       33
  SINCE MAR 1     28                        26      2       33
  SINCE JAN 1     28                        26      2       33
..................................................................


WIND (MPH)
  HIGHEST WIND SPEED    13   HIGHEST WIND DIRECTION     E (100)
  HIGHEST GUST SPEED    16   HIGHEST GUST DIRECTION     E (110)
  AVERAGE WIND SPEED     5.0


SKY COVER
  POSSIBLE SUNSHINE  MM
  AVERAGE SKY COVER 0.1


WEATHER CONDITIONS
 THE FOLLOWING WEATHER WAS RECORDED YESTERDAY.
  NO SIGNIFICANT WEATHER WAS OBSERVED.


RELATIVE HUMIDITY (PERCENT)
 HIGHEST    86           500 AM
 LOWEST     25           200 PM
 AVERAGE    56

..........................................................


THE WICHITA EISENHOWER NATIONAL CLIMATE NORMALS FOR TODAY
                         NORMAL    RECORD    YEAR
 MAXIMUM TEMPERATURE (F)   72        91      1968
 MINIMUM TEMPERATURE (F)   50        27      1909


SUNRISE AND SUNSET
MAY  1 2015...........SUNRISE   634 AM CDT   SUNSET   820 PM CDT
MAY  2 2015...........SUNRISE   633 AM CDT   SUNSET   821 PM CDT


-  INDICATES NEGATIVE NUMBERS.
R  INDICATES RECORD WAS SET OR TIED.
MM INDICATES DATA IS MISSING.
T  INDICATES TRACE AMOUNT.




$$
