000
CDUS43 KICT 290626
CLIICT


CLIMATE REPORT
NATIONAL WEATHER SERVICE WICHITA KS
126 AM CDT WED APR 29 2015


...................................

...THE WICHITA EISENHOWER NATIONAL CLIMATE SUMMARY FOR APRIL 28 2015...

CLIMATE NORMAL PERIOD 1981 TO 2010
CLIMATE RECORD PERIOD 1888 TO 2015


WEATHER ITEM   OBSERVED TIME   RECORD YEAR NORMAL DEPARTURE LAST
                VALUE   (LST)  VALUE       VALUE  FROM      YEAR
                                                  NORMAL
..................................................................
TEMPERATURE (F)
 YESTERDAY
  MAXIMUM         71    405 PM  90    1910  72     -1       65
                                      1899
  MINIMUM         46   1132 PM  32    1965  49     -3       47
  AVERAGE         59                        60     -1       56

PRECIPITATION (IN)
  YESTERDAY        0.00          2.10 1912   0.10  -0.10     0.00
  MONTH TO DATE    2.62                      2.37   0.25     0.51
  SINCE MAR 1      2.90                      5.06  -2.16     1.00
  SINCE JAN 1      4.67                      7.07  -2.40     1.99

SNOWFALL (IN)
  YESTERDAY        0.0           0.0  2007   0.0    0.0      0.0
  MONTH TO DATE    0.0                       0.2   -0.2      0.3
  SINCE MAR 1      1.1                       2.5   -1.4      3.5
  SINCE JUL 1     18.0                      14.9    3.1     23.0
  SNOW DEPTH       0

DEGREE DAYS
 HEATING
  YESTERDAY        6                         6      0        9
  MONTH TO DATE  157                       279   -122      237
  SINCE MAR 1    631                       856   -225      914
  SINCE JUL 1   4196                      4496   -300     4833

 COOLING
  YESTERDAY        0                         1     -1        0
  MONTH TO DATE   28                        21      7       33
  SINCE MAR 1     28                        23      5       33
  SINCE JAN 1     28                        23      5       33
..................................................................


WIND (MPH)
  HIGHEST WIND SPEED    17   HIGHEST WIND DIRECTION     N (350)
  HIGHEST GUST SPEED    25   HIGHEST GUST DIRECTION     N (350)
  AVERAGE WIND SPEED     7.9


SKY COVER
  POSSIBLE SUNSHINE  MM
  AVERAGE SKY COVER 0.6


WEATHER CONDITIONS
 THE FOLLOWING WEATHER WAS RECORDED YESTERDAY.
  NO SIGNIFICANT WEATHER WAS OBSERVED.


RELATIVE HUMIDITY (PERCENT)
 HIGHEST    71           400 AM
 LOWEST     31           300 PM
 AVERAGE    51

..........................................................


THE WICHITA EISENHOWER NATIONAL CLIMATE NORMALS FOR TODAY
                         NORMAL    RECORD    YEAR
 MAXIMUM TEMPERATURE (F)   72        96      1910
 MINIMUM TEMPERATURE (F)   49        30      1903


SUNRISE AND SUNSET
APRIL 29 2015.........SUNRISE   637 AM CDT   SUNSET   818 PM CDT
APRIL 30 2015.........SUNRISE   636 AM CDT   SUNSET   819 PM CDT


-  INDICATES NEGATIVE NUMBERS.
R  INDICATES RECORD WAS SET OR TIED.
MM INDICATES DATA IS MISSING.
T  INDICATES TRACE AMOUNT.




$$
