000
CDUS43 KICT 272209
CLIICT


CLIMATE REPORT
NATIONAL WEATHER SERVICE WICHITA KS
509 PM CDT MON APR 27 2015


...................................

...THE WICHITA EISENHOWER NATIONAL CLIMATE SUMMARY FOR APRIL 27 2015...
VALID TODAY AS OF 0500 PM LOCAL TIME.

CLIMATE NORMAL PERIOD 1981 TO 2010
CLIMATE RECORD PERIOD 1888 TO 2015


WEATHER ITEM   OBSERVED TIME   RECORD YEAR NORMAL DEPARTURE LAST
                VALUE   (LST)  VALUE       VALUE  FROM      YEAR
                                                  NORMAL
..................................................................
TEMPERATURE (F)
 TODAY
  MAXIMUM         64    408 PM  94    1956  71     -7       82
  MINIMUM         51    733 AM  31    1995  49      2       57
                                      1967
  AVERAGE         58                        60     -2       70

PRECIPITATION (IN)
  TODAY            T             2.13 1951   0.11  -0.11     0.03
  MONTH TO DATE    2.62                      2.27   0.35     0.51
  SINCE MAR 1      2.90                      4.96  -2.06     1.00
  SINCE JAN 1      4.67                      6.97  -2.30     1.99

SNOWFALL (IN)
  TODAY            0.0           0.0  2007   0.0    0.0      0.0
  MONTH TO DATE    0.0                       0.2   -0.2      0.3
  SINCE MAR 1      1.1                       2.5   -1.4      3.5
  SINCE JUL 1     18.0                      14.9    3.1     23.0
  SNOW DEPTH       0

DEGREE DAYS
 HEATING
  TODAY            7                         6      1        0
  MONTH TO DATE  151                       273   -122      228
  SINCE MAR 1    625                       850   -225      905
  SINCE JUL 1   4190                      4490   -300     4824

 COOLING
  TODAY            0                         1     -1        5
  MONTH TO DATE   28                        20      8       33
  SINCE MAR 1     28                        22      6       33
  SINCE JAN 1     28                        22      6       33
..................................................................


WIND (MPH)
  HIGHEST WIND SPEED    31   HIGHEST WIND DIRECTION    NE (50)
  HIGHEST GUST SPEED    40   HIGHEST GUST DIRECTION    NE (40)
  AVERAGE WIND SPEED    18.3


SKY COVER
  POSSIBLE SUNSHINE  MM
  AVERAGE SKY COVER 0.9


WEATHER CONDITIONS
 THE FOLLOWING WEATHER WAS RECORDED TODAY.
  NO SIGNIFICANT WEATHER WAS OBSERVED.


RELATIVE HUMIDITY (PERCENT)
 HIGHEST    68           100 AM
 LOWEST     34           200 PM
 AVERAGE    51

..........................................................


THE WICHITA EISENHOWER NATIONAL CLIMATE NORMALS FOR TOMORROW
                         NORMAL    RECORD    YEAR
 MAXIMUM TEMPERATURE (F)   72        90      1910
                                             1899
 MINIMUM TEMPERATURE (F)   49        32      1965


SUNRISE AND SUNSET
APRIL 27 2015.........SUNRISE   639 AM CDT   SUNSET   816 PM CDT
APRIL 28 2015.........SUNRISE   638 AM CDT   SUNSET   817 PM CDT


-  INDICATES NEGATIVE NUMBERS.
R  INDICATES RECORD WAS SET OR TIED.
MM INDICATES DATA IS MISSING.
T  INDICATES TRACE AMOUNT.




$$
