000
CDUS43 KICT 242209
CLIICT

CLIMATE REPORT
NATIONAL WEATHER SERVICE WICHITA KS
509 PM CDT FRI APR 24 2015


...................................

...THE WICHITA EISENHOWER NATIONAL CLIMATE SUMMARY FOR APRIL 24 2015...
VALID TODAY AS OF 0500 PM LOCAL TIME.

CLIMATE NORMAL PERIOD 1981 TO 2010
CLIMATE RECORD PERIOD 1888 TO 2015


WEATHER ITEM   OBSERVED TIME   RECORD YEAR NORMAL DEPARTURE LAST
                VALUE   (LST)  VALUE       VALUE  FROM      YEAR
                                                  NORMAL
..................................................................
TEMPERATURE (F)
 TODAY
  MAXIMUM         79    238 PM  90    1989  70      9       70
                                      1893
  MINIMUM         57    755 AM  25    2013  48      9       46
  AVERAGE         68                        59      9       58

PRECIPITATION (IN)
  TODAY            T             1.25 1942   0.10  -0.10     0.03
  MONTH TO DATE    2.61                      1.95   0.66     0.48
  SINCE MAR 1      2.89                      4.64  -1.75     0.97
  SINCE JAN 1      4.66                      6.65  -1.99     1.96

SNOWFALL (IN)
  TODAY            0.0           0.0  2007   0.0    0.0      0.0
  MONTH TO DATE    0.0                       0.2   -0.2      0.3
  SINCE MAR 1      1.1                       2.5   -1.4      3.5
  SINCE JUL 1     18.0                      14.9    3.1     23.0
  SNOW DEPTH       0

DEGREE DAYS
 HEATING
  TODAY            0                         7     -7        7
  MONTH TO DATE  134                       253   -119      224
  SINCE MAR 1    608                       830   -222      901
  SINCE JUL 1   4173                      4470   -297     4820

 COOLING
  TODAY            3                         1      2        0
  MONTH TO DATE   28                        17     11       19
  SINCE MAR 1     28                        19      9       19
  SINCE JAN 1     28                        19      9       19
..................................................................


WIND (MPH)
  HIGHEST WIND SPEED    31   HIGHEST WIND DIRECTION     S (180)
  HIGHEST GUST SPEED    39   HIGHEST GUST DIRECTION     S (170)
  AVERAGE WIND SPEED    17.2


SKY COVER
  POSSIBLE SUNSHINE  MM
  AVERAGE SKY COVER 0.9


WEATHER CONDITIONS
 THE FOLLOWING WEATHER WAS RECORDED TODAY.
  LIGHT RAIN
  FOG
  HAZE


RELATIVE HUMIDITY (PERCENT)
 HIGHEST    90          1000 AM
 LOWEST     56           300 PM
 AVERAGE    73

..........................................................


THE WICHITA EISENHOWER NATIONAL CLIMATE NORMALS FOR TOMORROW
                         NORMAL    RECORD    YEAR
 MAXIMUM TEMPERATURE (F)   71        95      2012
 MINIMUM TEMPERATURE (F)   48        33      2013


SUNRISE AND SUNSET
APRIL 24 2015.........SUNRISE   643 AM CDT   SUNSET   813 PM CDT
APRIL 25 2015.........SUNRISE   642 AM CDT   SUNSET   814 PM CDT


-  INDICATES NEGATIVE NUMBERS.
R  INDICATES RECORD WAS SET OR TIED.
MM INDICATES DATA IS MISSING.
T  INDICATES TRACE AMOUNT.




$$
