000
CDUS43 KICT 200628
CLIICT


CLIMATE REPORT
NATIONAL WEATHER SERVICE WICHITA KS
127 AM CDT MON APR 20 2015


...................................

...THE WICHITA EISENHOWER NATIONAL CLIMATE SUMMARY FOR APRIL 19 2015...

CLIMATE NORMAL PERIOD 1981 TO 2010
CLIMATE RECORD PERIOD 1888 TO 2015


WEATHER ITEM   OBSERVED TIME   RECORD YEAR NORMAL DEPARTURE LAST
                VALUE   (LST)  VALUE       VALUE  FROM      YEAR
                                                  NORMAL
..................................................................
TEMPERATURE (F)
 YESTERDAY
  MAXIMUM         67   1258 PM  91    1987  69     -2       81
  MINIMUM         43    859 PM  31    2013  46     -3       46
  AVERAGE         55                        57     -2       64

PRECIPITATION (IN)
  YESTERDAY        0.01          1.82 2003   0.09  -0.08     0.00
  MONTH TO DATE    2.60                      1.48   1.12     0.45
  SINCE MAR 1      2.88                      4.17  -1.29     0.94
  SINCE JAN 1      4.65                      6.18  -1.53     1.93

SNOWFALL (IN)
  YESTERDAY       MM             T    1955   0.0   MM        0.0
  MONTH TO DATE    0.0                       0.2   -0.2      0.3
  SINCE MAR 1      1.1                       2.5   -1.4      3.5
  SINCE JUL 1     18.0                      14.9    3.1     23.0
  SNOW DEPTH       0

DEGREE DAYS
 HEATING
  YESTERDAY       10                         9      1        1
  MONTH TO DATE   98                       215   -117      214
  SINCE MAR 1    572                       792   -220      891
  SINCE JUL 1   4137                      4432   -295     4810

 COOLING
  YESTERDAY        0                         1     -1        0
  MONTH TO DATE   25                        12     13        9
  SINCE MAR 1     25                        14     11        9
  SINCE JAN 1     25                        14     11        9
..................................................................


WIND (MPH)
  HIGHEST WIND SPEED    40   HIGHEST WIND DIRECTION     N (340)
  HIGHEST GUST SPEED    49   HIGHEST GUST DIRECTION     N (350)
  AVERAGE WIND SPEED    12.1


SKY COVER
  POSSIBLE SUNSHINE  MM
  AVERAGE SKY COVER 0.7


WEATHER CONDITIONS
 THE FOLLOWING WEATHER WAS RECORDED YESTERDAY.
  THUNDERSTORM
  RAIN
  LIGHT RAIN
  HAIL
  FOG


RELATIVE HUMIDITY (PERCENT)
 HIGHEST    96           300 AM
 LOWEST     54           500 PM
 AVERAGE    75

..........................................................


THE WICHITA EISENHOWER NATIONAL CLIMATE NORMALS FOR TODAY
                         NORMAL    RECORD    YEAR
 MAXIMUM TEMPERATURE (F)   69        93      1961
 MINIMUM TEMPERATURE (F)   46        31      1978
                                             1966
                                             1918


SUNRISE AND SUNSET
APRIL 20 2015.........SUNRISE   648 AM CDT   SUNSET   810 PM CDT
APRIL 21 2015.........SUNRISE   647 AM CDT   SUNSET   811 PM CDT


-  INDICATES NEGATIVE NUMBERS.
R  INDICATES RECORD WAS SET OR TIED.
MM INDICATES DATA IS MISSING.
T  INDICATES TRACE AMOUNT.




$$

JMBW
