000
CDUS43 KTOP 300632
CLITOP


CLIMATE REPORT
NATIONAL WEATHER SERVICE TOPEKA KS
131 AM CDT MON MAR 30 2015


...................................

...THE TOPEKA KS CLIMATE SUMMARY FOR MARCH 29 2015...

CLIMATE NORMAL PERIOD 1981 TO 2010
CLIMATE RECORD PERIOD 1887 TO 2015


WEATHER ITEM   OBSERVED TIME   RECORD YEAR NORMAL DEPARTURE LAST
                VALUE   (LST)  VALUE       VALUE  FROM      YEAR
                                                  NORMAL
..................................................................
TEMPERATURE (F)
 YESTERDAY
  MAXIMUM         71    250 PM  89    1986  61     10       60
  MINIMUM         37   1156 PM  16    1894  37      0       29
  AVERAGE         54                        49      5       45

PRECIPITATION (IN)
  YESTERDAY        0.00          1.84 1980   0.10  -0.10     0.00
  MONTH TO DATE    0.77                      2.28  -1.51     0.73
  SINCE MAR 1      0.77                      2.28  -1.51     0.73
  SINCE JAN 1      2.76                      4.46  -1.70     2.39

SNOWFALL (IN)
  YESTERDAY        0.0           2.0  1926   0.0    0.0      0.0
  MONTH TO DATE    T                         1.5   -1.5      4.1
  SINCE JAN 1      7.9                      10.9   -3.0     23.0
  SINCE JUL 1     10.3                      17.4   -7.1     27.3
  SNOW DEPTH       0

DEGREE DAYS
 HEATING
  YESTERDAY       11                        16     -5       20
  MONTH TO DATE  536                       597    -61      697
  SINCE MAR 1    536                       597    -61      697
  SINCE JUL 1   4537                      4564    -27     5019

 COOLING
  YESTERDAY        0                         0      0        0
  MONTH TO DATE    0                         0      0        0
  SINCE MAR 1      0                         0      0        0
  SINCE JAN 1      0                         0      0        0
..................................................................


WIND (MPH)
  HIGHEST WIND SPEED    28   HIGHEST WIND DIRECTION    NW (300)
  HIGHEST GUST SPEED    35   HIGHEST GUST DIRECTION    NW (310)
  AVERAGE WIND SPEED    10.0


SKY COVER
  AVERAGE SKY COVER 0.0


WEATHER CONDITIONS
 THE FOLLOWING WEATHER WAS RECORDED YESTERDAY.
  NO SIGNIFICANT WEATHER WAS OBSERVED.


RELATIVE HUMIDITY (PERCENT)
 HIGHEST    83           800 AM
 LOWEST     33           100 PM
 AVERAGE    58

..........................................................


THE TOPEKA KS CLIMATE NORMALS FOR TODAY
                         NORMAL    RECORD    YEAR
 MAXIMUM TEMPERATURE (F)   62        85      1943
 MINIMUM TEMPERATURE (F)   38        14      1964


SUNRISE AND SUNSET
MARCH 30 2015.........SUNRISE   711 AM CDT   SUNSET   744 PM CDT
MARCH 31 2015.........SUNRISE   709 AM CDT   SUNSET   745 PM CDT


-  INDICATES NEGATIVE NUMBERS.
R  INDICATES RECORD WAS SET OR TIED.
MM INDICATES DATA IS MISSING.
T  INDICATES TRACE AMOUNT.




$$
