000
CDUS43 KTOP 200651
CLITOP


CLIMATE REPORT
NATIONAL WEATHER SERVICE TOPEKA KS
150 AM CDT MON APR 20 2015


...................................

...THE TOPEKA KS CLIMATE SUMMARY FOR APRIL 19 2015...

CLIMATE NORMAL PERIOD 1981 TO 2010
CLIMATE RECORD PERIOD 1887 TO 2015


WEATHER ITEM   OBSERVED TIME   RECORD YEAR NORMAL DEPARTURE LAST
                VALUE   (LST)  VALUE       VALUE  FROM      YEAR
                                                  NORMAL
..................................................................
TEMPERATURE (F)
 YESTERDAY
  MAXIMUM         67   1217 PM  91    1987  68     -1       79
  MINIMUM         49   1159 PM  27    1953  45      4       48
  AVERAGE         58                        56      2       64

PRECIPITATION (IN)
  YESTERDAY        0.07          3.19 2003   0.11  -0.04     0.00
  MONTH TO DATE    1.85                      2.06  -0.21     1.29
  SINCE MAR 1      2.62                      4.55  -1.93     2.02
  SINCE JAN 1      4.61                      6.73  -2.12     3.68

SNOWFALL (IN)
  YESTERDAY       MM             T    1993   0.0   MM        0.0
  MONTH TO DATE    0.0                       0.3   -0.3      0.1
  SINCE JAN 1      7.9                      11.3   -3.4     23.1
  SINCE JUL 1     10.3                      17.8   -7.5     27.4
  SNOW DEPTH       0

DEGREE DAYS
 HEATING
  YESTERDAY        7                        10     -3        1
  MONTH TO DATE  121                       235   -114      257
  SINCE MAR 1    674                       863   -189      967
  SINCE JUL 1   4675                      4830   -155     5289

 COOLING
  YESTERDAY        0                         1     -1        0
  MONTH TO DATE    5                        12     -7        5
  SINCE MAR 1      5                        15    -10        5
  SINCE JAN 1      5                        15    -10        5
..................................................................


WIND (MPH)
  HIGHEST WIND SPEED    24   HIGHEST WIND DIRECTION    NW (330)
  HIGHEST GUST SPEED    33   HIGHEST GUST DIRECTION     N (340)
  AVERAGE WIND SPEED    10.5


SKY COVER
  AVERAGE SKY COVER 0.7


WEATHER CONDITIONS
 THE FOLLOWING WEATHER WAS RECORDED YESTERDAY.
  LIGHT RAIN
  FOG


RELATIVE HUMIDITY (PERCENT)
 HIGHEST   100           400 AM
 LOWEST     54          1100 PM
 AVERAGE    77

..........................................................


THE TOPEKA KS CLIMATE NORMALS FOR TODAY
                         NORMAL    RECORD    YEAR
 MAXIMUM TEMPERATURE (F)   68        94      1902
 MINIMUM TEMPERATURE (F)   45        24      1953


SUNRISE AND SUNSET
APRIL 20 2015.........SUNRISE   639 AM CDT   SUNSET   804 PM CDT
APRIL 21 2015.........SUNRISE   638 AM CDT   SUNSET   805 PM CDT


-  INDICATES NEGATIVE NUMBERS.
R  INDICATES RECORD WAS SET OR TIED.
MM INDICATES DATA IS MISSING.
T  INDICATES TRACE AMOUNT.




$$
