000
CDUS43 KTOP 010631
CLITOP


CLIMATE REPORT
NATIONAL WEATHER SERVICE TOPEKA KS
131 AM CDT WED APR 1 2015


...................................

...THE TOPEKA KS CLIMATE SUMMARY FOR MARCH 31 2015...

CLIMATE NORMAL PERIOD 1981 TO 2010
CLIMATE RECORD PERIOD 1887 TO 2015


WEATHER ITEM   OBSERVED TIME   RECORD YEAR NORMAL DEPARTURE LAST
                VALUE   (LST)  VALUE       VALUE  FROM      YEAR
                                                  NORMAL
..................................................................
TEMPERATURE (F)
 YESTERDAY
  MAXIMUM         78    427 PM  93    1946  62     16       80
  MINIMUM         41    552 AM  17    1899  38      3       36
  AVERAGE         60                        50     10       58

PRECIPITATION (IN)
  YESTERDAY        0.00          2.69 1927   0.11  -0.11     0.00
  MONTH TO DATE    0.77                      2.49  -1.72     0.73
  SINCE MAR 1      0.77                      2.49  -1.72     0.73
  SINCE JAN 1      2.76                      4.67  -1.91     2.39

SNOWFALL (IN)
  YESTERDAY        0.0           3.0  1972   0.0    0.0      0.0
  MONTH TO DATE    T                         1.6   -1.6      4.1
  SINCE JAN 1      7.9                      11.0   -3.1     23.0
  SINCE JUL 1     10.3                      17.5   -7.2     27.3
  SNOW DEPTH       0

DEGREE DAYS
 HEATING
  YESTERDAY        5                        15    -10        7
  MONTH TO DATE  553                       628    -75      710
  SINCE MAR 1    553                       628    -75      710
  SINCE JUL 1   4554                      4595    -41     5032

 COOLING
  YESTERDAY        0                         0      0        0
  MONTH TO DATE    0                         3     -3        0
  SINCE MAR 1      0                         3     -3        0
  SINCE JAN 1      0                         3     -3        0
..................................................................


WIND (MPH)
  HIGHEST WIND SPEED    16   HIGHEST WIND DIRECTION    NE (60)
  HIGHEST GUST SPEED    19   HIGHEST GUST DIRECTION     E (70)
  AVERAGE WIND SPEED     5.3


SKY COVER
  AVERAGE SKY COVER 0.0


WEATHER CONDITIONS
 THE FOLLOWING WEATHER WAS RECORDED YESTERDAY.
  FOG
  HAZE


RELATIVE HUMIDITY (PERCENT)
 HIGHEST    76           300 AM
 LOWEST     19          1200 PM
 AVERAGE    48

..........................................................


THE TOPEKA KS CLIMATE NORMALS FOR TODAY
                         NORMAL    RECORD    YEAR
 MAXIMUM TEMPERATURE (F)   62        91      1940
 MINIMUM TEMPERATURE (F)   38        20      1936


SUNRISE AND SUNSET
APRIL  1 2015.........SUNRISE   707 AM CDT   SUNSET   746 PM CDT
APRIL  2 2015.........SUNRISE   706 AM CDT   SUNSET   747 PM CDT


-  INDICATES NEGATIVE NUMBERS.
R  INDICATES RECORD WAS SET OR TIED.
MM INDICATES DATA IS MISSING.
T  INDICATES TRACE AMOUNT.




$$
