000
CDUS43 KTOP 150632
CLITOP


CLIMATE REPORT
NATIONAL WEATHER SERVICE TOPEKA KS
132 AM CDT WED APR 15 2015


...................................

...THE TOPEKA KS CLIMATE SUMMARY FOR APRIL 14 2015...

CLIMATE NORMAL PERIOD 1981 TO 2010
CLIMATE RECORD PERIOD 1887 TO 2015


WEATHER ITEM   OBSERVED TIME   RECORD YEAR NORMAL DEPARTURE LAST
                VALUE   (LST)  VALUE       VALUE  FROM      YEAR
                                                  NORMAL
..................................................................
TEMPERATURE (F)
 YESTERDAY
  MAXIMUM         71    405 PM  92    2006  66      5       48
  MINIMUM         44    559 AM  21    1950  43      1       32
  AVERAGE         58                        55      3       40

PRECIPITATION (IN)
  YESTERDAY        0.00          1.93 2001   0.12  -0.12     0.02
  MONTH TO DATE    1.03                      1.49  -0.46     1.29
  SINCE MAR 1      1.80                      3.98  -2.18     2.02
  SINCE JAN 1      3.79                      6.16  -2.37     3.68

SNOWFALL (IN)
  YESTERDAY        0.0           T    2007   0.0    0.0      0.1
                                      2001
  MONTH TO DATE    0.0                       0.2   -0.2      0.1
  SINCE JAN 1      7.9                      11.2   -3.3     23.1
  SINCE JUL 1     10.3                      17.7   -7.4     27.4
  SNOW DEPTH       0

DEGREE DAYS
 HEATING
  YESTERDAY        7                        11     -4       25
  MONTH TO DATE  101                       183    -82      192
  SINCE MAR 1    654                       811   -157      902
  SINCE JUL 1   4655                      4778   -123     5224

 COOLING
  YESTERDAY        0                         1     -1        0
  MONTH TO DATE    5                         7     -2        5
  SINCE MAR 1      5                        10     -5        5
  SINCE JAN 1      5                        10     -5        5
..................................................................


WIND (MPH)
  HIGHEST WIND SPEED    20   HIGHEST WIND DIRECTION     E (80)
  HIGHEST GUST SPEED    25   HIGHEST GUST DIRECTION     E (90)
  AVERAGE WIND SPEED     6.5


SKY COVER
  AVERAGE SKY COVER 0.2


WEATHER CONDITIONS
 THE FOLLOWING WEATHER WAS RECORDED YESTERDAY.
  NO SIGNIFICANT WEATHER WAS OBSERVED.


RELATIVE HUMIDITY (PERCENT)
 HIGHEST    89           600 AM
 LOWEST     22           100 PM
 AVERAGE    56

..........................................................


THE TOPEKA KS CLIMATE NORMALS FOR TODAY
                         NORMAL    RECORD    YEAR
 MAXIMUM TEMPERATURE (F)   67        90      1924
                                             1896
 MINIMUM TEMPERATURE (F)   43        25      1928


SUNRISE AND SUNSET
APRIL 15 2015.........SUNRISE   646 AM CDT   SUNSET   800 PM CDT
APRIL 16 2015.........SUNRISE   645 AM CDT   SUNSET   801 PM CDT


-  INDICATES NEGATIVE NUMBERS.
R  INDICATES RECORD WAS SET OR TIED.
MM INDICATES DATA IS MISSING.
T  INDICATES TRACE AMOUNT.




$$
