000
CDUS43 KTOP 230636
CLITOP


CLIMATE REPORT
NATIONAL WEATHER SERVICE TOPEKA KS
135 AM CDT THU APR 23 2015


...................................

...THE TOPEKA KS CLIMATE SUMMARY FOR APRIL 22 2015...

CLIMATE NORMAL PERIOD 1981 TO 2010
CLIMATE RECORD PERIOD 1887 TO 2015


WEATHER ITEM   OBSERVED TIME   RECORD YEAR NORMAL DEPARTURE LAST
                VALUE   (LST)  VALUE       VALUE  FROM      YEAR
                                                  NORMAL
..................................................................
TEMPERATURE (F)
 YESTERDAY
  MAXIMUM         59    442 PM  94    1953  69    -10       74
  MINIMUM         37    607 AM  26    1986  46     -9       45
  AVERAGE         48                        57     -9       60

PRECIPITATION (IN)
  YESTERDAY        0.00          2.36 1944   0.13  -0.13     0.00
  MONTH TO DATE    1.85                      2.42  -0.57     1.39
  SINCE MAR 1      2.62                      4.91  -2.29     2.12
  SINCE JAN 1      4.61                      7.09  -2.48     3.78

SNOWFALL (IN)
  YESTERDAY        0.0           T    1930   0.0    0.0      0.0
  MONTH TO DATE    0.0                       0.3   -0.3      0.1
  SINCE JAN 1      7.9                      11.3   -3.4     23.1
  SINCE JUL 1     10.3                      17.8   -7.5     27.4
  SNOW DEPTH       0

DEGREE DAYS
 HEATING
  YESTERDAY       17                         9      8        5
  MONTH TO DATE  162                       262   -100      262
  SINCE MAR 1    715                       890   -175      972
  SINCE JUL 1   4716                      4857   -141     5294

 COOLING
  YESTERDAY        0                         1     -1        0
  MONTH TO DATE    5                        15    -10       10
  SINCE MAR 1      5                        18    -13       10
  SINCE JAN 1      5                        18    -13       10
..................................................................


WIND (MPH)
  HIGHEST WIND SPEED    13   HIGHEST WIND DIRECTION     N (20)
  HIGHEST GUST SPEED    17   HIGHEST GUST DIRECTION    NE (60)
  AVERAGE WIND SPEED     5.5


SKY COVER
  AVERAGE SKY COVER 0.1


WEATHER CONDITIONS
 THE FOLLOWING WEATHER WAS RECORDED YESTERDAY.
  NO SIGNIFICANT WEATHER WAS OBSERVED.


RELATIVE HUMIDITY (PERCENT)
 HIGHEST    76          1100 PM
 LOWEST     25           300 PM
 AVERAGE    51

..........................................................


THE TOPEKA KS CLIMATE NORMALS FOR TODAY
                         NORMAL    RECORD    YEAR
 MAXIMUM TEMPERATURE (F)   69        92      1939
 MINIMUM TEMPERATURE (F)   46        30      1982
                                             1956


SUNRISE AND SUNSET
APRIL 23 2015.........SUNRISE   635 AM CDT   SUNSET   807 PM CDT
APRIL 24 2015.........SUNRISE   634 AM CDT   SUNSET   808 PM CDT


-  INDICATES NEGATIVE NUMBERS.
R  INDICATES RECORD WAS SET OR TIED.
MM INDICATES DATA IS MISSING.
T  INDICATES TRACE AMOUNT.

$$
