000
CDUS43 KTOP 030637
CLITOP


CLIMATE REPORT
NATIONAL WEATHER SERVICE TOPEKA KS
137 AM CDT SUN MAY 3 2015


...................................

...THE TOPEKA KS CLIMATE SUMMARY FOR MAY 2 2015...

CLIMATE NORMAL PERIOD 1981 TO 2010
CLIMATE RECORD PERIOD 1887 TO 2015


WEATHER ITEM   OBSERVED TIME   RECORD YEAR NORMAL DEPARTURE LAST
                VALUE   (LST)  VALUE       VALUE  FROM      YEAR
                                                  NORMAL
..................................................................
TEMPERATURE (F)
 YESTERDAY
  MAXIMUM         79    405 PM  89    1952  72      7       73
  MINIMUM         55    439 AM  29    1961  50      5       39
  AVERAGE         67                        61      6       56

PRECIPITATION (IN)
  YESTERDAY        0.00          2.14 1892   0.15  -0.15     0.00
  MONTH TO DATE    0.00                      0.30  -0.30     0.00
  SINCE MAR 1      3.17                      6.32  -3.15     4.18
  SINCE JAN 1      5.16                      8.50  -3.34     5.84

SNOWFALL (IN)
  YESTERDAY        0.0           T    2013   0.0    0.0      0.0
                                      1942
  MONTH TO DATE    0.0                       0.0    0.0      0.0
  SINCE JAN 1      7.9                      11.3   -3.4     23.1
  SINCE JUL 1     10.3                      17.8   -7.5     27.4
  SNOW DEPTH       0

DEGREE DAYS
 HEATING
  YESTERDAY        0                         6     -6        9
  MONTH TO DATE    4                        12     -8       24
  SINCE MAR 1    785                       962   -177     1046
  SINCE JUL 1   4786                      4929   -143     5368

 COOLING
  YESTERDAY        2                         1      1        0
  MONTH TO DATE    2                         2      0        0
  SINCE MAR 1      7                        30    -23       23
  SINCE JAN 1      7                        30    -23       23
..................................................................


WIND (MPH)
  HIGHEST WIND SPEED    23   HIGHEST WIND DIRECTION     S (170)
  HIGHEST GUST SPEED    31   HIGHEST GUST DIRECTION     S (160)
  AVERAGE WIND SPEED     9.1


SKY COVER
  AVERAGE SKY COVER 0.4


WEATHER CONDITIONS
 THE FOLLOWING WEATHER WAS RECORDED YESTERDAY.
  NO SIGNIFICANT WEATHER WAS OBSERVED.


RELATIVE HUMIDITY (PERCENT)
 HIGHEST    66           500 AM
 LOWEST     35           400 PM
 AVERAGE    51

..........................................................


THE TOPEKA KS CLIMATE NORMALS FOR TODAY
                         NORMAL    RECORD    YEAR
 MAXIMUM TEMPERATURE (F)   72        90      1950
                                             1947
 MINIMUM TEMPERATURE (F)   50        29      1976
                                             1907


SUNRISE AND SUNSET
MAY  3 2015...........SUNRISE   622 AM CDT   SUNSET   817 PM CDT
MAY  4 2015...........SUNRISE   621 AM CDT   SUNSET   818 PM CDT


-  INDICATES NEGATIVE NUMBERS.
R  INDICATES RECORD WAS SET OR TIED.
MM INDICATES DATA IS MISSING.
T  INDICATES TRACE AMOUNT.




$$
