000
CXUS56 KPDT 261032
CF6ALW
PRELIMINARY LOCAL CLIMATOLOGICAL DATA (WS FORM: F-6)

                                          STATION:   WALLA WALLA WA
                                          MONTH:     APRIL
                                          YEAR:      2015
                                          LATITUDE:   46  5 N
                                          LONGITUDE: 118 17 W

  TEMPERATURE IN F:       :PCPN:    SNOW:  WIND      :SUNSHINE: SKY     :PK WND
================================================================================
1   2   3   4   5  6A  6B    7    8   9   10  11  12  13   14  15   16   17  18
                                     12Z  AVG MX 2MIN
DY MAX MIN AVG DEP HDD CDD  WTR  SNW DPTH SPD SPD DIR MIN PSBL S-S WX    SPD DR
================================================================================

 1  57  42  50   0  15   0 0.00  0.0    0 12.7 21 180   M    M   7        27 190
 2  57  38  48  -2  17   0 0.00  0.0    0  9.6 17 190   M    M   2        24 180
 3  61  31  46  -4  19   0    T  0.0    0  6.1 15 260   M    M   1        17 260
 4  56  37  47  -3  18   0 0.07  0.0    0  8.5 18 150   M    M   5 1      23 160
 5  46  34  40 -11  25   0 0.08  0.0    0  5.0 10 210   M    M   6 1      12 200
 6  58  40  49  -2  16   0 0.20  0.0    0 10.4 21 240   M    M   6 12     26 220
 7  63  36  50  -1  15   0 0.00  0.0    0  6.3 16 220   M    M   2        18 150
 8  62  43  53   2  12   0 0.00  0.0    0  9.3 17 230   M    M   6        20 230
 9  64  45  55   4  10   0 0.00  0.0    0  6.9 15 110   M    M   4        18 110
10  68  41  55   4  10   0 0.00  0.0    0  5.9 13 240   M    M   1        15 210
11  57  41  49  -2  16   0 0.04  0.0    0 14.6 30 180   M    M   9 8      37 180
12  58  39  49  -3  16   0 0.00  0.0    0 10.0 20 220   M    M   1        25 210
13  61  39  50  -2  15   0 0.21  0.0    0  6.6 24 240   M    M   3 1      31 220
14  58  39  49  -3  16   0 0.24  0.0    0 14.6 28 290   M    M   7 1      34 280
15  58  36  47  -5  18   0 0.00  0.0    0  7.3 14 180   M    M   0        18 200
16  68  35  52   0  13   0 0.00  0.0    0  4.8 12  90   M    M   0 8      16  20
17  72  41  57   5   8   0 0.00  0.0    0  4.2 10 110   M    M   0        13 180
18  70  43  57   5   8   0 0.00  0.0    0  6.5 12 280   M    M   0        15 280
19  75  47  61   8   4   0 0.00  0.0    0  6.1 13  90   M    M   0        14  80
20  78  45  62   9   3   0 0.00  0.0    0  4.7 14  70   M    M   0        16  60
21  79  53  66  13   0   1 0.00  0.0    0  8.0 25 210   M    M   0 8      30 200
22  62  45  54   1  11   0 0.00  0.0    0 11.0 25 220   M    M   2        30 210
23  60  44  52  -2  13   0    T    M    0 11.1 23 220   M    M   6        27 210
24  62  45  54   0  11   0    T  0.0    0 10.8 18 240   M    M   3        23 230
25  60  43  52  -2  13   0    T  0.0    0  9.3 17 230   M    M   4        22 230
================================================================================
SM 1570 1022       322   1  0.84     0.0 210.3          M       75
================================================================================
AV 62.8 40.9                               8.4 FASTST   M    M   3    MAX(MPH)
                                 MISC ---->  # 30 180               # 37  180
================================================================================
NOTES:
# LAST OF SEVERAL OCCURRENCES

COLUMN 17 PEAK WIND IN M.P.H.

PRELIMINARY LOCAL CLIMATOLOGICAL DATA (WS FORM: F-6) , PAGE 2

                                          STATION:  WALLA WALLA WA
                                          MONTH:    APRIL
                                          YEAR:     2015
                                          LATITUDE:   46  5 N
                                          LONGITUDE: 118 17 W

[TEMPERATURE DATA]      [PRECIPITATION DATA]       SYMBOLS USED IN COLUMN 16

AVERAGE MONTHLY: 51.8   TOTAL FOR MONTH:   0.84    1 = FOG OR MIST
DPTR FM NORMAL:   0.0   DPTR FM NORMAL:   -0.76    2 = FOG REDUCING VISIBILITY
HIGHEST:    79 ON 21    GRTST 24HR  0.45 ON 13-14      TO 1/4 MILE OR LESS
LOWEST:     31 ON  3                               3 = THUNDER
                        SNOW, ICE PELLETS, HAIL    4 = ICE PELLETS
                        TOTAL MONTH:   0.0 INCH    5 = HAIL
                        GRTST 24HR     0.0         6 = FREEZING RAIN OR DRIZZLE
                        GRTST DEPTH:   0           7 = DUSTSTORM OR SANDSTORM:
                                                       VSBY 1/2 MILE OR LESS
                                                   8 = SMOKE OR HAZE
[NO. OF DAYS WITH]      [WEATHER - DAYS WITH]      9 = BLOWING SNOW
                                                   X = TORNADO
MAX 32 OR BELOW:   0    0.01 INCH OR MORE:   6
MAX 90 OR ABOVE:   0    0.10 INCH OR MORE:   3
MIN 32 OR BELOW:   1    0.50 INCH OR MORE:   0
MIN  0 OR BELOW:   0    1.00 INCH OR MORE:   0

[HDD (BASE 65) ]
TOTAL THIS MO.   322    CLEAR  (SCALE 0-3)  14
DPTR FM NORMAL    -9    PTCLDY (SCALE 4-7)  10
TOTAL FM JUL 1  3861    CLOUDY (SCALE 8-10)  1
DPTR FM NORMAL  -827

[CDD (BASE 65) ]
TOTAL THIS MO.     1
DPTR FM NORMAL     1    [PRESSURE DATA]
TOTAL FM JAN 1     1    HIGHEST SLP 30.33 ON 18
DPTR FM NORMAL     1    LOWEST  SLP 29.69 ON M

[REMARKS]
