000
CXUS51 KBGM 180532
CF6AVP
PRELIMINARY LOCAL CLIMATOLOGICAL DATA (WS FORM: F-6)

                                          STATION:   AVOCA PA
                                          MONTH:     APRIL
                                          YEAR:      2015
                                          LATITUDE:   41 19 N
                                          LONGITUDE:  75 44 W

  TEMPERATURE IN F:       :PCPN:    SNOW:  WIND      :SUNSHINE: SKY     :PK WND
================================================================================
1   2   3   4   5  6A  6B    7    8   9   10  11  12  13   14  15   16   17  18
                                     12Z  AVG MX 2MIN
DY MAX MIN AVG DEP HDD CDD  WTR  SNW DPTH SPD SPD DIR MIN PSBL S-S WX    SPD DR
================================================================================

 1  48  22  35  -8  30   0 0.00  0.0    M  5.0 20 340   M    M   1 18     25 340
 2  66  29  48   5  17   0    T  0.0    M  7.6 18 230   M    M   2 1      28 230
 3  58  52  55  11  10   0 0.30  0.0    M  2.8 10 230   M    M  10 128    15 240
 4  55  32  44   0  21   0 0.20  0.0    M 12.5 28 320   M    M   7 12     37 330
 5  52  31  42  -2  23   0 0.04  0.0    M  3.3 14  10   M    M   8        18 270
 6  70  35  53   8  12   0    T  0.0    M  5.2 22 240   M    M   4 8      30 250
 7  58  45  52   7  13   0 0.22  0.0    M  5.0 12 360   M    M  10 18     16  60
 8  46  39  43  -3  22   0 0.01  0.0    M  7.2 16  50   M    M  10        27  70
 9  45  38  42  -4  23   0 0.07  0.0    M  4.8 13 130   M    M  10 18     20 160
10  57  39  48   1  17   0 0.21  0.0    M  5.5 16 240   M    M   7 1      21 220
11  52  35  44  -3  21   0 0.00  0.0    M 11.0 23 340   M    M   5        31 290
12  68  29  49   2  16   0 0.00  0.0    M  2.2 14 260   M    M   0 8      17 260
13  76  45  61  13   4   0 0.00  0.0    M  6.6 20 210   M    M   0        32 180
14  64  47  56   8   9   0 0.18  0.0    M  4.4 20  10   M    M   3 1      25  30
15  66  38  52   3  13   0    T  0.0    M  7.4 20 340   M    M   0 8      27 350
16  69  37  53   4  12   0    T  0.0    M  8.5 17 210   M    M   1 8      26 210
17  69  53  61  12   4   0 0.05  0.0    M  8.7 16 250   M    M   8 1      21 230
================================================================================
SM 1019  646       267   0  1.28     0.0 107.7          M       86
================================================================================
AV 59.9 38.0                               6.3 FASTST   M    M   5    MAX(MPH)
                                 MISC ---->  # 28 320               # 37  330
================================================================================
NOTES:
# LAST OF SEVERAL OCCURRENCES

COLUMN 17 PEAK WIND IN M.P.H.

PRELIMINARY LOCAL CLIMATOLOGICAL DATA (WS FORM: F-6) , PAGE 2

                                          STATION:  AVOCA PA
                                          MONTH:    APRIL
                                          YEAR:     2015
                                          LATITUDE:   41 19 N
                                          LONGITUDE:  75 44 W

[TEMPERATURE DATA]      [PRECIPITATION DATA]       SYMBOLS USED IN COLUMN 16

AVERAGE MONTHLY: 49.0   TOTAL FOR MONTH:   1.28    1 = FOG OR MIST
DPTR FM NORMAL:   2.9   DPTR FM NORMAL:   -0.60    2 = FOG REDUCING VISIBILITY
HIGHEST:    76 ON 13    GRTST 24HR  0.50 ON  3- 4      TO 1/4 MILE OR LESS
LOWEST:     22 ON  1                               3 = THUNDER
                        SNOW, ICE PELLETS, HAIL    4 = ICE PELLETS
                        TOTAL MONTH:   0.0 INCH    5 = HAIL
                        GRTST 24HR     0.0         6 = FREEZING RAIN OR DRIZZLE
                        GRTST DEPTH:  M  ON   M    7 = DUSTSTORM OR SANDSTORM:
                                                       VSBY 1/2 MILE OR LESS
                                                   8 = SMOKE OR HAZE
[NO. OF DAYS WITH]      [WEATHER - DAYS WITH]      9 = BLOWING SNOW
                                                   X = TORNADO
MAX 32 OR BELOW:   0    0.01 INCH OR MORE:   9
MAX 90 OR ABOVE:   0    0.10 INCH OR MORE:   5
MIN 32 OR BELOW:   5    0.50 INCH OR MORE:   0
MIN  0 OR BELOW:   0    1.00 INCH OR MORE:   0

[HDD (BASE 65) ]
TOTAL THIS MO.   267    CLEAR  (SCALE 0-3)   6
DPTR FM NORMAL   -56    PTCLDY (SCALE 4-7)   5
TOTAL FM JUL 1  5959    CLOUDY (SCALE 8-10)  6
DPTR FM NORMAL   159

[CDD (BASE 65) ]
TOTAL THIS MO.     0
DPTR FM NORMAL     0    [PRESSURE DATA]
TOTAL FM JAN 1     0    HIGHEST SLP M ON M
DPTR FM NORMAL     0    LOWEST  SLP 29.53 ON M

[REMARKS]
