000
CXUS53 KARX 200930
CF6CCY
PRELIMINARY LOCAL CLIMATOLOGICAL DATA (WS FORM: F-6)

                                          STATION:   CHARLES_CITY IA
                                          MONTH:     APRIL
                                          YEAR:      2015
                                          LATITUDE:   43  4 N
                                          LONGITUDE:  92 37 W

  TEMPERATURE IN F:       :PCPN:    SNOW:  WIND      :SUNSHINE: SKY     :PK WND
================================================================================
1   2   3   4   5  6A  6B    7    8   9   10  11  12  13   14  15   16   17  18
                                     12Z  AVG MX 2MIN
DY MAX MIN AVG DEP HDD CDD  WTR  SNW DPTH SPD SPD DIR MIN PSBL S-S WX    SPD DR
================================================================================

 1  79  43  61  19   4   0 0.00  0.0    0 18.9 32 180   M    M   1        41 180
 2  64  45  55  13  10   0 0.35  0.0    0 12.8 21 280   M    M   5        29 280
 3  45  30  38  -5  27   0 0.00  0.0    0 15.6 23 330   M    M   5        29 330
 4  59  27  43   0  22   0 0.00  0.0    0  9.0 15 260   M    M   4        22 260
 5  66  37  52   8  13   0 0.00  0.0    0  7.6 12 120   M    M   2        15  99
 6  59  37  48   4  17   0 0.07  0.0    0  9.6 20  70   M    M   8 1      31  70
 7  46  39  43  -2  22   0 0.25  0.0    0 16.3 23  80   M    M  10 1      29  80
 8  48  39  44  -1  21   0 0.16  0.0    0 12.5 18  90   M    M  10 1      24 110
 9  45  34  40  -6  25   0    M    M    0 14.4 23 320   M    M  10 12     31 320
10  50  34  42  -4  23   0 0.00  0.0    0 14.1 30 300   M    M   4        38 300
11  66  32  49   3  16   0 0.00  0.0    0 12.0 17 170   M    M   0        24 180
12  68  48  58  11   7   0 0.00  0.0    0 18.0 29 190   M    M   3        37 190
13  63  43  53   6  12   0 0.00  0.0    0 14.2 27 290   M    M   2        37 300
14  68  34  51   3  14   0 0.00  0.0    0  5.0 10 150   M    M   0        15 160
15  68  45  57   9   8   0 0.00  0.0    0 13.5 22 110   M    M   3        29 130
16  72  48  60  11   5   0 0.00  0.0    0  5.3 10 180   M    M   8        12   0
17  77  46  62  13   3   0 0.00  0.0    0  3.9  9 280   M    M   1        13   0
18  77  54  66  17   0   1 0.36  0.0    0 12.1 22 140   M    M   6 3      29 140
19  63  45  54   4  11   0 0.92  0.0    0 12.9 25 330   M    M  10 1      37 330
================================================================================
SM 1183  760       260   1  2.11     0.0 227.7          M       92
================================================================================
AV 62.3 40.0                              12.0 FASTST   M    M   5    MAX(MPH)
                                 MISC ---->    32   M                 41    M
================================================================================
NOTES:
# LAST OF SEVERAL OCCURRENCES

COLUMN 17 PEAK WIND IN M.P.H.

PRELIMINARY LOCAL CLIMATOLOGICAL DATA (WS FORM: F-6) , PAGE 2

                                          STATION:  CHARLES_CITY IA
                                          MONTH:    APRIL
                                          YEAR:     2015
                                          LATITUDE:   43  4 N
                                          LONGITUDE:  92 37 W

[TEMPERATURE DATA]      [PRECIPITATION DATA]       SYMBOLS USED IN COLUMN 16

AVERAGE MONTHLY: 51.1   TOTAL FOR MONTH:   2.11    1 = FOG OR MIST
DPTR FM NORMAL:   5.2   DPTR FM NORMAL:    0.03    2 = FOG REDUCING VISIBILITY
HIGHEST:    79 ON  1    GRTST 24HR  0.92 ON 19-19      TO 1/4 MILE OR LESS
LOWEST:     27 ON  4                               3 = THUNDER
                        SNOW, ICE PELLETS, HAIL    4 = ICE PELLETS
                        TOTAL MONTH:   0.0 INCH    5 = HAIL
                        GRTST 24HR     0.0         6 = FREEZING RAIN OR DRIZZLE
                        GRTST DEPTH:   0           7 = DUSTSTORM OR SANDSTORM:
                                                       VSBY 1/2 MILE OR LESS
                                                   8 = SMOKE OR HAZE
[NO. OF DAYS WITH]      [WEATHER - DAYS WITH]      9 = BLOWING SNOW
                                                   X = TORNADO
MAX 32 OR BELOW:   0    0.01 INCH OR MORE:   6
MAX 90 OR ABOVE:   0    0.10 INCH OR MORE:   5
MIN 32 OR BELOW:   3    0.50 INCH OR MORE:   1
MIN  0 OR BELOW:   0    1.00 INCH OR MORE:   0

[HDD (BASE 65) ]
TOTAL THIS MO.   260    CLEAR  (SCALE 0-3)   7
DPTR FM NORMAL  -106    PTCLDY (SCALE 4-7)   8
TOTAL FM JUL 1  7037    CLOUDY (SCALE 8-10)  4
DPTR FM NORMAL    82

[CDD (BASE 65) ]
TOTAL THIS MO.     1
DPTR FM NORMAL     1    [PRESSURE DATA]
TOTAL FM JAN 1     1    HIGHEST SLP M ON M
DPTR FM NORMAL     1    LOWEST  SLP M ON M

[REMARKS]
