000
CXUS55 KGJT 211000
CF6CEZ
PRELIMINARY LOCAL CLIMATOLOGICAL DATA (WS FORM: F-6)

                                          STATION:   CORTEZ CO
                                          MONTH:     APRIL
                                          YEAR:      2015
                                          LATITUDE:   37 17 N
                                          LONGITUDE: 108 38 W

  TEMPERATURE IN F:       :PCPN:    SNOW:  WIND      :SUNSHINE: SKY     :PK WND
================================================================================
1   2   3   4   5  6A  6B    7    8   9   10  11  12  13   14  15   16   17  18
                                     12Z  AVG MX 2MIN
DY MAX MIN AVG DEP HDD CDD  WTR  SNW DPTH SPD SPD DIR MIN PSBL S-S WX    SPD DR
================================================================================

 1  71  40  56  13   9   0 0.00    M    M 13.0 25 280   M    M   3        33 210
 2  66  37  52   9  13   0 0.00    M    M 15.7 37 250   M    M   1 8      50 210
 3  57  23  40  -4  25   0 0.00    M    M  9.0 16 360   M    M   0        23 360
 4  67  15  41  -3  24   0 0.00    M    M  5.6 20 210   M    M   0        27 210
 5  70  30  50   6  15   0 0.00    M    M  9.7 23 200   M    M   0        30 280
 6  70  29  50   6  15   0 0.00    M    M 11.2 28 200   M    M   0        35 210
 7  68  24  46   1  19   0 0.00    M    M 11.0 32 200   M    M   0        39 220
 8  61  26  44  -1  21   0 0.00    M    M 13.6 31 280   M    M   1        44 260
 9  62  17  40  -5  25   0 0.00    M    M  5.8 15 210   M    M   0 8      20 210
10  68  23  46   0  19   0 0.00    M    M  6.4 21 200   M    M   0        27 200
11  67  26  47   1  18   0 0.00    M    M  7.7 25 210   M    M   0        30 210
12  69  26  48   2  17   0 0.00    M    M  9.1 22 310   M    M   0        29 340
13  73  23  48   2  17   0 0.00    M    M  7.3 17 210   M    M   0        24 180
14  73  32  53   7  12   0 0.00    M    M 11.6 28 220   M    M   2 8      36 220
15  54  30  42  -5  23   0 0.00    M    M  9.0 25 290   M    M   2        29 290
16  50  27  39  -8  26   0 0.00    M    M  6.9 21 300   M    M   4        27 230
17  44  28  36 -11  29   0 0.04    M    M  5.9 18 210   M    M   9 1      22 230
18  59  30  45  -3  20   0 0.02    M    M  8.0 26 310   M    M   6 1      35 320
19  65  29  47  -1  18   0 0.00    M    M  7.5 21 310   M    M   1        28 320
20  68  31  50   2  15   0 0.00    M    M  5.9 25 300   M    M   2        38 250
================================================================================
SM 1282  546       380   0  0.06    M    179.9          M       31
================================================================================
AV 64.1 27.3                               9.0 FASTST   M    M   2    MAX(MPH)
                                 MISC ---->  # 37 250               # 50  210
================================================================================
NOTES:
# LAST OF SEVERAL OCCURRENCES

COLUMN 17 PEAK WIND IN M.P.H.

PRELIMINARY LOCAL CLIMATOLOGICAL DATA (WS FORM: F-6) , PAGE 2

                                          STATION:  CORTEZ CO
                                          MONTH:    APRIL
                                          YEAR:     2015
                                          LATITUDE:   37 17 N
                                          LONGITUDE: 108 38 W

[TEMPERATURE DATA]      [PRECIPITATION DATA]       SYMBOLS USED IN COLUMN 16

AVERAGE MONTHLY: 45.7   TOTAL FOR MONTH:   0.06    1 = FOG OR MIST
DPTR FM NORMAL:   0.1   DPTR FM NORMAL:   -0.74    2 = FOG REDUCING VISIBILITY
HIGHEST:    73 ON 14,13 GRTST 24HR  0.06 ON 17-18      TO 1/4 MILE OR LESS
LOWEST:     15 ON  4                               3 = THUNDER
                        SNOW, ICE PELLETS, HAIL    4 = ICE PELLETS
                        TOTAL MONTH:    M          5 = HAIL
                        GRTST 24HR    M  ON   M    6 = FREEZING RAIN OR DRIZZLE
                        GRTST DEPTH:  M  ON   M    7 = DUSTSTORM OR SANDSTORM:
                                                       VSBY 1/2 MILE OR LESS
                                                   8 = SMOKE OR HAZE
[NO. OF DAYS WITH]      [WEATHER - DAYS WITH]      9 = BLOWING SNOW
                                                   X = TORNADO
MAX 32 OR BELOW:   0    0.01 INCH OR MORE:   2
MAX 90 OR ABOVE:   0    0.10 INCH OR MORE:   0
MIN 32 OR BELOW:  18    0.50 INCH OR MORE:   0
MIN  0 OR BELOW:   0    1.00 INCH OR MORE:   0

[HDD (BASE 65) ]
TOTAL THIS MO.   380    CLEAR  (SCALE 0-3)  17
DPTR FM NORMAL    -8    PTCLDY (SCALE 4-7)   2
TOTAL FM JUL 1  5095    CLOUDY (SCALE 8-10)  1
DPTR FM NORMAL  -823

[CDD (BASE 65) ]
TOTAL THIS MO.     0
DPTR FM NORMAL     0    [PRESSURE DATA]
TOTAL FM JAN 1     0    HIGHEST SLP M ON M
DPTR FM NORMAL     0    LOWEST  SLP 29.41 ON  8

[REMARKS]
