000
CXUS54 KCRP 271300
CF6COT
PRELIMINARY LOCAL CLIMATOLOGICAL DATA (WS FORM: F-6)

                                          STATION:   COTULLA
                                          MONTH:     APRIL
                                          YEAR:      2015
                                          LATITUDE:   28 27 N
                                          LONGITUDE:  99 13 W

  TEMPERATURE IN F:       :PCPN:    SNOW:  WIND      :SUNSHINE: SKY     :PK WND
================================================================================
1   2   3   4   5  6A  6B    7    8   9   10  11  12  13   14  15   16   17  18
                                     12Z  AVG MX 2MIN
DY MAX MIN AVG DEP HDD CDD  WTR  SNW DPTH SPD SPD DIR MIN PSBL S-S WX    SPD DR
================================================================================

 1  86  68  77   7   0  12 0.09  0.0    0 10.0 29 150   M    M   5 13     35 140
 2  91  67  79   9   0  14 0.00  0.0    0  9.5 17 130   M    M   4 18     21 140
 3  87  68  78   8   0  13 0.01  0.0    0  8.0 20  20   M    M   7 18     27  30
 4  72  61  67  -3   0   2 0.01  0.0    0  9.8 23  50   M    M  10        34  60
 5  75  59  67  -4   0   2    T  0.0    0  5.0 25 140   M    M   8 18     30 130
 6  85  68  77   6   0  12 0.00  0.0    0  9.4 18 150   M    M   8        24 150
 7  89  67  78   7   0  13 0.00  0.0    0 12.1 22 140   M    M   1 18     28 140
 8  89  70  80   9   0  15 0.00  0.0    0 10.8 22 140   M    M   5 18     28 140
 9  90  69  80   8   0  15 0.00  0.0    0  8.8 15 160   M    M   1        20 150
10  80  66  73   1   0   8 0.11  0.0    0 10.2 20  70   M    M   3 13     27  30
11  80  65  73   1   0   8 0.22  0.0    0  9.2 16 120   M    M  10 138    21 130
12  82  67  75   3   0  10 0.40  0.0    0  8.6 22 300   M    M   8 138    32 280
13  88  65  77   5   0  12 0.46  0.0    0  5.4 15 330   M    M   4 13     17 340
14  79  64  72  -1   0   7 0.91  0.0    0  6.1 24 130   M    M   6 13     33 200
15  79  62  71  -2   0   6 0.00  0.0    0  7.4 16 140   M    M   8 1      23 130
16  84  68  76   3   0  11 0.01  0.0    0  7.3 18 350   M    M   8 13     24 340
17  77  67  72  -1   0   7 1.62  0.0    0  8.3 26 290   M    M   8 1238   36 290
18  77  67  72  -2   0   7 0.09  0.0    0  5.6 13 140   M    M   7 13     16 170
19  88  67  78   4   0  13 0.00  0.0    0  4.4 13  40   M    M   5 1      16  30
20  73  63  68  -6   0   3    T  0.0    0  9.8 20  70   M    M   1        25  70
21  75  58  67  -7   0   2 0.00  0.0    0  6.6 18 140   M    M   8        21 130
22  75  69  72  -3   0   7 0.05  0.0    0  7.1 15 130   M    M  10 1      19 130
23  87  73  80   5   0  15 0.00  0.0    0  7.6 18 140   M    M   7 18     25 140
24  88  73  81   6   0  16 0.49  0.0    0  8.5 20 140   M    M   5 138    24 150
25  92  68  80   5   0  15 0.00  0.0    0  6.1 20 360   M    M   3 12     23  10
26  91  71  81   6   0  16 0.00  0.0    0  9.5 20 140   M    M   5 18     27 150
================================================================================
SM 2159 1730         0 261  4.47     0.0 211.1          M      155
================================================================================
AV 83.0 66.5                               8.1 FASTST   M    M   6    MAX(MPH)
                                 MISC ---->  # 29 150               # 36  290
================================================================================
NOTES:
# LAST OF SEVERAL OCCURRENCES

COLUMN 17 PEAK WIND IN M.P.H.

PRELIMINARY LOCAL CLIMATOLOGICAL DATA (WS FORM: F-6) , PAGE 2

                                          STATION:  COTULLA
                                          MONTH:    APRIL
                                          YEAR:     2015
                                          LATITUDE:   28 27 N
                                          LONGITUDE:  99 13 W

[TEMPERATURE DATA]      [PRECIPITATION DATA]       SYMBOLS USED IN COLUMN 16

AVERAGE MONTHLY: 74.8   TOTAL FOR MONTH:   4.47    1 = FOG OR MIST
DPTR FM NORMAL:   2.2   DPTR FM NORMAL:    3.13    2 = FOG REDUCING VISIBILITY
HIGHEST:    92 ON 25    GRTST 24HR  1.70 ON 17-18      TO 1/4 MILE OR LESS
LOWEST:     58 ON 21                               3 = THUNDER
                        SNOW, ICE PELLETS, HAIL    4 = ICE PELLETS
                        TOTAL MONTH:   0.0 INCH    5 = HAIL
                        GRTST 24HR     0.0         6 = FREEZING RAIN OR DRIZZLE
                        GRTST DEPTH:   0           7 = DUSTSTORM OR SANDSTORM:
                                                       VSBY 1/2 MILE OR LESS
                                                   8 = SMOKE OR HAZE
[NO. OF DAYS WITH]      [WEATHER - DAYS WITH]      9 = BLOWING SNOW
                                                   X = TORNADO
MAX 32 OR BELOW:   0    0.01 INCH OR MORE:  13
MAX 90 OR ABOVE:   4    0.10 INCH OR MORE:   7
MIN 32 OR BELOW:   0    0.50 INCH OR MORE:   2
MIN  0 OR BELOW:   0    1.00 INCH OR MORE:   1

[HDD (BASE 65) ]
TOTAL THIS MO.     0    CLEAR  (SCALE 0-3)   4
DPTR FM NORMAL   -16    PTCLDY (SCALE 4-7)  18
TOTAL FM JUL 1  1036    CLOUDY (SCALE 8-10)  4
DPTR FM NORMAL   -54

[CDD (BASE 65) ]
TOTAL THIS MO.   261
DPTR FM NORMAL    45    [PRESSURE DATA]
TOTAL FM JAN 1   378    HIGHEST SLP M ON M
DPTR FM NORMAL    -8    LOWEST  SLP 29.44 ON 26

[REMARKS]
