000
CXUS53 KLSX 271601
CF6COU
PRELIMINARY LOCAL CLIMATOLOGICAL DATA (WS FORM: F-6)

                                          STATION:   COLUMBIA ASOS
                                          MONTH:     APRIL
                                          YEAR:      2015
                                          LATITUDE:   38 49 N
                                          LONGITUDE:  92 13 W

  TEMPERATURE IN F:       :PCPN:    SNOW:  WIND      :SUNSHINE: SKY     :PK WND
================================================================================
1   2   3   4   5  6A  6B    7    8   9   10  11  12  13   14  15   16   17  18
                                     12Z  AVG MX 2MIN
DY MAX MIN AVG DEP HDD CDD  WTR  SNW DPTH SPD SPD DIR MIN PSBL S-S WX    SPD DR
================================================================================

 1  78  46  62  12   3   0 0.19  0.0    0 12.8 28 190   M    M   2 13     34 190
 2  69  54  62  11   3   0 0.59  0.0    0  9.6 28  70   M    M   8 13     36  70
 3  54  34  44  -7  21   0 0.30  0.0    0 16.1 40 300   M    M   6 13     49 290
 4  61  29  45  -6  20   0 0.00  0.0    0  7.4 15 210   M    M   0        18 230
 5  67  39  53   1  12   0 0.00  0.0    0 13.8 23 180   M    M   3        27 190
 6  65  50  58   6   7   0 0.00  0.0    0  9.7 16 150   M    M  10 1      20 150
 7  77  59  68  16   0   3 0.29  0.0    0 10.6 29 180   M    M   6 138    38 200
 8  77  64  71  18   0   6 0.16  0.0    0  8.4 18 210   M    M   5 13     24 220
 9  81  44  63  10   2   0 0.21  0.0    0 20.8 35 260   M    M   6 13     45 230
10  68  39  54   1  11   0 0.00  0.0    0 11.3 23 300   M    M   1        31 290
11  71  43  57   3   8   0 0.00  0.0    0  8.3 14 150   M    M   1        20 150
12  69  53  61   7   4   0 0.13  0.0    0 10.2 52 150   M    M   6 1      62 160
13  66  53  60   6   5   0    T  0.0    0 10.4 29 330   M    M   4        33 330
14  69  50  60   5   5   0    T  0.0    0 11.5 25  70   M    M   3        34  70
15  67  55  61   6   4   0    T  0.0    0  9.8 16 120   M    M  10        20  80
16  76  53  65  10   0   0 0.00  0.0    0  3.4  9 170   M    M   3        11 190
17  79  56  68  12   0   3 0.00  0.0    0  6.0 13 140   M    M   2        18 130
18  77  58  68  12   0   3 0.07  0.0    0  8.6 23 250   M    M   3        31 140
19  68  52  60   4   5   0 1.09  0.0    0  9.3 31 290   M    M   6 13     38 290
20  57  43  50  -7  15   0 0.00  0.0    0 15.3 29 280   M    M   5        35 280
21  67  43  55  -2  10   0 0.00  0.0    0 11.5 25 270   M    M   3        31 240
22  57  38  48  -9  17   0 0.00  0.0    0  9.6 21 330   M    M   1        25 330
23  67  36  52  -6  13   0 0.00  0.0    0  4.8 12  70   M    M   1        16  50
24  66  49  58   0   7   0 0.00  0.0    0 12.9 26 160   M    M   7        35 170
25  70  48  59   1   6   0 0.26  0.0    0 12.1 24 250   M    M  10 13     29 250
26  63  45  54  -4  11   0    T    M    0 11.2 21  40   M    M   4 18     26  60
================================================================================
SM 1786 1233       189  15  3.29     0.0 275.4          M      116
================================================================================
AV 68.7 47.4                              10.6 FASTST   M    M   4    MAX(MPH)
                                 MISC ---->  # 52 150               # 62  160
================================================================================
NOTES:
# LAST OF SEVERAL OCCURRENCES

COLUMN 17 PEAK WIND IN M.P.H.

PRELIMINARY LOCAL CLIMATOLOGICAL DATA (WS FORM: F-6) , PAGE 2

                                          STATION:  COLUMBIA ASOS
                                          MONTH:    APRIL
                                          YEAR:     2015
                                          LATITUDE:   38 49 N
                                          LONGITUDE:  92 13 W

[TEMPERATURE DATA]      [PRECIPITATION DATA]       SYMBOLS USED IN COLUMN 16

AVERAGE MONTHLY: 58.1   TOTAL FOR MONTH:   3.29    1 = FOG OR MIST
DPTR FM NORMAL:   3.6   DPTR FM NORMAL:   -0.52    2 = FOG REDUCING VISIBILITY
HIGHEST:    81 ON  9    GRTST 24HR  1.09 ON 19-19      TO 1/4 MILE OR LESS
LOWEST:     29 ON  4                               3 = THUNDER
                        SNOW, ICE PELLETS, HAIL    4 = ICE PELLETS
                        TOTAL MONTH:   0.0 INCH    5 = HAIL
                        GRTST 24HR     0.0         6 = FREEZING RAIN OR DRIZZLE
                        GRTST DEPTH:   0           7 = DUSTSTORM OR SANDSTORM:
                                                       VSBY 1/2 MILE OR LESS
                                                   8 = SMOKE OR HAZE
[NO. OF DAYS WITH]      [WEATHER - DAYS WITH]      9 = BLOWING SNOW
                                                   X = TORNADO
MAX 32 OR BELOW:   0    0.01 INCH OR MORE:  10
MAX 90 OR ABOVE:   0    0.10 INCH OR MORE:   9
MIN 32 OR BELOW:   1    0.50 INCH OR MORE:   2
MIN  0 OR BELOW:   0    1.00 INCH OR MORE:   1

[HDD (BASE 65) ]
TOTAL THIS MO.   189    CLEAR  (SCALE 0-3)   9
DPTR FM NORMAL  -103    PTCLDY (SCALE 4-7)  14
TOTAL FM JUL 1  4829    CLOUDY (SCALE 8-10)  3
DPTR FM NORMAL   -45

[CDD (BASE 65) ]
TOTAL THIS MO.    15
DPTR FM NORMAL    -4    [PRESSURE DATA]
TOTAL FM JAN 1    15    HIGHEST SLP M ON M
DPTR FM NORMAL    -7    LOWEST  SLP 29.46 ON 25

[REMARKS]
