000
CXUS51 KRLX 271400
CF6EKN
PRELIMINARY LOCAL CLIMATOLOGICAL DATA (WS FORM: F-6)

                                          STATION:   ELKINS WV
                                          MONTH:     APRIL
                                          YEAR:      2015
                                          LATITUDE:   38 52 N
                                          LONGITUDE:  79 51 W

  TEMPERATURE IN F:       :PCPN:    SNOW:  WIND      :SUNSHINE: SKY     :PK WND
================================================================================
1   2   3   4   5  6A  6B    7    8   9   10  11  12  13   14  15   16   17  18
                                     12Z  AVG MX 2MIN
DY MAX MIN AVG DEP HDD CDD  WTR  SNW DPTH SPD SPD DIR MIN PSBL S-S WX    SPD DR
================================================================================

 1  57  24  41  -4  24   0 0.00  0.0    0  2.0 16 310   M    M   1        22 300
 2  72  25  49   3  16   0 0.04  0.0    0  4.4 18 220   M    M   4        27 220
 3  64  47  56  10   9   0 0.68  0.0    0  9.0 23 320   M    M  10 1      28 340
 4  48  28  38  -8  27   0 0.20  0.0    0 10.4 22 280   M    M   6 1      33 260
 5  62  24  43  -3  22   0 0.00  0.0    0  4.3 16 270   M    M   0        24 270
 6  72  27  50   3  15   0 0.16    M    0  4.0 16 220   M    M   5 1      24 230
 7  67  50  59  12   6   0 0.06  0.0    0  2.4 12 180   M    M   9 1      16 190
 8  73  52  63  15   2   0 1.04  0.0    0  3.9 43 240   M    M   9 18     58 250
 9  76  56  66  18   0   1 1.14  0.0    0  7.2 28 350   M    M   6 1      34 340
10  71  49  60  12   5   0 0.23    M    0 10.7 28 260   M    M   2 1      39 240
11  58  33  46  -2  19   0 0.00  0.0    0  8.1 18 250   M    M   2        26 240
12  75  28  52   3  13   0 0.00  0.0    0  3.8 14 160   M    M   0        19 150
13  80  53  67  18   0   2    T  0.0    0  7.7 16 210   M    M   1        25 210
14  64  48  56   7   9   0 1.00  0.0    0  3.8 15 350   M    M   9 1      22 340
15  64  41  53   3  12   0 0.00  0.0    0  1.4 13 140   M    M   2        20 140
16  61  46  54   4  11   0 0.20  0.0    0  8.0 23 160   M    M   7        35 170
17  66  48  57   7   8   0 0.12  0.0    0  1.7  9 270   M    M   8 12     16 270
18  75  47  61  10   4   0 0.00  0.0    0  2.4 13 350   M    M   4 12     16 340
19  67  43  55   4  10   0 0.40  0.0    0  7.2 23 140   M    M   5 1      34 140
20  77  49  63  12   2   0 0.61  0.0    0  9.9 35 280   M    M   7 1       M  M
21  57  43  50  -1  15   0 0.07  0.0    0   M   M   M   M    M   5         M  M
22  59  38  49  -3  16   0 0.37  0.0    0   M   M   M   M    M   6 1       M  M
23  50  36  43  -9  22   0 0.00  0.0    0 13.3 23 300   M    M   7        36 320
24  54  29  42 -10  23   0 0.00  0.0    0  6.4 20 290   M    M   1        31 330
25  49  33  41 -11  24   0 0.39  0.0    0  1.7 10 170   M    M   8 1      22 340
26  60  40  50  -3  15   0 0.01  0.0    0  4.3 15 350   M    M   5        30 330
================================================================================
SM 1678 1037       329   3  6.72     0.0 138.0          M      129
================================================================================
AV 64.5 39.9                               5.8 FASTST   M    M   5    MAX(MPH)
                                 MISC ---->  # 43 240               # 58  250
================================================================================
NOTES:
# LAST OF SEVERAL OCCURRENCES

COLUMN 17 PEAK WIND IN M.P.H.

PRELIMINARY LOCAL CLIMATOLOGICAL DATA (WS FORM: F-6) , PAGE 2

                                          STATION:  ELKINS WV
                                          MONTH:    APRIL
                                          YEAR:     2015
                                          LATITUDE:   38 52 N
                                          LONGITUDE:  79 51 W

[TEMPERATURE DATA]      [PRECIPITATION DATA]       SYMBOLS USED IN COLUMN 16

AVERAGE MONTHLY: 52.2   TOTAL FOR MONTH:   6.72    1 = FOG OR MIST
DPTR FM NORMAL:   3.1   DPTR FM NORMAL:    3.44    2 = FOG REDUCING VISIBILITY
HIGHEST:    80 ON 13    GRTST 24HR  1.76 ON  8- 9      TO 1/4 MILE OR LESS
LOWEST:     24 ON  5, 1                            3 = THUNDER
                        SNOW, ICE PELLETS, HAIL    4 = ICE PELLETS
                        TOTAL MONTH:   0.0 INCH    5 = HAIL
                        GRTST 24HR     0.0         6 = FREEZING RAIN OR DRIZZLE
                        GRTST DEPTH:   0           7 = DUSTSTORM OR SANDSTORM:
                                                       VSBY 1/2 MILE OR LESS
                                                   8 = SMOKE OR HAZE
[NO. OF DAYS WITH]      [WEATHER - DAYS WITH]      9 = BLOWING SNOW
                                                   X = TORNADO
MAX 32 OR BELOW:   0    0.01 INCH OR MORE:  17
MAX 90 OR ABOVE:   0    0.10 INCH OR MORE:  13
MIN 32 OR BELOW:   7    0.50 INCH OR MORE:   5
MIN  0 OR BELOW:   0    1.00 INCH OR MORE:   3

[HDD (BASE 65) ]
TOTAL THIS MO.   329    CLEAR  (SCALE 0-3)   8
DPTR FM NORMAL   -87    PTCLDY (SCALE 4-7)  13
TOTAL FM JUL 1  5761    CLOUDY (SCALE 8-10)  5
DPTR FM NORMAL   244

[CDD (BASE 65) ]
TOTAL THIS MO.     3
DPTR FM NORMAL     3    [PRESSURE DATA]
TOTAL FM JAN 1     3    HIGHEST SLP M ON M
DPTR FM NORMAL     3    LOWEST  SLP 29.50 ON 20

[REMARKS]
