000
CXUS54 KFWD 270730
CF6GDJ
PRELIMINARY LOCAL CLIMATOLOGICAL DATA (WS FORM: F-6)

                                          STATION:   GRANBURY
                                          MONTH:     APRIL
                                          YEAR:      2015
                                          LATITUDE:   32 26 N
                                          LONGITUDE:  97 48 W

  TEMPERATURE IN F:       :PCPN:    SNOW:  WIND      :SUNSHINE: SKY     :PK WND
================================================================================
1   2   3   4   5  6A  6B    7    8   9   10  11  12  13   14  15   16   17  18
                                     12Z  AVG MX 2MIN
DY MAX MIN AVG DEP HDD CDD  WTR  SNW DPTH SPD SPD DIR MIN PSBL S-S WX    SPD DR
================================================================================

 1  83  66  75  15   0  10 0.00  0.0    0 11.0 21 160   M    M   0 1      25 160
 2  92  70  81  21   0  16 0.00  0.0    0 12.3 18 150   M    M   0        24 150
 3  74  56  65   5   0   0 0.00  0.0    0 11.7 22 320   M    M   0 8      29 320
 4  70  48  59  -2   6   0    T  0.0    0  6.4 10 360   M    M   0         M  M
 5  59  54  57  -4   8   0 0.27  0.0    0  7.0 12 140   M    M   0 13      M  M
 6  87  58  73  12   0   8 0.00  0.0    0 10.2 17 170   M    M   0 13     23 170
 7  85  68  77  15   0  12 0.00  0.0    0 10.3 16 150   M    M   0 1      25 170
 8  76  67  72  10   0   7 0.01  0.0    0 11.2 18 140   M    M   4 13     25 140
 9  85  63  74  12   0   9 0.11  0.0    0  7.7 14 300   M    M   4 3      20 300
10  71  54  63   1   2   0 0.00  0.0    0  5.6 16  10   M    M   0        28  10
11  73  55  64   1   1   0 0.00  0.0    0  5.4  9 130   M    M   4         M  M
12  81  65  73  10   0   8 0.00  0.0    0  8.3 13 130   M    M   7 1      20 120
13  78  59  69   6   0   4 0.41  0.0    0  8.0 15  10   M    M   8 13     25  10
14  60  54  57  -7   8   0 0.00  0.0    0  5.7 10 320   M    M   5         M  M
15  81  50  66   2   0   1 0.00  0.0    0  4.6 12 110   M    M   0        16 110
16  80  63  72   8   0   7 0.00  0.0    0  9.5 16 110   M    M   8 1      20 120
17  80  63  72   7   0   7 1.31  0.0    0  7.6 18 330   M    M   8 3      23 330
18  81  58  70   5   0   5 0.28  0.0    0  3.9 15 250   M    M   7 13     35 250
19  78  55  67   2   0   2 0.00  0.0    0 10.5 21 330   M    M   7        30 280
20  71  45  58  -8   7   0 0.00  0.0    0  3.4  8  20   M    M   7         M  M
21  78  51  65  -1   0   0 0.00  0.0    0  6.2 14 150   M    M   6        18 150
22  80  62  71   5   0   6 0.00  0.0    0  6.7 12 170   M    M   7        17 170
23  81  64  73   7   0   8 0.12  0.0    0  7.0 18 150   M    M   8 13     16 120
24  80  64  72   5   0   7 0.98  0.0    0  5.9 15 160   M    M   7 138    23 160
25  87  61  74   7   0   9 0.00  0.0    0  8.5 15 220   M    M   5        18 220
26  85  54  70   3   0   5 1.24  0.0    0  7.0 29 110   M    M   5 13     38 110
================================================================================
SM 2036 1527        32 131  4.73     0.0 201.6          M      107
================================================================================
AV 78.3 58.7                               7.8 FASTST   M    M   4    MAX(MPH)
                                 MISC ---->    29   M               # 38  110
================================================================================
NOTES:
# LAST OF SEVERAL OCCURRENCES

COLUMN 17 PEAK WIND IN M.P.H.

PRELIMINARY LOCAL CLIMATOLOGICAL DATA (WS FORM: F-6) , PAGE 2

                                          STATION:  GRANBURY
                                          MONTH:    APRIL
                                          YEAR:     2015
                                          LATITUDE:   32 26 N
                                          LONGITUDE:  97 48 W

[TEMPERATURE DATA]      [PRECIPITATION DATA]       SYMBOLS USED IN COLUMN 16

AVERAGE MONTHLY: 68.5   TOTAL FOR MONTH:   4.73    1 = FOG OR MIST
DPTR FM NORMAL:   5.0   DPTR FM NORMAL:       M    2 = FOG REDUCING VISIBILITY
HIGHEST:    92 ON  2    GRTST 24HR  1.31 ON 17-17      TO 1/4 MILE OR LESS
LOWEST:     45 ON 20                               3 = THUNDER
                        SNOW, ICE PELLETS, HAIL    4 = ICE PELLETS
                        TOTAL MONTH:   0.0 INCH    5 = HAIL
                        GRTST 24HR     0.0         6 = FREEZING RAIN OR DRIZZLE
                        GRTST DEPTH:   0           7 = DUSTSTORM OR SANDSTORM:
                                                       VSBY 1/2 MILE OR LESS
                                                   8 = SMOKE OR HAZE
[NO. OF DAYS WITH]      [WEATHER - DAYS WITH]      9 = BLOWING SNOW
                                                   X = TORNADO
MAX 32 OR BELOW:   0    0.01 INCH OR MORE:   9
MAX 90 OR ABOVE:   1    0.10 INCH OR MORE:   8
MIN 32 OR BELOW:   0    0.50 INCH OR MORE:   3
MIN  0 OR BELOW:   0    1.00 INCH OR MORE:   2

[HDD (BASE 65) ]
TOTAL THIS MO.    32    CLEAR  (SCALE 0-3)   9
DPTR FM NORMAL   -67    PTCLDY (SCALE 4-7)  16
TOTAL FM JUL 1  2225    CLOUDY (SCALE 8-10)  1
DPTR FM NORMAL  -424

[CDD (BASE 65) ]
TOTAL THIS MO.   131
DPTR FM NORMAL    68    [PRESSURE DATA]
TOTAL FM JAN 1   180    HIGHEST SLP M ON M
DPTR FM NORMAL    96    LOWEST  SLP M ON M

[REMARKS]
