000
CXGM50 PGUM 271850
CF6GSN
PRELIMINARY LOCAL CLIMATOLOGICAL DATA (WS FORM: F-6)

                                          STATION:   SAIPAN/ISLEY_(CGS) MP
                                          MONTH:     APRIL
                                          YEAR:      2015
                                          LATITUDE:   15  7 N
                                          LONGITUDE: 145-44 E

  TEMPERATURE IN F:       :PCPN:    SNOW:  WIND      :SUNSHINE: SKY     :PK WND
================================================================================
1   2   3   4   5  6A  6B    7    8   9   10  11  12  13   14  15   16   17  18
                                     12Z  AVG MX 2MIN
DY MAX MIN AVG DEP HDD CDD  WTR  SNW DPTH SPD SPD DIR MIN PSBL S-S WX    SPD DR
================================================================================

 1  86  79  83   M   0  18 0.00  0.0    0 11.2 22  80   M    M   5        28  90
 2  86  77  82   M   0  17 0.02  0.0    0 12.5 22  70   M    M   5 1      26  60
 3  86  75  81   M   0  16 0.48  0.0    0 12.1 21  80   M    M   5 1      29  90
 4  85  77  81   M   0  16 0.02  0.0    0 16.6 23  60   M    M   5        30  60
 5  85  77  81   M   0  16    T  0.0    0 15.9 25  40   M    M   7        32  50
 6  85  73  79   M   0  14 0.33  0.0    0 16.9 26  70   M    M   8 1      37  70
 7  85  75  80   M   0  15 0.04  0.0    0 19.0 25  70   M    M   6 1      35  70
 8  85  75  80   M   0  15 0.00  0.0    0 16.9 24  60   M    M   4        30  70
 9  86  76  81   M   0  16 0.04  0.0    0 17.3 25  80   M    M   5 1      32  80
10  86  74  80   M   0  15 0.43  0.0    0 18.2 26  80   M    M   5 1      32  80
11  85  76  81   M   0  16 0.41  0.0    0 16.8 25  80   M    M   6 1      36  80
12  85  78  82   M   0  17 0.01  0.0    0 12.3 20  80   M    M   3 18     24  60
13  86  78  82   M   0  17    T  0.0    0 14.2 22  70   M    M   3        25  80
14  87  78  83   M   0  18 0.00  0.0    0 14.9 24  80   M    M   4        30  80
15  87  78  83   M   0  18    T  0.0    0 15.2 23  70   M    M   5        29  80
16  87  79  83   M   0  18    T  0.0    0 11.5 20  70   M    M   4        25  90
17  87  76  82   M   0  17 0.00  0.0    0 13.1 21  70   M    M   3        24  70
18  87  76  82   M   0  17    T  0.0    0 14.6 21  80   M    M   4        26  90
19  87  77  82   M   0  17    T  0.0    0 16.1 23  80   M    M   6        29  80
20  87  74  81   M   0  16 0.14  0.0    0 16.4 23  80   M    M   6 18     35  90
21  87  77  82   M   0  17 0.02  0.0    0 17.3 24  80   M    M   5 1      29  80
22  87  78  83   M   0  18 0.05  0.0    0 19.6 25  80   M    M   5 18     31  80
23  87  76  82   M   0  17 0.08  0.0    0 20.1 32  80   M    M   5 18     40  80
24  87  77  82   M   0  17 0.11  0.0    0 17.9 25  70   M    M   6 1      39  80
25  86  77  82   M   0  17 0.08  0.0    0 11.5 22  70   M    M   5 1      32 150
26  87  77  82   M   0  17 0.22  0.0    0  8.0 18 160   M    M   5 18     26 150
27  86  74  80   M   0  15 2.19  0.0    0 11.1 18  70   M    M   6 13     23  60
================================================================================
SM 2327 2064         0 447  4.67     0.0 407.2          M      136
================================================================================
AV 86.2 76.4                              15.1 FASTST   M    M   5    MAX(MPH)
                                 MISC ---->  # 32  80               # 40   80
================================================================================
NOTES:
# LAST OF SEVERAL OCCURRENCES

COLUMN 17 PEAK WIND IN M.P.H.

PRELIMINARY LOCAL CLIMATOLOGICAL DATA (WS FORM: F-6) , PAGE 2

                                          STATION:  SAIPAN/ISLEY_(CGS) MP
                                          MONTH:    APRIL
                                          YEAR:     2015
                                          LATITUDE:   15  7 N
                                          LONGITUDE: 145-44 E

[TEMPERATURE DATA]      [PRECIPITATION DATA]       SYMBOLS USED IN COLUMN 16

AVERAGE MONTHLY: 81.3   TOTAL FOR MONTH:   4.67    1 = FOG OR MIST
DPTR FM NORMAL:     M   DPTR FM NORMAL:    2.60    2 = FOG REDUCING VISIBILITY
HIGHEST:    87 ON 26,24 GRTST 24HR  2.19 ON 27-27      TO 1/4 MILE OR LESS
LOWEST:     73 ON  6                               3 = THUNDER
                        SNOW, ICE PELLETS, HAIL    4 = ICE PELLETS
                        TOTAL MONTH:   0.0 INCH    5 = HAIL
                        GRTST 24HR     0.0         6 = FREEZING RAIN OR DRIZZLE
                        GRTST DEPTH:   0           7 = DUSTSTORM OR SANDSTORM:
                                                       VSBY 1/2 MILE OR LESS
                                                   8 = SMOKE OR HAZE
[NO. OF DAYS WITH]      [WEATHER - DAYS WITH]      9 = BLOWING SNOW
                                                   X = TORNADO
MAX 32 OR BELOW:   0    0.01 INCH OR MORE:  17
MAX 90 OR ABOVE:   0    0.10 INCH OR MORE:   8
MIN 32 OR BELOW:   0    0.50 INCH OR MORE:   1
MIN  0 OR BELOW:   0    1.00 INCH OR MORE:   1

[HDD (BASE 65) ]
TOTAL THIS MO.     0    CLEAR  (SCALE 0-3)   1
DPTR FM NORMAL     M    PTCLDY (SCALE 4-7)  26
TOTAL FM JUL 1     0    CLOUDY (SCALE 8-10)  0
DPTR FM NORMAL     M

[CDD (BASE 65) ]
TOTAL THIS MO.   447
DPTR FM NORMAL     M    [PRESSURE DATA]
TOTAL FM JAN 1  1771    HIGHEST SLP M ON M
DPTR FM NORMAL     M    LOWEST  SLP 29.82 ON  6

[REMARKS]
