000
CXUS52 KRAH 251317
CF6GSO
PRELIMINARY LOCAL CLIMATOLOGICAL DATA (WS FORM: F-6)

                                          STATION:   PIEDMONT TRIAD INTL AIRPORT NC
                                          MONTH:     APRIL
                                          YEAR:      2015
                                          LATITUDE:   36  4 N
                                          LONGITUDE:  79 57 W

  TEMPERATURE IN F:       :PCPN:    SNOW:  WIND      :SUNSHINE: SKY     :PK WND
================================================================================
1   2   3   4   5  6A  6B    7    8   9   10  11  12  13   14  15   16   17  18
                                     12Z  AVG MX 2MIN
DY MAX MIN AVG DEP HDD CDD  WTR  SNW DPTH SPD SPD DIR MIN PSBL S-S WX    SPD DR
================================================================================

 1  67  51  59   4   6   0 0.00  0.0    0  7.2 15  40   M    M   1        21 340
 2  71  44  58   3   7   0 0.00  0.0    0  9.9 23 200   M    M   7        28 210
 3  81  57  69  14   0   4 0.02  0.0    0 16.7 31 230   M    M   9 1      41 260
 4  74  43  59   3   6   0 0.01  0.0    0 11.7 33 250   M    M   6        45 240
 5  66  32  49  -7  16   0 0.00  0.0    0  5.2 16 190   M    M   4        21 190
 6  75  50  63   7   2   0 0.00  0.0    0  7.1 20 200   M    M   8        25 190
 7  70  58  64   8   1   0 0.02  0.0    0  6.8 16 210   M    M   9 1      21 220
 8  84  60  72  15   0   7    T  0.0    0  4.9 14 250   M    M   7 1      24 270
 9  78  58  68  11   0   3 0.72  0.0    0  6.0 15  40   M    M   9 1238   18  40
10  83  62  73  16   0   8 0.00  0.0    0 12.7 30 250   M    M   8 1      40 250
11  76  57  67   9   0   2 0.00  0.0    0  5.1 15 300   M    M   5        21 310
12  72  48  60   2   5   0 0.00  0.0    0  7.5 15 100   M    M   4        18 110
13  75  54  65   7   0   0    T  0.0    0  6.6 15 170   M    M   8        20 180
14  75  59  67   9   0   2 0.20  0.0    0  8.1 17  40   M    M   9 1      24  10
15  59  49  54  -5  11   0 0.31  0.0    0  9.5 18  50   M    M  10 1      23  60
16  56  47  52  -7  13   0 0.22  0.0    0  6.1 13  30   M    M  10 1      21  90
17  74  53  64   5   1   0 0.00  0.0    0  3.2 12 180   M    M   9 1      14 190
18  78  59  69   9   0   4    T  0.0    0  5.0 17  50   M    M   8 12     26 180
19  67  64  66   6   0   1 0.83  0.0    0 10.0 23 190   M    M  10 1      30 180
20  76  61  69   9   0   4    T  0.0    0 13.1 28 210   M    M   8        44 210
21  69  46  58  -2   7   0 0.00  0.0    0  9.8 23 310   M    M   4        31 310
22  77  44  61   1   4   0 0.00  0.0    0 11.3 23 240   0    0   0        33 230
23  69  46  58  -3   7   0 0.00  0.0    0 10.7 24 290   M    M   2        30 270
24  68  39  54  -7  11   0 0.00  0.0    0  6.6 17 270   M    M   5        21 300
================================================================================
SM 1740 1241        97  35  2.33     0.0 200.8            0    160
================================================================================
AV 72.5 51.7                               8.4 FASTST    0   0   7    MAX(MPH)
                                 MISC ---->  # 33 250               # 45  240
================================================================================
NOTES:
# LAST OF SEVERAL OCCURRENCES

COLUMN 17 PEAK WIND IN M.P.H.

PRELIMINARY LOCAL CLIMATOLOGICAL DATA (WS FORM: F-6) , PAGE 2

                                          STATION:  PIEDMONT TRIAD INTL AIRPORT NC
                                          MONTH:    APRIL
                                          YEAR:     2015
                                          LATITUDE:   36  4 N
                                          LONGITUDE:  79 57 W

[TEMPERATURE DATA]      [PRECIPITATION DATA]       SYMBOLS USED IN COLUMN 16

AVERAGE MONTHLY: 62.1   TOTAL FOR MONTH:   2.33    1 = FOG OR MIST
DPTR FM NORMAL:   4.1   DPTR FM NORMAL:   -0.56    2 = FOG REDUCING VISIBILITY
HIGHEST:    84 ON  8    GRTST 24HR  0.83 ON 19-19      TO 1/4 MILE OR LESS
LOWEST:     32 ON  5                               3 = THUNDER
                        SNOW, ICE PELLETS, HAIL    4 = ICE PELLETS
                        TOTAL MONTH:   0.0 INCH    5 = HAIL
                        GRTST 24HR     0.0         6 = FREEZING RAIN OR DRIZZLE
                        GRTST DEPTH:   0           7 = DUSTSTORM OR SANDSTORM:
                                                       VSBY 1/2 MILE OR LESS
                                                   8 = SMOKE OR HAZE
[NO. OF DAYS WITH]      [WEATHER - DAYS WITH]      9 = BLOWING SNOW
                                                   X = TORNADO
MAX 32 OR BELOW:   0    0.01 INCH OR MORE:   8
MAX 90 OR ABOVE:   0    0.10 INCH OR MORE:   5
MIN 32 OR BELOW:   1    0.50 INCH OR MORE:   2
MIN  0 OR BELOW:   0    1.00 INCH OR MORE:   0

[HDD (BASE 65) ]
TOTAL THIS MO.    97    CLEAR  (SCALE 0-3)   3
DPTR FM NORMAL   -95    PTCLDY (SCALE 4-7)  10
TOTAL FM JUL 1  3610    CLOUDY (SCALE 8-10) 11
DPTR FM NORMAL    93

[CDD (BASE 65) ]
TOTAL THIS MO.    35
DPTR FM NORMAL    10    [PRESSURE DATA]
TOTAL FM JAN 1    37    HIGHEST SLP  0.00 ON 22
DPTR FM NORMAL     7    LOWEST  SLP  0.00 ON 22

[REMARKS]
