000
CXUS56 KTFX 011205
CF6GTF
PRELIMINARY LOCAL CLIMATOLOGICAL DATA (WS FORM: F-6)

                                          STATION:   GREAT FALLS MT
                                          MONTH:     MARCH
                                          YEAR:      2015
                                          LATITUDE:   47 28 N
                                          LONGITUDE: 111 22 W

  TEMPERATURE IN F:       :PCPN:    SNOW:  WIND      :SUNSHINE: SKY     :PK WND
================================================================================
1   2   3   4   5  6A  6B    7    8   9   10  11  12  13   14  15   16   17  18
                                     12Z  AVG MX 2MIN
DY MAX MIN AVG DEP HDD CDD  WTR  SNW DPTH SPD SPD DIR MIN PSBL S-S WX    SPD DR
================================================================================

 1  36   9  23  -7  42   0 0.00  0.0    0 13.5 22 200   M    M   2        26 200
 2  33  12  23  -7  42   0 0.01  0.1    0 15.5 29 360   M    M  10 18     35 360
 3  19  -6   7 -23  58   0 0.00  0.0    T  6.0 20 340   M    M   3        22 340
 4  36   0  18 -13  47   0 0.00  0.0    T 12.7 24 220   M    M   2        29 220
 5  51  26  39   8  26   0 0.00  0.0    0 16.2 30 230   M    M   1        37 250
 6  60  29  45  14  20   0 0.00  0.0    0 14.2 30 250   M    M   1        36 240
 7  53  26  40   8  25   0    T  0.0    0  6.9 16 340   M    M   6        28 280
 8  57  26  42  10  23   0 0.00  0.0    0 11.8 24 240   M    M   0        29 260
 9  62  34  48  16  17   0 0.00  0.0    0 15.8 28 240   M    M   0        36 230
10  65  29  47  15  18   0 0.00  0.0    0 13.1 23 220   M    M   0        29 210
11  62  42  52  19  13   0 0.00  0.0    0 14.9 25 240   M    M   3        31 230
12  63  36  50  17  15   0 0.00  0.0    0 16.4 29 270   M    M   1        37 250
13  66  32  49  16  16   0 0.00  0.0    0 11.2 22 180   M    M   0        28 190
14  71  52  62  28   3   0 0.00  0.0    0 24.7 46 240   M    M   0        53 240
15  63  42  53  19  12   0 0.00  0.0    0 14.0 35 240   M    M   2        43 240
16  54  29  42   8  23   0    T    T    0  6.7 30 320   M    M  10 16     37 330
17  39  29  34   0  31   0 0.05    T    0  6.5 13  80   M    M  10 12     14  50
18  51  31  41   6  24   0    T  0.0    0  9.9 26 320   M    M   8 12     31 320
19  62  31  47  12  18   0 0.00  0.0    0 16.8 30 230   M    M   0        36 220
20  66  43  55  19  10   0 0.00  0.0    0 10.5 22 220   M    M   2        35 270
21  65  37  51  15  14   0 0.00  0.0    0 14.5 36 250   M    M   1        43 250
22  62  32  47  11  18   0 0.00  0.0    0 11.4 24 240   M    M   2        31 320
23  55  26  41   5  24   0 0.00  0.0    0  7.4 30 310   M    M   6        38 280
24  49  29  39   2  26   0 0.03  0.7    0 10.0 18  50   M    M   7 1      22  40
25  50  28  39   2  26   0 0.00  0.0    1 12.2 32 240   M    M   4 1      41 240
26  67  43  55  18  10   0 0.00  0.0    0 17.9 32 270   M    M   3        40 280
27  74  38  56  18   9   0 0.00  0.0    0 13.7 26 270   M    M   1        35 280
28  62  39  51  13  14   0    T  0.0    0 21.6 46 250   M    M   6 8      58 250
29  60  37  49  11  16   0 0.00  0.0    0 19.8 36 240   M    M   0        43 240
30  70  41  56  18   9   0 0.00  0.0    0 12.5 25 230   M    M   1        31 240
31  76  40  58  19   7   0    T  0.0    0 17.3 32 250   M    M   2        39 240
================================================================================
SM 1759  942       656   0  0.09     0.8 415.6          M       94
================================================================================
AV 56.7 30.4                              13.4 FASTST   M    M   3    MAX(MPH)
                                 MISC ---->  # 46 240               # 58  250
================================================================================
NOTES:
# LAST OF SEVERAL OCCURRENCES

COLUMN 17 PEAK WIND IN M.P.H.

PRELIMINARY LOCAL CLIMATOLOGICAL DATA (WS FORM: F-6) , PAGE 2

                                          STATION:  GREAT FALLS MT
                                          MONTH:    MARCH
                                          YEAR:     2015
                                          LATITUDE:   47 28 N
                                          LONGITUDE: 111 22 W

[TEMPERATURE DATA]      [PRECIPITATION DATA]       SYMBOLS USED IN COLUMN 16

AVERAGE MONTHLY: 43.6   TOTAL FOR MONTH:   0.09    1 = FOG OR MIST
DPTR FM NORMAL:   9.4   DPTR FM NORMAL:   -0.82    2 = FOG REDUCING VISIBILITY
HIGHEST:    76 ON 31    GRTST 24HR  0.05 ON 17-17      TO 1/4 MILE OR LESS
LOWEST:     -6 ON  3                               3 = THUNDER
                        SNOW, ICE PELLETS, HAIL    4 = ICE PELLETS
                        TOTAL MONTH:   0.8 INCH    5 = HAIL
                        GRTST 24HR   0.7 ON   M    6 = FREEZING RAIN OR DRIZZLE
                        GRTST DEPTH:   1 ON 25     7 = DUSTSTORM OR SANDSTORM:
                                                       VSBY 1/2 MILE OR LESS
                                                   8 = SMOKE OR HAZE
[NO. OF DAYS WITH]      [WEATHER - DAYS WITH]      9 = BLOWING SNOW
                                                   X = TORNADO
MAX 32 OR BELOW:   1    0.01 INCH OR MORE:   3
MAX 90 OR ABOVE:   0    0.10 INCH OR MORE:   0
MIN 32 OR BELOW:  18    0.50 INCH OR MORE:   0
MIN  0 OR BELOW:   2    1.00 INCH OR MORE:   0

[HDD (BASE 65) ]
TOTAL THIS MO.   656    CLEAR  (SCALE 0-3)  20
DPTR FM NORMAL  -297    PTCLDY (SCALE 4-7)   7
TOTAL FM JUL 1  5794    CLOUDY (SCALE 8-10)  4
DPTR FM NORMAL  -664

[CDD (BASE 65) ]
TOTAL THIS MO.     0
DPTR FM NORMAL     0    [PRESSURE DATA]
TOTAL FM JAN 1     0    HIGHEST SLP 30.53 ON 16
DPTR FM NORMAL     0    LOWEST  SLP 29.49 ON 31

[REMARKS]
#FINAL-03-15#
