000
CXUS51 KPBZ 250804
CF6HLG
PRELIMINARY LOCAL CLIMATOLOGICAL DATA (WS FORM: F-6)

                                          STATION:   WHEELING
                                          MONTH:     APRIL
                                          YEAR:      2015
                                          LATITUDE:   40 10 N
                                          LONGITUDE:  80 39 W

  TEMPERATURE IN F:       :PCPN:    SNOW:  WIND      :SUNSHINE: SKY     :PK WND
================================================================================
1   2   3   4   5  6A  6B    7    8   9   10  11  12  13   14  15   16   17  18
                                     12Z  AVG MX 2MIN
DY MAX MIN AVG DEP HDD CDD  WTR  SNW DPTH SPD SPD DIR MIN PSBL S-S WX    SPD DR
================================================================================

 1  60  25  43  -3  22   0 0.00    M    M  6.0 21 290   M    M   1        28 280
 2  65  42  54   7  11   0 0.41    M    M 11.2 30 220   M    M   5 13     40 220
 3  63  42  53   6  12   0 0.32    M    M  9.2 32 330   M    M  10 12     43 330
 4  49  34  42  -5  23   0 0.06    M    M 12.0 23 310   M    M   4 1      32 310
 5  63  40  52   4  13   0 0.00    M    M 11.5 24 270   M    M   0        29 230
 6  71  44  58  10   7   0 0.11    M    M  7.4 20 230   M    M   6 13     30 220
 7  63  52  58  10   7   0 0.50    M    M  4.9 17 170   M    M  10 12     23 170
 8  68  58  63  14   2   0 0.44    M    M  8.3 21 330   M    M   6 13     29 320
 9   M   M   M   M   M   M 0.47    M    M 10.1 16 190   M    M   7 13     24 190
10  76  51  64  14   1   0 0.39    M    M 15.3 39 270   M    M   0 13     60 270
11  57  43  50   0  15   0 0.00    M    M 10.3 18 240   0    0   0        37 290
12  69  37  53   3  12   0 0.00    M    M  5.2 13 120   M    M   0        17 120
13  81  55  68  17   0   3 0.28    M    M 12.0 28 270   M    M   3 1      36 270
14  62  51  57   6   8   0    T    M    M  9.1 20  60   M    M   2        24  60
15  64  45  55   4  10   0 0.00    M    M  9.7 17  60   M    M   0        22 110
16  58  51  55   3  10   0 0.03    M    M 10.8 24 140   M    M   7        35 130
17  72  55  64  12   1   0 0.00    M    M  6.7 14 220   M    M   6        18 200
18  76  46  61   9   4   0 0.00    M    M  5.1 16  20   M    M   0 1      20  30
19  71  53  62   9   3   0 0.27    M    M 15.5 29 130   M    M   4 1      38 100
20  72  49  61   8   4   0 0.13    M    M 14.7 32 270   M    M   M        45 270
21  58  44  51  -2  14   0    T    M    M 15.0 38 270   M    M   7        52 250
22  53  37  45  -9  20   0 0.39    M    M 11.4 28 280   M    M   9 1      39 280
23  47  35  41 -13  24   0 0.00    M    M 12.2 29 280   M    M  10        37 280
24  56  28  42 -12  23   0 0.00    M    M  8.7 22 270   M    M   1        30 240
================================================================================
SM 1474 1017       246   3  3.80    M    242.3            0     98
================================================================================
AV 64.1 44.2                              10.1 FASTST    0   0   4    MAX(MPH)
                                 MISC ---->  # 39 270               # 60  270
================================================================================
NOTES:
# LAST OF SEVERAL OCCURRENCES

COLUMN 17 PEAK WIND IN M.P.H.

PRELIMINARY LOCAL CLIMATOLOGICAL DATA (WS FORM: F-6) , PAGE 2

                                          STATION:  WHEELING
                                          MONTH:    APRIL
                                          YEAR:     2015
                                          LATITUDE:   40 10 N
                                          LONGITUDE:  80 39 W

[TEMPERATURE DATA]      [PRECIPITATION DATA]       SYMBOLS USED IN COLUMN 16

AVERAGE MONTHLY: 54.2   TOTAL FOR MONTH:   3.80    1 = FOG OR MIST
DPTR FM NORMAL:   3.8   DPTR FM NORMAL:    1.44    2 = FOG REDUCING VISIBILITY
HIGHEST:    81 ON 13    GRTST 24HR  0.60 ON  7- 8      TO 1/4 MILE OR LESS
LOWEST:     25 ON  1                               3 = THUNDER
                        SNOW, ICE PELLETS, HAIL    4 = ICE PELLETS
                        TOTAL MONTH:    M          5 = HAIL
                        GRTST 24HR    M  ON   M    6 = FREEZING RAIN OR DRIZZLE
                        GRTST DEPTH:  M  ON   M    7 = DUSTSTORM OR SANDSTORM:
                                                       VSBY 1/2 MILE OR LESS
                                                   8 = SMOKE OR HAZE
[NO. OF DAYS WITH]      [WEATHER - DAYS WITH]      9 = BLOWING SNOW
                                                   X = TORNADO
MAX 32 OR BELOW:   0    0.01 INCH OR MORE:  13
MAX 90 OR ABOVE:   0    0.10 INCH OR MORE:  11
MIN 32 OR BELOW:   2    0.50 INCH OR MORE:   1
MIN  0 OR BELOW:   0    1.00 INCH OR MORE:   0

[HDD (BASE 65) ]
TOTAL THIS MO.   246    CLEAR  (SCALE 0-3)  10
DPTR FM NORMAL  -112    PTCLDY (SCALE 4-7)   9
TOTAL FM JUL 1  5694    CLOUDY (SCALE 8-10)  4
DPTR FM NORMAL   396

[CDD (BASE 65) ]
TOTAL THIS MO.     3
DPTR FM NORMAL     3    [PRESSURE DATA]
TOTAL FM JAN 1     3    HIGHEST SLP  0.00 ON M
DPTR FM NORMAL     2    LOWEST  SLP 29.45 ON 20

[REMARKS]
