000
CXUS53 KGRR 241017
CF6JXN
PRELIMINARY LOCAL CLIMATOLOGICAL DATA (WS FORM: F-6)

                                          STATION:   JACKSON MI
                                          MONTH:     APRIL
                                          YEAR:      2015
                                          LATITUDE:   42 16 N
                                          LONGITUDE:  84 28 W

  TEMPERATURE IN F:       :PCPN:    SNOW:  WIND      :SUNSHINE: SKY     :PK WND
================================================================================
1   2   3   4   5  6A  6B    7    8   9   10  11  12  13   14  15   16   17  18
                                     12Z  AVG MX 2MIN
DY MAX MIN AVG DEP HDD CDD  WTR  SNW DPTH SPD SPD DIR MIN PSBL S-S WX    SPD DR
================================================================================

 1  65  26  46   4  19   0 0.00    M    M  6.7 16 190   M    M   1        21 180
 2  60  41  51   8  14   0 0.55    M    M 10.9 23 200   M    M   4 123    32 210
 3  53  31  42  -1  23   0    T    M    M  8.2 23 310   M    M   8 12     31 330
 4  52  23  38  -5  27   0 0.00    M    M 11.4 30 260   M    M   1        42 240
 5  65  34  50   6  15   0 0.00    M    M 11.2 24 250   M    M   5        31 240
 6  65  33  49   5  16   0 0.00    M    M  6.5 15 130   M    M   6 1      17 130
 7  50  40  45   0  20   0 0.01    M    M 10.5 17  90   M    M  10 18     21  70
 8  45  38  42  -3  23   0 0.01    M    M  8.1 18 120   M    M  10 1      25 120
 9  68  40  54   8  11   0 0.63    M    M 10.4 21 210   M    M   7 123    27 210
10  68  39  54   8  11   0 0.11    M    M 17.1 37 230   M    M   8 138    51 230
11  61  33  47   1  18   0 0.00    M    M  8.4 18 250   M    M   1 1      24 300
12  65  34  50   3  15   0 0.00    M    M  7.0 18 160   M    M   2        24 180
13  66  41  54   7  11   0 0.04    M    M 12.1 25 300   M    M   5 18     35 200
14  67  37  52   5  13   0 0.00    M    M  2.7 13 310   M    M   0        15 300
15  64  39  52   4  13   0 0.00    M    M 10.5 20 100   M    M   0        25 110
16  60  47  54   6  11   0 0.07    M    M  7.2 17 120   M    M   7 1      24 130
17  76  43  60  12   5   0 0.00    M    M  5.9 14 300   M    M   2 1      18 240
18  75  46  61  12   4   0 0.00    M    M  9.6 18  90   M    M   0        24 100
19  66  45  56   7   9   0 0.52    M    M 14.7 25 100   M    M   4 1      31 120
20  59  43  51   1  14   0 0.37    M    M 16.5 31 230   M    M  10 18     39 230
21  50  38  44  -6  21   0 0.01    M    M 16.7 32 250   M    M   8        40 250
22  38  33  36 -14  29   0    T    M    M 12.7 25 290   M    M   8        34 260
23  42  26  34 -17  31   0    T    M    M 11.2 25 320   M    M   8        31 310
================================================================================
SM 1380  850       373   0  2.32    M    236.2          M      115
================================================================================
AV 60.0 37.0                              10.3 FASTST   M    M   5    MAX(MPH)
                                 MISC ---->  # 37 230               # 51  230
================================================================================
NOTES:
# LAST OF SEVERAL OCCURRENCES

COLUMN 17 PEAK WIND IN M.P.H.

PRELIMINARY LOCAL CLIMATOLOGICAL DATA (WS FORM: F-6) , PAGE 2

                                          STATION:  JACKSON MI
                                          MONTH:    APRIL
                                          YEAR:     2015
                                          LATITUDE:   42 16 N
                                          LONGITUDE:  84 28 W

[TEMPERATURE DATA]      [PRECIPITATION DATA]       SYMBOLS USED IN COLUMN 16

AVERAGE MONTHLY: 48.5   TOTAL FOR MONTH:   2.32    1 = FOG OR MIST
DPTR FM NORMAL:   1.9   DPTR FM NORMAL:    0.33    2 = FOG REDUCING VISIBILITY
HIGHEST:    76 ON 17    GRTST 24HR  0.87 ON 19-20      TO 1/4 MILE OR LESS
LOWEST:     23 ON  4                               3 = THUNDER
                        SNOW, ICE PELLETS, HAIL    4 = ICE PELLETS
                        TOTAL MONTH:    M          5 = HAIL
                        GRTST 24HR    M  ON   M    6 = FREEZING RAIN OR DRIZZLE
                        GRTST DEPTH:  M  ON   M    7 = DUSTSTORM OR SANDSTORM:
                                                       VSBY 1/2 MILE OR LESS
                                                   8 = SMOKE OR HAZE
[NO. OF DAYS WITH]      [WEATHER - DAYS WITH]      9 = BLOWING SNOW
                                                   X = TORNADO
MAX 32 OR BELOW:   0    0.01 INCH OR MORE:  10
MAX 90 OR ABOVE:   0    0.10 INCH OR MORE:   5
MIN 32 OR BELOW:   4    0.50 INCH OR MORE:   3
MIN  0 OR BELOW:   0    1.00 INCH OR MORE:   0

[HDD (BASE 65) ]
TOTAL THIS MO.   373    CLEAR  (SCALE 0-3)   8
DPTR FM NORMAL   -55    PTCLDY (SCALE 4-7)  11
TOTAL FM JUL 1  6871    CLOUDY (SCALE 8-10)  4
DPTR FM NORMAL   619

[CDD (BASE 65) ]
TOTAL THIS MO.     0
DPTR FM NORMAL     0    [PRESSURE DATA]
TOTAL FM JAN 1     0    HIGHEST SLP M ON M
DPTR FM NORMAL     0    LOWEST  SLP 29.15 ON 20

[REMARKS]
