000
CXUS54 KHGX 271415
CF6LBX
PRELIMINARY LOCAL CLIMATOLOGICAL DATA (WS FORM: F-6)

                                          STATION:   ANGLETON/LAKE_JACKS
                                          MONTH:     APRIL
                                          YEAR:      2015
                                          LATITUDE:   29  6 N
                                          LONGITUDE:  95 28 W

  TEMPERATURE IN F:       :PCPN:    SNOW:  WIND      :SUNSHINE: SKY     :PK WND
================================================================================
1   2   3   4   5  6A  6B    7    8   9   10  11  12  13   14  15   16   17  18
                                     12Z  AVG MX 2MIN
DY MAX MIN AVG DEP HDD CDD  WTR  SNW DPTH SPD SPD DIR MIN PSBL S-S WX    SPD DR
================================================================================

 1  80  65  73   8   0   8 0.00  0.0    0 11.5 24 160   M    M   6 1      29 150
 2  80  70  75   9   0  10 0.00  0.0    0 15.0 24 180   M    M   9        30 170
 3  80  68  74   8   0   9 0.00  0.0    0  9.5 23 190   M    M   7 1      27 190
 4  72  60  66   0   0   1 0.00  0.0    0 10.2 22  30   M    M   8 1      28  40
 5  79  61  70   4   0   5 0.01  0.0    0  9.6 20 190   M    M   7 1      24 190
 6  80  66  73   7   0   8    T  0.0    0 10.4 24 180   M    M   5 18     28 180
 7  82  70  76   9   0  11 0.00  0.0    0 12.9 21 180   M    M   8 1      27 170
 8  80  71  76   9   0  11 0.00  0.0    0 13.1 22 170   M    M   8        26 160
 9  82  71  77  10   0  12 0.00  0.0    0 15.4 28 170   M    M   9        33 190
10  77  63  70   3   0   5 0.13  0.0    0  5.0 20  10   M    M   8 13     24 330
11  71  64  68   0   0   3    T  0.0    0  6.2 13  60   M    M  10 1      17  50
12  75  67  71   3   0   6    M  0.0    0  7.1 15 170   M    M   9 13     20 150
13  85  68  77   9   0  12 0.00  0.0    0  7.3 25 190   M    M   4 13     31 190
14  75  63  69   1   0   4 2.04  0.0    0  3.7 21 160   M    M   5 13     30 200
15  76  61  69   1   0   4    T  0.0    0  4.6 13 130   M    M   5 1      15 150
16  81  64  73   4   0   8 0.01  0.0    0  8.3 20 180   M    M   8 13     26  80
17  79  64  72   3   0   7 0.46  0.0    0  7.9 26 250   M    M   7 13     46 260
18  74  63  69   0   0   4 0.27  0.0    0  5.8 21 140   M    M   6 13     31 120
19  82  58  70   0   0   5 0.03  0.0    0  6.4 22 180   M    M   2        25 180
20  73  60  67  -3   0   2 0.00  0.0    0  8.3 18  20   M    M   0        25  30
21  76  61  69  -1   0   4 0.00  0.0    0  8.3 20 110   M    M   2        26 190
22  80  68  74   4   0   9 0.07  0.0    0  6.5 15 140   M    M   7 13     20 190
23  85  69  77   7   0  12    T  0.0    0  4.5 13 160   M    M   8 1      17 160
24  83  68  76   5   0  11 0.05  0.0    0  7.5 23 170   M    M   9 13     27 160
25  79  64  72   1   0   7 1.60  0.0    0  6.2 35 350   M    M   2 13     45 330
26  83  71  77   6   0  12 0.04  0.0    0  7.4 16 130   M    M   9 123    21 140
================================================================================
SM 2049 1698         0 190  4.71     0.0 218.6          M      168
================================================================================
AV 78.8 65.3                               8.4 FASTST   M    M   6    MAX(MPH)
                                 MISC ---->  # 35 350               # 46  260
================================================================================
NOTES:
# LAST OF SEVERAL OCCURRENCES

COLUMN 17 PEAK WIND IN M.P.H.

PRELIMINARY LOCAL CLIMATOLOGICAL DATA (WS FORM: F-6) , PAGE 2

                                          STATION:  ANGLETON/LAKE_JACKS
                                          MONTH:    APRIL
                                          YEAR:     2015
                                          LATITUDE:   29  6 N
                                          LONGITUDE:  95 28 W

[TEMPERATURE DATA]      [PRECIPITATION DATA]       SYMBOLS USED IN COLUMN 16

AVERAGE MONTHLY: 72.1   TOTAL FOR MONTH:   4.71    1 = FOG OR MIST
DPTR FM NORMAL:   3.9   DPTR FM NORMAL:    2.54    2 = FOG REDUCING VISIBILITY
HIGHEST:    85 ON 23,13 GRTST 24HR  2.04 ON 14-14      TO 1/4 MILE OR LESS
LOWEST:     58 ON 19                               3 = THUNDER
                        SNOW, ICE PELLETS, HAIL    4 = ICE PELLETS
                        TOTAL MONTH:   0.0 INCH    5 = HAIL
                        GRTST 24HR     0.0         6 = FREEZING RAIN OR DRIZZLE
                        GRTST DEPTH:   0           7 = DUSTSTORM OR SANDSTORM:
                                                       VSBY 1/2 MILE OR LESS
                                                   8 = SMOKE OR HAZE
[NO. OF DAYS WITH]      [WEATHER - DAYS WITH]      9 = BLOWING SNOW
                                                   X = TORNADO
MAX 32 OR BELOW:   0    0.01 INCH OR MORE:  11
MAX 90 OR ABOVE:   0    0.10 INCH OR MORE:   5
MIN 32 OR BELOW:   0    0.50 INCH OR MORE:   2
MIN  0 OR BELOW:   0    1.00 INCH OR MORE:   2

[HDD (BASE 65) ]
TOTAL THIS MO.     0    CLEAR  (SCALE 0-3)   4
DPTR FM NORMAL   -40    PTCLDY (SCALE 4-7)  16
TOTAL FM JUL 1  1484    CLOUDY (SCALE 8-10)  6
DPTR FM NORMAL   171

[CDD (BASE 65) ]
TOTAL THIS MO.   190
DPTR FM NORMAL    69    [PRESSURE DATA]
TOTAL FM JAN 1   233    HIGHEST SLP M ON M
DPTR FM NORMAL    20    LOWEST  SLP 29.58 ON 26

[REMARKS]
