000
CXUS51 KCAR 260600
CF6MLT
PRELIMINARY LOCAL CLIMATOLOGICAL DATA (WS FORM: F-6)

                                          STATION:   MILLINOCKET ME
                                          MONTH:     APRIL
                                          YEAR:      2015
                                          LATITUDE:   45 39 N
                                          LONGITUDE:  68 41 W

  TEMPERATURE IN F:       :PCPN:    SNOW:  WIND      :SUNSHINE: SKY     :PK WND
================================================================================
1   2   3   4   5  6A  6B    7    8   9   10  11  12  13   14  15   16   17  18
                                     12Z  AVG MX 2MIN
DY MAX MIN AVG DEP HDD CDD  WTR  SNW DPTH SPD SPD DIR MIN PSBL S-S WX    SPD DR
================================================================================

 1  33  14  24 -10  41   0 0.00    M    M  7.7 20 290   M    M   0        31 280
 2  43  12  28  -6  37   0 0.01    M    M  3.5 10 250   M    M   4 1      17 240
 3  61  32  47  12  18   0 0.15    M    M  2.2 13 270   M    M   4 1      19 270
 4  41  20  31  -4  34   0 0.25    M    M 10.4 26 340   M    M   7 12     34 350
 5  32   6  19 -17  46   0 0.02    M    M  6.9 25 310   M    M   4 18     35 310
 6  37   2  20 -16  45   0 0.01    M    M  3.4 10 230   M    M   4 1      19 280
 7  43  26  35  -2  30   0    T    M    M  4.0 15 300   M    M   4 1      21 290
 8  40  22  31  -6  34   0 0.00    M    M  3.8 10  70   M    M   1        13  30
 9  44  30  37  -1  28   0 0.00    M    M  3.8 14 130   M    M   4        19 120
10  41  31  36  -2  29   0 0.16    M    M  4.3 10 160   M    M  10 16     17 150
11  44  32  38  -1  27   0 0.00    M    M 10.0 24 260   M    M   6 12     38 250
12  60  32  46   7  19   0 0.00    M    M  6.7 18 300   M    M   1        25 300
13  69  31  50  10  15   0 0.00    M    M  4.7 13 170   M    M   0        22 180
14  59  36  48   8  17   0 0.04    M    M  6.7 20 260   M    M   3 1      30 260
15  54  29  42   1  23   0 0.00    M    M  5.8 20  40   M    M   1 8      26  50
16  60  29  45   4  20   0 0.00    M    M  3.4  9 240   M    M   0        17 230
17  65  37  51   9  14   0 0.05    M    M  4.0 14 260   M    M   3 1      22 260
18  56  31  44   2  21   0 0.00    M    M  5.2 13  20   M    M   3        17  30
19  55  30  43   0  22   0    T    M    M  5.2 15 300   M    M   4        23 310
20  54  26  40  -3  25   0    T    M    M  6.3 15 130   M    M   4        23 140
21  47  36  42  -2  23   0 0.86    M    M  6.4 16 130   M    M   9 1      23 130
22  61  31  46   2  19   0    T    M    M  4.8 12 110   M    M   4 12     20 150
23  50  37  44  -1  21   0 0.09    M    M  8.6 18 120   M    M   8 1      31 120
24  45  34  40  -5  25   0 0.11    M    M 10.3 23 300   M    M   9 1      32 300
25  49  33  41  -5  24   0    T    M    M  5.6 13  20   M    M   9        19 350
================================================================================
SM 1243  679       657   0  1.75    M    143.7          M      106
================================================================================
AV 49.7 27.2                               5.7 FASTST   M    M   4    MAX(MPH)
                                 MISC ---->  # 26 340               # 38  250
================================================================================
NOTES:
# LAST OF SEVERAL OCCURRENCES

COLUMN 17 PEAK WIND IN M.P.H.

PRELIMINARY LOCAL CLIMATOLOGICAL DATA (WS FORM: F-6) , PAGE 2

                                          STATION:  MILLINOCKET ME
                                          MONTH:    APRIL
                                          YEAR:     2015
                                          LATITUDE:   45 39 N
                                          LONGITUDE:  68 41 W

[TEMPERATURE DATA]      [PRECIPITATION DATA]       SYMBOLS USED IN COLUMN 16

AVERAGE MONTHLY: 38.4   TOTAL FOR MONTH:   1.75    1 = FOG OR MIST
DPTR FM NORMAL:  -1.3   DPTR FM NORMAL:   -1.27    2 = FOG REDUCING VISIBILITY
HIGHEST:    69 ON 13    GRTST 24HR  0.86 ON 21-21      TO 1/4 MILE OR LESS
LOWEST:      2 ON  6                               3 = THUNDER
                        SNOW, ICE PELLETS, HAIL    4 = ICE PELLETS
                        TOTAL MONTH:    M          5 = HAIL
                        GRTST 24HR    M  ON   M    6 = FREEZING RAIN OR DRIZZLE
                        GRTST DEPTH:  M  ON   M    7 = DUSTSTORM OR SANDSTORM:
                                                       VSBY 1/2 MILE OR LESS
                                                   8 = SMOKE OR HAZE
[NO. OF DAYS WITH]      [WEATHER - DAYS WITH]      9 = BLOWING SNOW
                                                   X = TORNADO
MAX 32 OR BELOW:   1    0.01 INCH OR MORE:  11
MAX 90 OR ABOVE:   0    0.10 INCH OR MORE:   5
MIN 32 OR BELOW:  19    0.50 INCH OR MORE:   1
MIN  0 OR BELOW:   0    1.00 INCH OR MORE:   0

[HDD (BASE 65) ]
TOTAL THIS MO.   657    CLEAR  (SCALE 0-3)   9
DPTR FM NORMAL    26    PTCLDY (SCALE 4-7)  11
TOTAL FM JUL 1  7959    CLOUDY (SCALE 8-10)  5
DPTR FM NORMAL   129

[CDD (BASE 65) ]
TOTAL THIS MO.     0
DPTR FM NORMAL     0    [PRESSURE DATA]
TOTAL FM JAN 1     0    HIGHEST SLP M ON M
DPTR FM NORMAL     0    LOWEST  SLP 29.38 ON 11

[REMARKS]
