000
CXAK56 PAOT 270912
CF6OTZ

PRELIMINARY LOCAL CLIMATOLOGICAL DATA (WS FORM: F-6)

                                          STATION:   KOTZEBUE
                                          MONTH:     04
                                          YEAR:      2015
                                          LATITUDE:   66 53 N
                                          LONGITUDE: 162 36 W

  TEMPERATURE IN F:       :PCPN:    SNOW:  WIND      :SUNSHINE: SKY     :PK WND
================================================================================
1   2   3   4   5  6A  6B    7     8   9   10  11  12  13   14  15   16  17  18
                                      12Z  AVG MX 2MIN
DY MAX MIN AVG DEP HDD CDD  WTR   SNW DPTH SPD SPD DIR MIN PSBL S-S WX   SPD DR
================================================================================

 1   7   1   4   0  61   0  0.00  0.0   8 13.7 17  280   M    M   M 18    20 290
 2   6  -4   1  -4  64   0     T    T   8 11.1 16  270   M    M   M 18    18 290
 3   1 -12  -5 -10  70   0  0.00  0.0   8  5.4 14  280   M    M   M 18    16 290
 4  20 -13   4  -2  61   0  0.00  0.0   8  7.0 13   60   M    M   M       14  90
 5  25   8  17  11  48   0     T    T   8 18.2 28   70   M    M   M       31  70
 6  27  21  24  17  41   0  0.06  0.6   8 25.2 32   90   M    M   M 19    37 100
 7  33  27  30  23  35   0  0.18  1.8  10 18.4 29   80   M    M   M 19    33  80
 8  32  18  25  17  40   0  0.10  0.9  10  8.1 16  150   M    M   M 1     18 140
 9  33  10  22  13  43   0     T    T  10  9.2 17   10   M    M   M 1     20  10
10  23   3  13   4  52   0  0.00  0.0  10  3.8 12  290   M    M   M       14 300
11  14  -5   5  -5  60   0  0.00  0.0  10  1.6  8  210   M    M   M 2      9 210
12  13   2   8  -3  57   0     T    T  10  7.3 17  260   M    M   M 1     20 260
13  10  -5   3  -8  62   0     T    T  10  3.2  8  290   M    M   M 1     10 290
14  11 -14  -1 -13  66   0  0.01  0.1  10  5.6 16  290   M    M   M 12    20 300
15  10  -1   5  -8  60   0     T    T  10 16.9 22  290   M    M   M 19    25 290
16   9   0   5  -8  60   0  0.00  0.0  10 15.2 21  290   M    M   M 1     23 290
17  16  -2   7  -7  58   0     T    T  10  6.6 16  290   M    M   M 1     19 290
18  39  13  26  11  39   0  0.01    T  10 13.7 26   70   M    M   M 1     30  90
19  39  32  36  20  29   0  0.14    T   8 17.9 30   90   M    M   M 1     37  80
20  35  18  27  11  38   0     T  0.0   7 15.0 30  160   M    M   M       34 160
21  33  12  23   6  42   0  0.00  0.0   6  9.8 16  110   M    M   M       18 110
22  33  16  25   7  40   0  0.03  0.3   6 12.9 29  150   M    M   M 12    33 140
23  37  24  31  12  34   0  0.02  0.2   6 16.0 24  120   M    M   M 1     27 120
24  44  28  36  17  29   0  0.00  0.0   5  7.7 18   80   M    M   M       21  80
25  36  21  29   9  36   0  0.00  0.0   4  9.3 22  290   M    M   M       25 290
26  27  17  22   1  43   0  0.00  0.0   3 11.0 18  270   M    M   M 12    22 290
================================================================================
SM  613  215      1268   0  0.55 3.9    289.8           M        M
================================================================================
AV 23.6  8.3                             11.1 FASTST  PSBL  %   M    MAX(MPH)
                                 MISC ---->     32   90               # 37  80
================================================================================
NOTES:
# LAST OF SEVERAL OCCURRENCES

COLUMN 17 PEAK WIND IN M.P.H.

PRELIMINARY LOCAL CLIMATOLOGICAL DATA (WS FORM: F-6) , PAGE 2

                                          STATION:   KOTZEBUE
                                          MONTH:     04
                                          YEAR:      2015
                                          LATITUDE:  66 53 N
                                          LONGITUDE: 162 36 W

[TEMPERATURE DATA]      [PRECIPITATION DATA]       SYMBOLS USED IN COLUMN 16

AVERAGE MONTHLY:15.9   TOTAL FOR MONTH: 0.55       1 = FOG
DPTR FM NORMAL:  3.9   DPTR FM NORMAL: 0.09       2 = FOG REDUCING VISIBILITY
HIGHEST:    44 ON 24    GRTST 24HR   0.18 ON  7        TO 1/4 MILE OR LESS
LOWEST:    -14 ON 14                               3 = THUNDER
                        SNOW, ICE PELLETS, HAIL    4 = ICE PELLETS
                        TOTAL MONTH: 3.9 INCHES  5 = HAIL
                        GRTST 24HR   1.8 ON  7     6 = GLAZE OR RIME
                        GRTST DEPTH:   10 ON 18    7 = BLOWING DUST OR SAND:
                                                       VSBY 1/2 MILE OR LESS
                                                   8 = SMOKE OR HAZE
[NO. OF DAYS WITH]      [WEATHER - DAYS WITH]      9 = BLOWING SNOW
                                                   X = TORNADO
MAX 32 OR BELOW:  16    0.01 INCH OR MORE:   8
MAX 70 OR ABOVE:   0    0.10 INCH OR MORE:   3
MIN 32 OR BELOW:  26    0.50 INCH OR MORE:   0
MIN  0 OR BELOW:   9    1.00 INCH OR MORE:   0

[HDD (BASE 65) ]
TOTAL THIS MO.  1270    CLEAR  (SCALE 0-3)   M
DPTR FM NORMAL  -110    PTCLDY (SCALE 4-7)   M
SEASONAL TOTAL 12198    CLOUDY (SCALE 8-10)  M
DPTR FM NORMAL -1411

[CDD (BASE 65) ]
TOTAL THIS MO.     0
DPTR FM NORMAL     0    [PRESSURE DATA]
SEASONAL TOTAL     0    HIGHEST SLP     M
DPTR FM NORMAL     0    LOWEST  SLP     M

[REMARKS]
