000
CXUS51 KBTV 240700
CF6PBG
PRELIMINARY LOCAL CLIMATOLOGICAL DATA (WS FORM: F-6)

                                          STATION:   PLATTSBURGH NY
                                          MONTH:     APRIL
                                          YEAR:      2015
                                          LATITUDE:   44 39 N
                                          LONGITUDE:  73 28 W

  TEMPERATURE IN F:       :PCPN:    SNOW:  WIND      :SUNSHINE: SKY     :PK WND
================================================================================
1   2   3   4   5  6A  6B    7    8   9   10  11  12  13   14  15   16   17  18
                                     12Z  AVG MX 2MIN
DY MAX MIN AVG DEP HDD CDD  WTR  SNW DPTH SPD SPD DIR MIN PSBL S-S WX    SPD DR
================================================================================

 1  40  21  31  -5  34   0 0.00  0.0    0  7.4 17 330   M    M   0        24 350
 2  59  21  40   4  25   0    T    M    0  8.1 21 150   M    M   5        25 150
 3  68  41  55  18  10   0    T    M    0  5.0 16 320   M    M   3        22 320
 4  46  24  35  -2  30   0 0.22    M    0 10.5 29 350   M    M   7 1      36 350
 5  42  25  34  -4  31   0    T    M    0  8.4 22 330   M    M   7 18     29 320
 6  38  24  31  -7  34   0 0.12    M    0  3.1 14 150   M    M   9 1      17 140
 7  42  24  33  -6  32   0    T    M    0  7.0 16  40   M    M   4 1      22  30
 8  43  19  31  -8  34   0 0.23    M    0  4.8 14 140   M    M   4 1      23 190
 9  41  31  36  -4  29   0 0.06    M    0 15.3 25 160   M    M  10 1      33 170
10  56  37  47   7  18   0 0.10    M    0 13.6 26 160   M    M   9 1      33 220
11  51  39  45   5  20   0    T    M    0  8.9 22 300   M    M   6        31 290
12  65  35  50   9  15   0 0.00    M    0  5.7 20 130   M    M   0        25 110
13  71  29  50   8  15   0 0.00  0.0    0 11.7 26 150   M    M   1        40 170
14  64  45  55  13  10   0 0.05    M    0  8.0 20 300   M    M   3 1      34 300
15  58  31  45   2  20   0 0.00  0.0    0 10.1 25 350   M    M   0        34 350
16  62  25  44   1  21   0 0.00  0.0    0  7.2 23 150   M    M   0        29 170
17  70  44  57  13   8   0 0.04    M    0  7.7 16 320   M    M   5 1      25 320
18  58  40  49   5  16   0 0.04    M    0 10.1 22  40   M    M   6        27 320
19  52  33  43  -2  22   0 0.00  0.0    0  7.0 17 340   M    M   1        21 350
20  51  33  42  -3  23   0 0.25    M    0 11.4 26 160   M    M   7 1      36 150
21  57  36  47   1  18   0 0.30    M    0  5.8 14 230   M    M   7 1      21 280
22  53  30  42  -4  23   0 0.10    M    0  3.8 15 140   M    M   7 1      17 140
23  48  36  42  -5  23   0 0.00  0.0    0  7.6 15 230   M    M   8        24 280
================================================================================
SM 1235  723       511   0  1.51     0.0 188.2          M      109
================================================================================
AV 53.7 31.4                               8.2 FASTST   M    M   5    MAX(MPH)
                                 MISC ---->  # 29 350               # 40  170
================================================================================
NOTES:
# LAST OF SEVERAL OCCURRENCES

COLUMN 17 PEAK WIND IN M.P.H.

PRELIMINARY LOCAL CLIMATOLOGICAL DATA (WS FORM: F-6) , PAGE 2

                                          STATION:  PLATTSBURGH NY
                                          MONTH:    APRIL
                                          YEAR:     2015
                                          LATITUDE:   44 39 N
                                          LONGITUDE:  73 28 W

[TEMPERATURE DATA]      [PRECIPITATION DATA]       SYMBOLS USED IN COLUMN 16

AVERAGE MONTHLY: 42.6   TOTAL FOR MONTH:   1.51    1 = FOG OR MIST
DPTR FM NORMAL:   1.3   DPTR FM NORMAL:       M    2 = FOG REDUCING VISIBILITY
HIGHEST:    71 ON 13    GRTST 24HR  0.45 ON 20-21      TO 1/4 MILE OR LESS
LOWEST:     19 ON  8                               3 = THUNDER
                        SNOW, ICE PELLETS, HAIL    4 = ICE PELLETS
                        TOTAL MONTH:   0.0 INCH    5 = HAIL
                        GRTST 24HR     0.0         6 = FREEZING RAIN OR DRIZZLE
                        GRTST DEPTH:   0           7 = DUSTSTORM OR SANDSTORM:
                                                       VSBY 1/2 MILE OR LESS
                                                   8 = SMOKE OR HAZE
[NO. OF DAYS WITH]      [WEATHER - DAYS WITH]      9 = BLOWING SNOW
                                                   X = TORNADO
MAX 32 OR BELOW:   0    0.01 INCH OR MORE:  11
MAX 90 OR ABOVE:   0    0.10 INCH OR MORE:   7
MIN 32 OR BELOW:  12    0.50 INCH OR MORE:   0
MIN  0 OR BELOW:   0    1.00 INCH OR MORE:   0

[HDD (BASE 65) ]
TOTAL THIS MO.   511    CLEAR  (SCALE 0-3)   8
DPTR FM NORMAL   -35    PTCLDY (SCALE 4-7)  11
TOTAL FM JUL 1  7603    CLOUDY (SCALE 8-10)  4
DPTR FM NORMAL   374

[CDD (BASE 65) ]
TOTAL THIS MO.     0
DPTR FM NORMAL     0    [PRESSURE DATA]
TOTAL FM JAN 1     0    HIGHEST SLP M ON M
DPTR FM NORMAL     0    LOWEST  SLP 29.50 ON  4

[REMARKS]
